NOAA-Style Climate Reports

Select a Year or Month report
2018: Jan Feb Mar Apr May Jun Jul Aug Sep Oct Nov Dec
2017: Jan Feb Mar Apr May Jun Jul Aug Sep Oct Nov Dec
2016: Jan Feb Mar Apr May Jun Jul Aug Sep Oct Nov Dec
2015: Jan Feb Mar Apr May Jun Jul Aug Sep Oct Nov Dec
2014: Jan Feb Mar Apr May Jun Jul Aug Sep Oct Nov Dec
2013: Jan Feb Mar Apr May Jun Jul Aug Sep Oct Nov Dec
2012: Jan Feb Mar Apr May Jun Jul Aug Sep Oct Nov Dec
2011: Jan Feb Mar Apr May Jun Jul Aug Sep Oct Nov Dec
2010: Jan Feb Mar Apr May Jun Jul Aug Sep Oct Nov Dec
2009: Jan Feb Mar Apr May Jun Jul Aug Sep Oct Nov Dec
2008: Jan Feb Mar Apr May Jun Jul Aug Sep Oct Nov Dec
2007: Jan Feb Mar Apr May Jun Jul Aug Sep Oct Nov Dec
2006: Jan Feb Mar Apr May Jun Jul Aug Sep Oct Nov Dec
2005: Jan Feb Mar Apr May Jun Jul Aug Sep Oct Nov Dec
2004: Jan Feb Mar Apr May Jun Jul Aug Sep Oct Nov Dec
2003: Jan Feb Mar Apr May Jun Jul Aug Sep Oct Nov Dec
2002: Jan Feb Mar Apr May Jun Jul Aug Sep Oct Nov Dec
2001: Jan Feb Mar Apr May Jun Jul Aug Sep Oct Nov Dec
2000: Jan Feb Mar Apr May Jun Jul Aug Sep Oct Nov Dec
1999: Jan Feb Mar Apr May Jun Jul Aug Sep Oct Nov Dec
1998: Jan Feb Mar Apr May Jun Jul Aug Sep Oct Nov Dec
1997: Jan Feb Mar Apr May Jun Jul Aug Sep Oct Nov Dec
1996: Jan Feb Mar Apr May Jun Jul Aug Sep Oct Nov Dec
1995: Jan Feb Mar Apr May Jun Jul Aug Sep Oct Nov Dec
1994: Jan Feb Mar Apr May Jun Jul Aug Sep Oct Nov Dec
1993: Jan Feb Mar Apr May Jun Jul Aug Sep Oct Nov Dec
1992: Jan Feb Mar Apr May Jun Jul Aug Sep Oct Nov Dec
1991: Jan Feb Mar Apr May Jun Jul Aug Sep Oct Nov Dec
1990: Jan Feb Mar Apr May Jun Jul Aug Sep Oct Nov Dec
1989: Jan Feb Mar Apr May Jun Jul Aug Sep Oct Nov Dec
1988: Jan Feb Mar Apr May Jun Jul Aug Sep Oct Nov Dec
1987: Jan Feb Mar Apr May Jun Jul Aug Sep Oct Nov Dec
1986: Jan Feb Mar Apr May Jun Jul Aug Sep Oct Nov Dec

Report for 1995 May
                  MONTHLY CLIMATOLOGICAL SUMMARY FOR 5/1995
                                        HEAT  COOL        
     MEAN                               DEG   DEG       WIND SPEED       DOM MEAN  MEAN
DAY  TEMP  HIGH   TIME     LOW   TIME   DAYS  DAYS RAIN AVG  HI  TIME    DIR BAROM HUM
---------------------------------------------------------------------------------------
1    38.3  52.9  6:00pm   29.8  3:00am  19.4  0.0  0.00   7  14  00:00     E  27.3 66.9
2      42  55.9  6:00pm   34.0  6:00am  16.0  0.0  0.00   9  17  00:00     W  28.5 74.1
3    40.4  46.9  1:00pm   37.9 11:00pm  21.3  0.0  0.00   7  14  00:00    NW  28.7 85.1
4    45.1  61.9  4:00pm   30.9  6:00am  11.5  0.0  0.00  12  22  00:00     S  28.9 64.7
5    46.6  57.9  4:00pm   41.0  4:00am  12.7  0.0  0.00  24  46  00:00    SE  28.5 74.3
6    49.8  64.9  3:00pm   39.9  6:00am   7.6  0.0  0.00  17  32  00:00    SW  28.5 45.3
7    44.6  55.9  2:00pm   39.9  3:00pm  14.7  0.0  0.00  12  23  00:00     W  28.2 59.9
8    41.8  50.9  5:00pm   37.9  4:00am  18.6  0.0  0.00  18  35  00:00    NW  28.4 73.6
9    45.3  55.9 11:00am   34.9  3:00am  14.4  0.0  0.00  12  23  00:00     W  28.7 61.5
10   46.9  57.9  5:00pm   38.8  4:00am  12.6  0.0  0.00   6  10  00:00    SE  28.8 56.0
11     52  66.9  4:00pm   41.0  6:00am   5.5  0.0  0.00   6  12  00:00     S  28.6 54.1
12   49.4  64.9  4:00pm   43.0  3:00am   7.8  0.0  0.00  12  23  00:00     E  28.2 62.4
13   47.7  63.0  3:00pm   36.9  2:00am   9.6  0.0  0.00  12  23  00:00     S  27.1 39.0
14   44.9  61.9  5:00pm   32.9  5:00am  11.6  0.0  0.00   5   9  00:00    SW  28.8 63.8
15   59.3  81.0  2:00pm   45.0  1:00am   0.0  5.2  0.00   7  13  00:00   SSE  28.7 46.0
16   51.5  68.0  1:00pm   46.9  3:00am   5.2  0.0  0.00   6  12  00:00   SSW  28.5 57.7
17   40.1  46.9  4:00am   38.8 10:00am  21.5  0.0  0.00   9  16  00:00    SW  28.4 88.0
18   47.4  64.9  3:00pm   36.0  1:00am   8.8  0.0  0.00   8  16  00:00   SSE  28.8 64.5
19   52.5  65.8  5:00pm   41.0  6:00am   5.8  0.0  0.00   6  12  00:00    SE  28.9 59.3
20   50.6  64.9  3:00pm   45.9  6:00am   7.2  0.0  0.00   9  17  00:00    SW  28.9 75.2
21   55.8  72.0  2:00pm   43.0  5:00am   1.1  0.0  0.00   6  12  00:00   SSE  28.8 57.4
22     45  50.9 12:00am   41.9 11:00pm  17.0  0.0  0.00   6  12  00:00     S  28.8 79.3
23   37.5  41.9 12:00am   36.9  7:00am  25.3  0.0  0.00   6  12  00:00   ENE  28.8 89.3
24   40.2  46.9  2:00pm   37.9 12:00am  21.4  0.0  0.00   5   8  00:00   WNW  28.8 83.3
25   44.4  54.9 11:00am   38.8  6:00am  15.3  0.0  0.00  12  23  00:00   SSE  28.8 77.6
26   48.4  61.0  1:00pm   39.9  5:00am  10.3  0.0  0.00   8  15  00:00    SW  28.7 70.3
27   43.4  52.9  5:00pm   41.9  3:00am  16.8  0.0  0.00   9  17  00:00    NW  27.5 83.5
28   44.6  54.9  2:00pm   41.9  1:00am  15.2  0.0  0.00   6  12  00:00    SE  28.9 80.9
29   46.5  56.8  1:00pm   43.0  6:00am  13.3  0.0  0.00  13  25  00:00   SSE  28.9 79.9
30   45.8  52.9 12:00pm   43.9  4:00am  15.6  0.0  0.00   6  13  00:00   WNW  28.8 79.5
31   51.5  68.0  2:00pm   45.9 12:00am   5.2  0.0  0.00  10  20  00:00     W  28.9 69.6