NOAA-Style Climate Reports

Select a Year or Month report
2018: Jan Feb Mar Apr May Jun Jul Aug Sep Oct Nov Dec
2017: Jan Feb Mar Apr May Jun Jul Aug Sep Oct Nov Dec
2016: Jan Feb Mar Apr May Jun Jul Aug Sep Oct Nov Dec
2015: Jan Feb Mar Apr May Jun Jul Aug Sep Oct Nov Dec
2014: Jan Feb Mar Apr May Jun Jul Aug Sep Oct Nov Dec
2013: Jan Feb Mar Apr May Jun Jul Aug Sep Oct Nov Dec
2012: Jan Feb Mar Apr May Jun Jul Aug Sep Oct Nov Dec
2011: Jan Feb Mar Apr May Jun Jul Aug Sep Oct Nov Dec
2010: Jan Feb Mar Apr May Jun Jul Aug Sep Oct Nov Dec
2009: Jan Feb Mar Apr May Jun Jul Aug Sep Oct Nov Dec
2008: Jan Feb Mar Apr May Jun Jul Aug Sep Oct Nov Dec
2007: Jan Feb Mar Apr May Jun Jul Aug Sep Oct Nov Dec
2006: Jan Feb Mar Apr May Jun Jul Aug Sep Oct Nov Dec
2005: Jan Feb Mar Apr May Jun Jul Aug Sep Oct Nov Dec
2004: Jan Feb Mar Apr May Jun Jul Aug Sep Oct Nov Dec
2003: Jan Feb Mar Apr May Jun Jul Aug Sep Oct Nov Dec
2002: Jan Feb Mar Apr May Jun Jul Aug Sep Oct Nov Dec
2001: Jan Feb Mar Apr May Jun Jul Aug Sep Oct Nov Dec
2000: Jan Feb Mar Apr May Jun Jul Aug Sep Oct Nov Dec
1999: Jan Feb Mar Apr May Jun Jul Aug Sep Oct Nov Dec
1998: Jan Feb Mar Apr May Jun Jul Aug Sep Oct Nov Dec
1997: Jan Feb Mar Apr May Jun Jul Aug Sep Oct Nov Dec
1996: Jan Feb Mar Apr May Jun Jul Aug Sep Oct Nov Dec
1995: Jan Feb Mar Apr May Jun Jul Aug Sep Oct Nov Dec
1994: Jan Feb Mar Apr May Jun Jul Aug Sep Oct Nov Dec
1993: Jan Feb Mar Apr May Jun Jul Aug Sep Oct Nov Dec
1992: Jan Feb Mar Apr May Jun Jul Aug Sep Oct Nov Dec
1991: Jan Feb Mar Apr May Jun Jul Aug Sep Oct Nov Dec
1990: Jan Feb Mar Apr May Jun Jul Aug Sep Oct Nov Dec
1989: Jan Feb Mar Apr May Jun Jul Aug Sep Oct Nov Dec
1988: Jan Feb Mar Apr May Jun Jul Aug Sep Oct Nov Dec
1987: Jan Feb Mar Apr May Jun Jul Aug Sep Oct Nov Dec
1986: Jan Feb Mar Apr May Jun Jul Aug Sep Oct Nov Dec

Report for 1995 June
                  MONTHLY CLIMATOLOGICAL SUMMARY FOR 6/1995
                                        HEAT  COOL        
     MEAN                               DEG   DEG       WIND SPEED       DOM MEAN  MEAN
DAY  TEMP  HIGH   TIME     LOW   TIME   DAYS  DAYS RAIN AVG  HI  TIME    DIR BAROM HUM
---------------------------------------------------------------------------------------
1      56  70.9  3:00pm   43.9  4:00am   1.5  0.0  0.00   6  12  00:00    SE  27.5 53.0
2    56.6  72.9  1:00pm   45.9  5:00am   0.2  0.0  0.00  12  23  00:00   SSE  28.7 63.5
3    52.7  64.9  1:00pm   48.9  5:00am   6.2  0.0  0.00   9  17  00:00     S  27.5 81.6
4    51.2  61.0  2:00pm   48.9 12:00am   8.9  0.0  0.00   6  12  00:00   SSW  27.6 83.8
5    58.4  74.8  3:00pm   45.0  3:00am   0.0  1.6  0.00  11  21  00:00    SE  28.7 59.6
6    61.4  77.9  1:00pm   47.8  5:00am   0.0  4.7  0.00  12  23  00:00   SSW  28.5 50.6
7      53  68.0  3:00pm   45.9  6:00am   4.5  0.0  0.00  10  18  00:00    SW  28.7 67.8
8    46.7  52.0 12:00am   45.9  9:00pm  15.6  0.0  0.00   5   8  00:00     W  28.8 90.5
9    48.3  63.0  5:00pm   38.8  7:00am   9.3  0.0  0.00   6  12  00:00     S  28.9 74.4
10   46.6  54.9  3:00pm   41.9  6:00am  14.2  0.0  0.00   7  14  00:00    NE  29.0 79.8
11   55.2  72.0  4:00pm   43.0  6:00am   1.4  0.0  0.00   5   9  00:00   SSE  29.0 62.7
12   63.6  82.9  3:00pm   48.9  5:00am   0.0  8.3  0.00   6  12  00:00   SSE  29.0 49.5
13   68.7  84.9  1:00pm   59.9  1:00am   0.0 11.8  0.00   9  16  00:00     S  28.9 36.8
14     69  86.9  2:00pm   52.9  6:00am   0.0 13.0  0.00   9  17  00:00    SE  27.2 35.5
15   68.5  82.9  3:00pm   57.9  3:00am   0.0 10.7  0.00  28  55  00:00    SW  28.7 35.9
16   65.3  81.9  1:00pm   52.0  3:00am   0.0  8.6  0.00  22  43  00:00   SSE  28.8 49.0
17   60.9  72.0 12:00pm   50.0 10:00pm   0.0  1.5  0.00  32  62  00:00   SSE  28.9 57.9
18   60.6  77.9  5:00pm   50.9  6:00am   0.0  4.3  0.00  15  29  00:00   SSW  28.8 49.5
19   65.9  84.9  4:00pm   50.0  4:00am   0.0 10.4  0.00  11  21  00:00   SSW  28.8 46.3
20   67.2  84.9  3:00pm   54.9  3:00am   0.0 11.1  0.00  12  22  00:00     S  28.7 37.8
21   65.6  83.8  1:00pm   50.9  5:00am   0.0  9.7  0.00  12  23  00:00   SSW  28.7 42.9
22   60.2  75.9  2:00pm   48.9  6:00am   0.0  3.1  0.00   7  14  00:00   WSW  27.6 60.7
23   57.9  72.9  2:00pm   52.0 11:00pm   0.0  0.4  0.00   9  17  00:00   SSW  27.8 65.5
24   53.7  66.9  1:00pm   45.9  5:00am   4.7  0.0  0.00   7  14  00:00     S  27.8 70.1
25     58  74.8  4:00pm   43.9  3:00am   0.0  1.4  0.00  11  21  00:00     S  29.0 54.4
26   60.9  79.9  5:00pm   48.9  4:00am   0.0  5.4  0.00   6  10  00:00     S  28.9 50.7
27   64.1  86.9  2:00pm   50.9  5:00am   0.0 10.5  0.00  21  40  00:00     S  28.7 41.2
28   55.7  68.9  2:00pm   50.9  5:00am   2.7  0.0  0.00   5   8  00:00   SSE  28.9 72.9
29   48.3  54.9  3:00am   47.8  3:00pm  13.4  0.0  0.00   6  12  00:00   SSW  29.1 86.6
30   50.3  61.0  5:00pm   48.9 12:00am   9.3  0.0  0.00   6  12  00:00   SSE  29.1 83.6