NOAA-Style Climate Reports

Select a Year or Month report
2018: Jan Feb Mar Apr May Jun Jul Aug Sep Oct Nov Dec
2017: Jan Feb Mar Apr May Jun Jul Aug Sep Oct Nov Dec
2016: Jan Feb Mar Apr May Jun Jul Aug Sep Oct Nov Dec
2015: Jan Feb Mar Apr May Jun Jul Aug Sep Oct Nov Dec
2014: Jan Feb Mar Apr May Jun Jul Aug Sep Oct Nov Dec
2013: Jan Feb Mar Apr May Jun Jul Aug Sep Oct Nov Dec
2012: Jan Feb Mar Apr May Jun Jul Aug Sep Oct Nov Dec
2011: Jan Feb Mar Apr May Jun Jul Aug Sep Oct Nov Dec
2010: Jan Feb Mar Apr May Jun Jul Aug Sep Oct Nov Dec
2009: Jan Feb Mar Apr May Jun Jul Aug Sep Oct Nov Dec
2008: Jan Feb Mar Apr May Jun Jul Aug Sep Oct Nov Dec
2007: Jan Feb Mar Apr May Jun Jul Aug Sep Oct Nov Dec
2006: Jan Feb Mar Apr May Jun Jul Aug Sep Oct Nov Dec
2005: Jan Feb Mar Apr May Jun Jul Aug Sep Oct Nov Dec
2004: Jan Feb Mar Apr May Jun Jul Aug Sep Oct Nov Dec
2003: Jan Feb Mar Apr May Jun Jul Aug Sep Oct Nov Dec
2002: Jan Feb Mar Apr May Jun Jul Aug Sep Oct Nov Dec
2001: Jan Feb Mar Apr May Jun Jul Aug Sep Oct Nov Dec
2000: Jan Feb Mar Apr May Jun Jul Aug Sep Oct Nov Dec
1999: Jan Feb Mar Apr May Jun Jul Aug Sep Oct Nov Dec
1998: Jan Feb Mar Apr May Jun Jul Aug Sep Oct Nov Dec
1997: Jan Feb Mar Apr May Jun Jul Aug Sep Oct Nov Dec
1996: Jan Feb Mar Apr May Jun Jul Aug Sep Oct Nov Dec
1995: Jan Feb Mar Apr May Jun Jul Aug Sep Oct Nov Dec
1994: Jan Feb Mar Apr May Jun Jul Aug Sep Oct Nov Dec
1993: Jan Feb Mar Apr May Jun Jul Aug Sep Oct Nov Dec
1992: Jan Feb Mar Apr May Jun Jul Aug Sep Oct Nov Dec
1991: Jan Feb Mar Apr May Jun Jul Aug Sep Oct Nov Dec
1990: Jan Feb Mar Apr May Jun Jul Aug Sep Oct Nov Dec
1989: Jan Feb Mar Apr May Jun Jul Aug Sep Oct Nov Dec
1988: Jan Feb Mar Apr May Jun Jul Aug Sep Oct Nov Dec
1987: Jan Feb Mar Apr May Jun Jul Aug Sep Oct Nov Dec
1986: Jan Feb Mar Apr May Jun Jul Aug Sep Oct Nov Dec

Report for 1995 July
                  MONTHLY CLIMATOLOGICAL SUMMARY FOR 7/1995
                                        HEAT  COOL        
     MEAN                               DEG   DEG       WIND SPEED       DOM MEAN  MEAN
DAY  TEMP  HIGH   TIME     LOW   TIME   DAYS  DAYS RAIN AVG  HI  TIME    DIR BAROM HUM
---------------------------------------------------------------------------------------
1    54.3  68.0  4:00pm   47.8  2:00am   3.8  0.0  0.00   6  12  00:00   SSW  28.9 73.5
2      58  72.9  1:00pm   46.9  5:00am   0.0  0.5  0.00   7  14  00:00     W  28.7 58.4
3    58.5  70.0  4:00pm   54.9  6:00am   0.7  0.0  0.00  14  29  00:00   WSW  28.4 47.8
4    56.5  68.0  3:00pm   47.8  6:00am   2.7  0.0  0.00   8  15  00:00    SW  28.7 50.3
5    59.2  77.9  5:00pm   46.9  5:00am   0.0  3.6  0.00   6  12  00:00     S  28.7 50.2
6    67.1  86.0  3:00pm   52.9  1:00am   0.0 11.6  0.00   6  12  00:00   SSE  29.0 43.7
7    71.9  91.9  3:00pm   59.9  5:00am   0.0 16.9  0.00   7  13  00:00     S  28.8 33.8
8      73  90.9  3:00pm   59.0  3:00am   0.0 17.0  0.00   7  14  00:00     S  29.0 30.4
9    72.7  90.9  1:00pm   59.9  4:00am   0.0 16.8  0.00   9  16  00:00     S  29.0 35.2
10   71.1  92.8  3:00pm   54.0  4:00am   0.0 17.0  0.00  12  23  00:00     W  28.9 37.9
11     74  97.0  2:00pm   54.9  6:00am   0.0 20.5  0.00  12  23  00:00     S  27.7 36.1
12   75.9  95.0  2:00pm   59.0  6:00am   0.0 20.5  0.00  12  23  00:00     S  28.8 27.7
13   69.5  88.9  4:00pm   59.0  5:00am   0.0 14.2  0.00   7  14  00:00   SSE  28.7 42.3
14     59  72.9  1:00pm   54.0  5:00am   0.0  1.0  0.00   6  12  00:00     S  28.8 75.1
15   64.3  77.9  4:00pm   52.9  6:00am   0.0  6.1  0.00  11  21  00:00    SE  28.9 60.8
16     61  75.9  4:00pm   54.9  1:00am   0.0  3.5  0.00   9  17  00:00    SW  27.7 62.7
17   64.2  77.0  1:00pm   55.9  6:00am   0.0  5.6  0.00   6  12  00:00    SW  29.0 61.4
18   62.3  77.0  1:00pm   55.9  6:00am   0.0  4.7  0.00   6  12  00:00     S  28.9 68.2
19   61.9  75.9 12:00pm   54.9 11:00pm   0.0  3.9  0.00  13  25  00:00    SW  27.4 65.7
20   62.6  81.0  4:00pm   50.0  6:00am   0.0  6.8  0.00  29  58  00:00    SW  29.0 55.0
21   65.2  83.8  1:00pm   54.9  1:00am   0.0  9.5  0.00  21  40  00:00     S  28.8 42.3
22   65.7  84.9  3:00pm   56.8  2:00am   0.0 10.3  0.00   9  17  00:00    SE  28.9 40.0
23   63.3  79.9  1:00pm   57.9  3:00am   0.0  6.6  0.00  12  23  00:00     S  28.8 42.5
24   66.2  83.8  4:00pm   54.9  7:00am   0.0 10.0  0.00   8  15  00:00   WSW  28.9 35.7
25   69.6  90.0  5:00pm   52.9  6:00am   0.0 14.8  0.00   6  12  00:00   SSE  28.9 31.1
26   75.3  99.0  4:00pm   55.9  5:00am   0.0 22.2  0.00  11  21  00:00    SW  28.8 23.0
27   77.6  95.9  3:00pm   61.9  5:00am   0.0 21.8  0.00   7  13  00:00   SSW  28.9 15.0
28   73.6  97.0  4:00pm   56.8  6:00am   0.0 20.3  0.00   6  12  00:00     S  28.9 25.0
29   74.7  95.9  1:00pm   59.0  6:00am   0.0 20.3  0.00  12  23  00:00     S  29.0 29.9
30   73.9  93.9  2:00pm   64.9  5:00am   0.0 18.9  0.00  14  28  00:00   SSW  28.9 31.2
31     52  63.0 12:00am   48.9  9:00pm   7.5  0.0  0.00   9  17  00:00     W  27.9 88.6