NOAA-Style Climate Reports

Select a Year or Month report
2018: Jan Feb Mar Apr May Jun Jul Aug Sep Oct Nov Dec
2017: Jan Feb Mar Apr May Jun Jul Aug Sep Oct Nov Dec
2016: Jan Feb Mar Apr May Jun Jul Aug Sep Oct Nov Dec
2015: Jan Feb Mar Apr May Jun Jul Aug Sep Oct Nov Dec
2014: Jan Feb Mar Apr May Jun Jul Aug Sep Oct Nov Dec
2013: Jan Feb Mar Apr May Jun Jul Aug Sep Oct Nov Dec
2012: Jan Feb Mar Apr May Jun Jul Aug Sep Oct Nov Dec
2011: Jan Feb Mar Apr May Jun Jul Aug Sep Oct Nov Dec
2010: Jan Feb Mar Apr May Jun Jul Aug Sep Oct Nov Dec
2009: Jan Feb Mar Apr May Jun Jul Aug Sep Oct Nov Dec
2008: Jan Feb Mar Apr May Jun Jul Aug Sep Oct Nov Dec
2007: Jan Feb Mar Apr May Jun Jul Aug Sep Oct Nov Dec
2006: Jan Feb Mar Apr May Jun Jul Aug Sep Oct Nov Dec
2005: Jan Feb Mar Apr May Jun Jul Aug Sep Oct Nov Dec
2004: Jan Feb Mar Apr May Jun Jul Aug Sep Oct Nov Dec
2003: Jan Feb Mar Apr May Jun Jul Aug Sep Oct Nov Dec
2002: Jan Feb Mar Apr May Jun Jul Aug Sep Oct Nov Dec
2001: Jan Feb Mar Apr May Jun Jul Aug Sep Oct Nov Dec
2000: Jan Feb Mar Apr May Jun Jul Aug Sep Oct Nov Dec
1999: Jan Feb Mar Apr May Jun Jul Aug Sep Oct Nov Dec
1998: Jan Feb Mar Apr May Jun Jul Aug Sep Oct Nov Dec
1997: Jan Feb Mar Apr May Jun Jul Aug Sep Oct Nov Dec
1996: Jan Feb Mar Apr May Jun Jul Aug Sep Oct Nov Dec
1995: Jan Feb Mar Apr May Jun Jul Aug Sep Oct Nov Dec
1994: Jan Feb Mar Apr May Jun Jul Aug Sep Oct Nov Dec
1993: Jan Feb Mar Apr May Jun Jul Aug Sep Oct Nov Dec
1992: Jan Feb Mar Apr May Jun Jul Aug Sep Oct Nov Dec
1991: Jan Feb Mar Apr May Jun Jul Aug Sep Oct Nov Dec
1990: Jan Feb Mar Apr May Jun Jul Aug Sep Oct Nov Dec
1989: Jan Feb Mar Apr May Jun Jul Aug Sep Oct Nov Dec
1988: Jan Feb Mar Apr May Jun Jul Aug Sep Oct Nov Dec
1987: Jan Feb Mar Apr May Jun Jul Aug Sep Oct Nov Dec
1986: Jan Feb Mar Apr May Jun Jul Aug Sep Oct Nov Dec

Report for 1995 August
                  MONTHLY CLIMATOLOGICAL SUMMARY FOR 8/1995
                                        HEAT  COOL        
     MEAN                               DEG   DEG       WIND SPEED       DOM MEAN  MEAN
DAY  TEMP  HIGH   TIME     LOW   TIME   DAYS  DAYS RAIN AVG  HI  TIME    DIR BAROM HUM
---------------------------------------------------------------------------------------
1      62  84.9  4:00pm   45.0  1:00am   0.0  8.5  0.00   8  15  00:00   SSE  29.0 61.7
2    70.7  90.9  4:00pm   52.9  6:00am   0.0 15.8  0.00   8  15  00:00     S  28.9 38.9
3    67.9  84.9  4:00pm   55.9  7:00am   0.0 11.4  0.00  16  30  00:00   SSW  28.9 39.8
4    68.8  83.8 12:00pm   59.9  4:00am   0.0 11.3  0.00   9  17  00:00   SSE  28.8 43.0
5    66.9  86.0  2:00pm   54.9  6:00am   0.0 11.5  0.00  18  35  00:00    SW  28.8 47.7
6    72.9  95.9  4:00pm   55.9  6:00am   0.0 19.4  0.00   8  15  00:00    SW  28.6 35.6
7    75.7  95.9  1:00pm   63.0  6:00am   0.0 20.8  0.00  18  35  00:00     S  28.8 29.9
8      78  95.9  4:00pm   68.0  2:00am   0.0 22.0  0.00   9  17  00:00    SW  28.7 29.9
9    65.3  75.9  1:00pm   57.9  6:00am   0.0  5.6  0.00  11  21  00:00   WNW  28.6 58.5
10   75.4  97.0  4:00pm   56.8  5:00am   0.0 21.2  0.00   6  12  00:00    SW  27.4 40.0
11   76.8  90.0 12:00pm   63.9 11:00pm   0.0 18.4  0.00  12  23  00:00     S  28.8 40.1
12     68  88.0  1:00pm   57.9  5:00am   0.0 13.0  0.00  15  29  00:00    SW  28.7 64.4
13   74.1  90.9  4:00pm   64.9  3:00am   0.0 17.5  0.00   9  16  00:00   WNW  28.7 41.4
14   60.7  73.9  3:00pm   59.9  6:00am   0.0  2.3  0.00   9  17  00:00     S  28.7 70.9
15   66.1  88.9  5:00pm   55.9 12:00am   0.0 12.5  0.00   6  12  00:00   SSW  28.4 52.9
16   73.5  92.8  4:00pm   56.8  6:00am   0.0 18.2  0.00  13  25  00:00     S  28.6 37.3
17   72.9  90.0  2:00pm   65.8  6:00am   0.0 16.5  0.00   7  14  00:00    SE  28.5 41.3
18   67.5  91.9  2:00pm   59.9  4:00am   0.0 14.7  0.00  18  35  00:00     S  27.5 49.1
19     60  79.9  6:00pm   56.8  6:00am   0.0  5.0  0.00   6  10  00:00   SSE  27.8 49.7
20   67.9  86.0  6:00pm   55.9  5:00am   0.0 12.0  0.00   6  12  00:00    NW  27.7 53.7
21     69  90.9  4:00pm   64.9  4:00am   0.0 15.0  0.00   7  14  00:00    SW  28.4 53.7
22   72.8  90.0  3:00pm   63.9  5:00am   0.0 16.4  0.00   7  14  00:00   WNW  28.5 49.7
23   68.9  88.9  3:00pm   59.9  7:00am   0.0 13.9  0.00   9  17  00:00   SSW  28.6 61.7
24   68.3  86.9  2:00pm   61.0  3:00am   0.0 12.6  0.00   7  14  00:00   SSW  28.4 61.1
25   67.8  86.0  3:00pm   59.9 12:00am   0.0 11.9  0.00   6  13  00:00   SSW  28.7 44.3
26   68.5  86.0  3:00pm   57.9  6:00am   0.0 12.3  0.00   6  12  00:00    SE  28.7 58.7
27   68.5  88.9  2:00pm   54.9  6:00am   0.0 13.7  0.00   7  13  00:00     S  28.7 56.4
28   65.9  86.9  1:00pm   56.8  7:00am   0.0 11.4  0.00   7  14  00:00   WNW  28.4 55.0
29   72.3  91.9  3:00pm   61.9  6:00am   0.0 17.1  0.00   6  12  00:00    SE  28.7 46.7
30   64.4  88.9  3:00pm   57.9  7:00am   0.0 11.7  0.00   7  14  00:00     S  27.7 49.1
31   70.1  91.9  4:00pm   57.9  7:00am   0.0 16.0  0.00   7  14  00:00     S  28.8 41.0