NOAA-Style Climate Reports

Select a Year or Month report
2018: Jan Feb Mar Apr May Jun Jul Aug Sep Oct Nov Dec
2017: Jan Feb Mar Apr May Jun Jul Aug Sep Oct Nov Dec
2016: Jan Feb Mar Apr May Jun Jul Aug Sep Oct Nov Dec
2015: Jan Feb Mar Apr May Jun Jul Aug Sep Oct Nov Dec
2014: Jan Feb Mar Apr May Jun Jul Aug Sep Oct Nov Dec
2013: Jan Feb Mar Apr May Jun Jul Aug Sep Oct Nov Dec
2012: Jan Feb Mar Apr May Jun Jul Aug Sep Oct Nov Dec
2011: Jan Feb Mar Apr May Jun Jul Aug Sep Oct Nov Dec
2010: Jan Feb Mar Apr May Jun Jul Aug Sep Oct Nov Dec
2009: Jan Feb Mar Apr May Jun Jul Aug Sep Oct Nov Dec
2008: Jan Feb Mar Apr May Jun Jul Aug Sep Oct Nov Dec
2007: Jan Feb Mar Apr May Jun Jul Aug Sep Oct Nov Dec
2006: Jan Feb Mar Apr May Jun Jul Aug Sep Oct Nov Dec
2005: Jan Feb Mar Apr May Jun Jul Aug Sep Oct Nov Dec
2004: Jan Feb Mar Apr May Jun Jul Aug Sep Oct Nov Dec
2003: Jan Feb Mar Apr May Jun Jul Aug Sep Oct Nov Dec
2002: Jan Feb Mar Apr May Jun Jul Aug Sep Oct Nov Dec
2001: Jan Feb Mar Apr May Jun Jul Aug Sep Oct Nov Dec
2000: Jan Feb Mar Apr May Jun Jul Aug Sep Oct Nov Dec
1999: Jan Feb Mar Apr May Jun Jul Aug Sep Oct Nov Dec
1998: Jan Feb Mar Apr May Jun Jul Aug Sep Oct Nov Dec
1997: Jan Feb Mar Apr May Jun Jul Aug Sep Oct Nov Dec
1996: Jan Feb Mar Apr May Jun Jul Aug Sep Oct Nov Dec
1995: Jan Feb Mar Apr May Jun Jul Aug Sep Oct Nov Dec
1994: Jan Feb Mar Apr May Jun Jul Aug Sep Oct Nov Dec
1993: Jan Feb Mar Apr May Jun Jul Aug Sep Oct Nov Dec
1992: Jan Feb Mar Apr May Jun Jul Aug Sep Oct Nov Dec
1991: Jan Feb Mar Apr May Jun Jul Aug Sep Oct Nov Dec
1990: Jan Feb Mar Apr May Jun Jul Aug Sep Oct Nov Dec
1989: Jan Feb Mar Apr May Jun Jul Aug Sep Oct Nov Dec
1988: Jan Feb Mar Apr May Jun Jul Aug Sep Oct Nov Dec
1987: Jan Feb Mar Apr May Jun Jul Aug Sep Oct Nov Dec
1986: Jan Feb Mar Apr May Jun Jul Aug Sep Oct Nov Dec

Report for 1995 September
                  MONTHLY CLIMATOLOGICAL SUMMARY FOR 9/1995
                                        HEAT  COOL        
     MEAN                               DEG   DEG       WIND SPEED       DOM MEAN  MEAN
DAY  TEMP  HIGH   TIME     LOW   TIME   DAYS  DAYS RAIN AVG  HI  TIME    DIR BAROM HUM
---------------------------------------------------------------------------------------
1    74.6  97.0  4:00pm   61.0  4:00am   0.0 20.8  0.00   6  12  00:00    SE  28.9 40.4
2    73.1  91.9  2:00pm   59.9  5:00am   0.0 17.5  0.00   9  17  00:00    SW  28.8 41.1
3    71.8  92.8  4:00pm   59.0  3:00am   0.0 17.3  0.00  12  23  00:00     S  29.1 52.3
4    74.4  95.0  4:00pm   59.9  4:00am   0.0 19.7  0.00   9  17  00:00     S  29.1 42.4
5    70.6  88.0  1:00pm   63.0  7:00am   0.0 14.3  0.00   9  17  00:00   SSW  28.9 48.0
6    64.9  81.9  1:00pm   56.8  9:00pm   0.0  8.4  0.00   9  17  00:00   SSE  29.1 57.6
7    50.3  59.0  1:00am   50.0  7:00am  10.3  0.0  0.00   6  10  00:00   SSW  28.9 86.3
8    54.5  70.9  3:00pm   47.8  7:00am   2.3  0.0  0.00   5   9  00:00   WSW  28.8 53.6
9    56.1  72.0  3:00pm   52.9  3:00am   0.9  0.0  0.00  12  23  00:00     S  29.0 69.5
10   58.6  79.0  4:00pm   48.9  7:00am   0.0  3.8  0.00   6  12  00:00   SSW  28.8 70.9
11   58.1  73.9  4:00pm   50.0  6:00am   0.0  1.0  0.00  21  40  00:00     W  28.8 58.3
12   60.4  77.0  4:00pm   46.9  4:00am   0.0  3.7  0.00   5   9  00:00     W  29.0 41.5
13   61.6  81.9  4:00pm   46.9  6:00am   0.0  6.8  0.00   9  16  00:00   SSE  29.0 43.0
14   61.7  79.9  2:00pm   52.0  7:00am   0.0  5.8  0.00  12  23  00:00   SSE  28.9 46.8
15   64.1  86.0  3:00pm   48.9  6:00am   0.0 10.1  0.00   6  10  00:00     S  28.7 38.7
16   63.2  81.0  3:00pm   52.0  7:00am   0.0  7.1  0.00  12  23  00:00   SSW  28.8 40.6
17   64.4  86.0  2:00pm   52.9  7:00am   0.0 10.2  0.00   9  16  00:00     S  28.6 44.2
18   57.8  70.0  3:00pm   52.0 10:00pm   1.1  0.0  0.00   7  13  00:00     W  28.9 60.5
19   49.4  59.9  4:00pm   46.9 11:00am  10.3  0.0  0.00   9  17  00:00   WSW  29.0 81.9
20   40.2  47.8 12:00am   32.0  7:00pm  21.0  0.0  0.00  12  23  00:00   WNW  28.9 66.8
21   28.1  34.0  2:00pm   32.0  6:00pm  33.9  0.0  0.00   3   6  00:00     E  26.1 82.9
22   45.8  59.9  5:00pm   34.0  9:00am  12.1  0.0  0.00   5   9  00:00   SSE  28.2 50.4
23     49  64.9  4:00pm   41.0  8:00am   8.0  0.0  0.00  11  21  00:00    SE  28.9 44.7
24   37.6  45.9  4:00pm   34.9 11:00pm  23.2  0.0  0.00   5   9  00:00     E  28.9 82.0
25   45.6  66.9  5:00pm   32.0  2:00am   8.7  0.0  0.00   6  12  00:00    SE  28.7 53.2
26   50.7  72.9  3:00pm   37.9  4:00am   3.2  0.0  0.00   5   9  00:00    SE  28.1 43.2
27   57.5  77.9  3:00pm   45.0  7:00am   0.0  2.7  0.00   6  12  00:00   SSE  28.5 40.4
28   56.1  73.9  2:00pm   45.9  4:00am   0.0  0.0  0.00   6  12  00:00     S  28.7 51.0
29   50.5  64.9  5:00pm   45.0  7:00am   7.3  0.0  0.00  11  21  00:00   SSE  28.5 65.8
30   46.2  59.0  4:00pm   41.9  7:00am  12.4  0.0  0.00   5   8  00:00   WSW  28.7 71.2