NOAA-Style Climate Reports

Select a Year or Month report
2018: Jan Feb Mar Apr May Jun Jul Aug Sep Oct Nov Dec
2017: Jan Feb Mar Apr May Jun Jul Aug Sep Oct Nov Dec
2016: Jan Feb Mar Apr May Jun Jul Aug Sep Oct Nov Dec
2015: Jan Feb Mar Apr May Jun Jul Aug Sep Oct Nov Dec
2014: Jan Feb Mar Apr May Jun Jul Aug Sep Oct Nov Dec
2013: Jan Feb Mar Apr May Jun Jul Aug Sep Oct Nov Dec
2012: Jan Feb Mar Apr May Jun Jul Aug Sep Oct Nov Dec
2011: Jan Feb Mar Apr May Jun Jul Aug Sep Oct Nov Dec
2010: Jan Feb Mar Apr May Jun Jul Aug Sep Oct Nov Dec
2009: Jan Feb Mar Apr May Jun Jul Aug Sep Oct Nov Dec
2008: Jan Feb Mar Apr May Jun Jul Aug Sep Oct Nov Dec
2007: Jan Feb Mar Apr May Jun Jul Aug Sep Oct Nov Dec
2006: Jan Feb Mar Apr May Jun Jul Aug Sep Oct Nov Dec
2005: Jan Feb Mar Apr May Jun Jul Aug Sep Oct Nov Dec
2004: Jan Feb Mar Apr May Jun Jul Aug Sep Oct Nov Dec
2003: Jan Feb Mar Apr May Jun Jul Aug Sep Oct Nov Dec
2002: Jan Feb Mar Apr May Jun Jul Aug Sep Oct Nov Dec
2001: Jan Feb Mar Apr May Jun Jul Aug Sep Oct Nov Dec
2000: Jan Feb Mar Apr May Jun Jul Aug Sep Oct Nov Dec
1999: Jan Feb Mar Apr May Jun Jul Aug Sep Oct Nov Dec
1998: Jan Feb Mar Apr May Jun Jul Aug Sep Oct Nov Dec
1997: Jan Feb Mar Apr May Jun Jul Aug Sep Oct Nov Dec
1996: Jan Feb Mar Apr May Jun Jul Aug Sep Oct Nov Dec
1995: Jan Feb Mar Apr May Jun Jul Aug Sep Oct Nov Dec
1994: Jan Feb Mar Apr May Jun Jul Aug Sep Oct Nov Dec
1993: Jan Feb Mar Apr May Jun Jul Aug Sep Oct Nov Dec
1992: Jan Feb Mar Apr May Jun Jul Aug Sep Oct Nov Dec
1991: Jan Feb Mar Apr May Jun Jul Aug Sep Oct Nov Dec
1990: Jan Feb Mar Apr May Jun Jul Aug Sep Oct Nov Dec
1989: Jan Feb Mar Apr May Jun Jul Aug Sep Oct Nov Dec
1988: Jan Feb Mar Apr May Jun Jul Aug Sep Oct Nov Dec
1987: Jan Feb Mar Apr May Jun Jul Aug Sep Oct Nov Dec
1986: Jan Feb Mar Apr May Jun Jul Aug Sep Oct Nov Dec

Report for 1995 October
                  MONTHLY CLIMATOLOGICAL SUMMARY FOR 10/1995
                                        HEAT  COOL        
     MEAN                               DEG   DEG       WIND SPEED       DOM MEAN  MEAN
DAY  TEMP  HIGH   TIME     LOW   TIME   DAYS  DAYS RAIN AVG  HI  TIME    DIR BAROM HUM
---------------------------------------------------------------------------------------
1    50.2  65.8  4:00pm   41.0  7:00am   7.0  0.0  0.00   5   9  00:00   SSW  28.8 51.7
2    46.4  61.0  5:00pm   36.9  6:00am  11.3  0.0  0.00   6  12  00:00    SW  28.9 57.4
3    51.2  72.0  4:00pm   36.0  7:00am   3.4  0.0  0.00   7  14  00:00   SSE  28.7 49.3
4    41.4  52.9  1:00pm   34.0 11:00pm  17.8  0.0  0.00  12  23  00:00     S  28.5 69.0
5    39.8  59.0  3:00pm   32.9  5:00am  15.6  0.0  0.00  18  37  00:00   NNW  28.9 52.1
6    41.2  61.9  4:00pm   27.0  3:00am  13.4  0.0  0.00   5   9  00:00    SE  28.8 50.1
7    47.5  70.0  4:00pm   32.0  7:00am   6.2  0.0  0.00   6  12  00:00   SSE  28.6 39.4
8    45.7  61.9  3:00pm   36.0  7:00am  11.2  0.0  0.00   7  13  00:00   SSE  28.6 44.1
9    47.3  64.9  3:00pm   34.9  5:00am   8.9  0.0  0.00   7  13  00:00    SE  28.8 40.4
10   51.7  74.8  4:00pm   36.9  5:00am   1.7  0.0  0.00   6  12  00:00   SSE  28.6 34.7
11   57.5  81.0  3:00pm   39.9  7:00am   0.0  4.3  0.00  10  20  00:00    SE  28.9 31.3
12   62.8  79.0  1:00pm   54.0 11:00pm   0.0  5.9  0.00  15  29  00:00     W  28.7 23.0
13   43.8  56.8  4:00pm   32.9  8:00am  14.7  0.0  0.00   9  16  00:00   SSW  29.0 42.0
14   45.8  68.9  3:00pm   28.9  7:00am   7.6  0.0  0.00   5   9  00:00   ESE  29.0 37.9
15   57.2  79.0  3:00pm   38.8  7:00am   0.0  3.1  0.00   6  12  00:00   SSE  29.0 27.0
16     58  77.9  4:00pm   46.9  3:00am   0.0  3.0  0.00   6  10  00:00   SSW  28.7 25.9
17   52.1  68.9  4:00pm   41.0  8:00am   4.5  0.0  0.00   7  13  00:00    SE  28.7 36.0
18   57.4  79.9  3:00pm   43.0  5:00am   0.0  3.7  0.00   8  15  00:00   SSW  28.6 30.2
19   39.4  50.0  4:00pm   27.0 11:00pm  20.3  0.0  0.00  12  23  00:00   SSE  27.7 50.3
20     41  66.9  4:00pm   23.9  4:00am  11.0  0.0  0.00   6  12  00:00   SSE  26.3 38.3
21   52.8  72.9  4:00pm   38.8 12:00am   2.1  0.0  0.00   5   9  00:00     S  27.4 26.0
22   34.1  48.9 12:00am   27.0 10:00pm  23.5  0.0  0.00  21  40  00:00    NW  28.5 65.8
23     30  41.9  5:00pm   25.0 10:00pm  29.0  0.0  0.00  17  32  00:00    SW  28.9 65.0
24   33.6  54.0  2:00pm   19.9  6:00am  21.2  0.0  0.00   6  12  00:00    SE  27.2 53.4
25     40  59.9  3:00pm   27.9  6:00am  15.0  0.0  0.00   6  12  00:00    SE  28.8 53.7
26   47.8  63.0  2:00pm   34.9 12:00am   9.6  0.0  0.00  22  44  00:00     W  28.3 43.7
27   45.1  54.9  4:00pm   36.9  9:00pm  15.0  0.0  0.00  18  35  00:00     S  28.7 41.2
28   40.6  61.9  3:00pm   25.9  7:00am  13.7  0.0  0.00   7  14  00:00   SSE  28.8 55.0
29   42.7  54.0  2:00pm   34.9 12:00am  16.6  0.0  0.00   7  13  00:00   SSE  28.8 57.0
30   36.6  52.9  3:00pm   27.0  6:00am  20.2  0.0  0.00   6  12  00:00   SSE  28.8 73.8
31     34  43.9 12:00pm   27.9  5:00am  26.0  0.0  0.00   7  14  00:00   WSW  28.5 81.8