NOAA-Style Climate Reports

Select a Year or Month report
2018: Jan Feb Mar Apr May Jun Jul Aug Sep Oct Nov Dec
2017: Jan Feb Mar Apr May Jun Jul Aug Sep Oct Nov Dec
2016: Jan Feb Mar Apr May Jun Jul Aug Sep Oct Nov Dec
2015: Jan Feb Mar Apr May Jun Jul Aug Sep Oct Nov Dec
2014: Jan Feb Mar Apr May Jun Jul Aug Sep Oct Nov Dec
2013: Jan Feb Mar Apr May Jun Jul Aug Sep Oct Nov Dec
2012: Jan Feb Mar Apr May Jun Jul Aug Sep Oct Nov Dec
2011: Jan Feb Mar Apr May Jun Jul Aug Sep Oct Nov Dec
2010: Jan Feb Mar Apr May Jun Jul Aug Sep Oct Nov Dec
2009: Jan Feb Mar Apr May Jun Jul Aug Sep Oct Nov Dec
2008: Jan Feb Mar Apr May Jun Jul Aug Sep Oct Nov Dec
2007: Jan Feb Mar Apr May Jun Jul Aug Sep Oct Nov Dec
2006: Jan Feb Mar Apr May Jun Jul Aug Sep Oct Nov Dec
2005: Jan Feb Mar Apr May Jun Jul Aug Sep Oct Nov Dec
2004: Jan Feb Mar Apr May Jun Jul Aug Sep Oct Nov Dec
2003: Jan Feb Mar Apr May Jun Jul Aug Sep Oct Nov Dec
2002: Jan Feb Mar Apr May Jun Jul Aug Sep Oct Nov Dec
2001: Jan Feb Mar Apr May Jun Jul Aug Sep Oct Nov Dec
2000: Jan Feb Mar Apr May Jun Jul Aug Sep Oct Nov Dec
1999: Jan Feb Mar Apr May Jun Jul Aug Sep Oct Nov Dec
1998: Jan Feb Mar Apr May Jun Jul Aug Sep Oct Nov Dec
1997: Jan Feb Mar Apr May Jun Jul Aug Sep Oct Nov Dec
1996: Jan Feb Mar Apr May Jun Jul Aug Sep Oct Nov Dec
1995: Jan Feb Mar Apr May Jun Jul Aug Sep Oct Nov Dec
1994: Jan Feb Mar Apr May Jun Jul Aug Sep Oct Nov Dec
1993: Jan Feb Mar Apr May Jun Jul Aug Sep Oct Nov Dec
1992: Jan Feb Mar Apr May Jun Jul Aug Sep Oct Nov Dec
1991: Jan Feb Mar Apr May Jun Jul Aug Sep Oct Nov Dec
1990: Jan Feb Mar Apr May Jun Jul Aug Sep Oct Nov Dec
1989: Jan Feb Mar Apr May Jun Jul Aug Sep Oct Nov Dec
1988: Jan Feb Mar Apr May Jun Jul Aug Sep Oct Nov Dec
1987: Jan Feb Mar Apr May Jun Jul Aug Sep Oct Nov Dec
1986: Jan Feb Mar Apr May Jun Jul Aug Sep Oct Nov Dec

Report for 1995 November
                  MONTHLY CLIMATOLOGICAL SUMMARY FOR 11/1995
                                        HEAT  COOL        
     MEAN                               DEG   DEG       WIND SPEED       DOM MEAN  MEAN
DAY  TEMP  HIGH   TIME     LOW   TIME   DAYS  DAYS RAIN AVG  HI  TIME    DIR BAROM HUM
---------------------------------------------------------------------------------------
1      24  34.0 12:00am   14.9 11:00pm  36.0  0.0  0.00   9  17  00:00    NE  28.7 88.8
2    16.8  23.0  3:00pm   10.9  5:00am  45.1  0.0  0.00   6  12  00:00     E  28.8 87.0
3    24.4  45.0  2:00pm   10.9  4:00am  30.3  0.0  0.00   7  13  00:00    SW  28.9 71.5
4    28.5  43.0  2:00pm   19.9  7:00am  29.2  0.0  0.00   6  12  00:00     S  28.8 67.5
5    45.3  64.9  2:00pm   27.0 12:00am   9.9  0.0  0.00   7  14  00:00     S  28.6 29.2
6    42.8  57.9  1:00pm   32.0  7:00am  14.6  0.0  0.00   6  12  00:00   SSE  27.8 32.5
7    35.7  50.0  3:00pm   29.8  8:00am  22.1  0.0  0.00   5   8  00:00   SSE  25.8 44.3
8    38.5  50.0  7:00pm   43.9  8:00pm  20.7  0.0  0.00   3   6  00:00     N  24.9 33.0
9    47.3  64.9 12:00pm   34.0 10:00pm   8.9  0.0  0.00  14  29  00:00   WSW  28.3 44.7
10   26.2  43.9  2:00am   19.9 11:00pm  29.9  0.0  0.00   9  17  00:00   WSW  28.5 77.1
11   40.6  61.0  4:00pm   18.9  1:00am  14.2  0.0  0.00  20  39  00:00    SW  28.8 50.3
12   50.7  61.9 12:00pm   38.8 11:00pm   8.7  0.0  0.00  17  33  00:00   WSW  28.7 42.8
13   35.9  41.0  2:00am   29.8  8:00pm  26.5  0.0  0.00   5   8  00:00    SE  29.0 83.6
14   44.8  64.9  2:00pm   30.9  3:00am  10.1  0.0  0.00   9  17  00:00   WSW  28.8 53.8
15   42.2  63.0  3:00pm   29.8  6:00am  12.4  0.0  0.00   6  12  00:00   SSE  28.9 60.0
16   49.3  66.9 12:00pm   36.0 12:00am   6.9  0.0  0.00   6  12  00:00   SSW  28.8 39.7
17   42.6  63.0  2:00pm   28.9  4:00am  12.2  0.0  0.00   5   9  00:00    SE  28.9 53.3
18   50.4  72.9  2:00pm   34.9  2:00am   3.3  0.0  0.00   6  12  00:00   SSW  27.5 29.4
19   42.8  61.9 11:00am   32.9  6:00am  12.6  0.0  0.00   9  16  00:00   ESE  28.9 48.0
20   34.6  43.9  4:00pm   27.9  4:00am  25.7  0.0  0.00   6  12  00:00   SSE  29.1 64.0
21   42.2  63.9  1:00pm   25.0  6:00am  11.9  0.0  0.00   8  15  00:00     S  28.9 46.9
22   46.4  55.9  2:00pm   32.0 11:00pm  13.8  0.0  0.00   9  16  00:00   WSW  28.8 41.1
23   40.7  55.9  2:00pm   29.8 11:00pm  16.7  0.0  0.00   9  17  00:00   WSW  29.0 46.5
24   49.1  64.9  1:00pm   27.9 12:00am   8.0  0.0  0.00   6  12  00:00     W  28.9 32.2
25   51.3  70.0  3:00pm   38.8 11:00pm   4.3  0.0  0.00   9  17  00:00     S  28.8 31.8
26   46.5  65.8 12:00pm   27.0 11:00pm   8.8  0.0  0.00  18  35  00:00   SSW  28.3 46.3
27   22.7  27.9  2:00am   14.0 11:00pm  39.7  0.0  0.00   6  12  00:00   SSW  28.7 88.3
28   26.6  38.8  2:00pm   10.9  4:00am  32.3  0.0  0.00   7  14  00:00   SSE  28.7 67.8
29   41.9  57.9  2:00pm   30.9 12:00am  15.1  0.0  0.00  10  18  00:00     W  28.8 52.6
30   51.4  64.9  2:00pm   38.8  9:00pm   6.8  0.0  0.00   7  13  00:00   SSW  28.7 38.4