NOAA-Style Climate Reports

Select a Year or Month report
2018: Jan Feb Mar Apr May Jun Jul Aug Sep Oct Nov Dec
2017: Jan Feb Mar Apr May Jun Jul Aug Sep Oct Nov Dec
2016: Jan Feb Mar Apr May Jun Jul Aug Sep Oct Nov Dec
2015: Jan Feb Mar Apr May Jun Jul Aug Sep Oct Nov Dec
2014: Jan Feb Mar Apr May Jun Jul Aug Sep Oct Nov Dec
2013: Jan Feb Mar Apr May Jun Jul Aug Sep Oct Nov Dec
2012: Jan Feb Mar Apr May Jun Jul Aug Sep Oct Nov Dec
2011: Jan Feb Mar Apr May Jun Jul Aug Sep Oct Nov Dec
2010: Jan Feb Mar Apr May Jun Jul Aug Sep Oct Nov Dec
2009: Jan Feb Mar Apr May Jun Jul Aug Sep Oct Nov Dec
2008: Jan Feb Mar Apr May Jun Jul Aug Sep Oct Nov Dec
2007: Jan Feb Mar Apr May Jun Jul Aug Sep Oct Nov Dec
2006: Jan Feb Mar Apr May Jun Jul Aug Sep Oct Nov Dec
2005: Jan Feb Mar Apr May Jun Jul Aug Sep Oct Nov Dec
2004: Jan Feb Mar Apr May Jun Jul Aug Sep Oct Nov Dec
2003: Jan Feb Mar Apr May Jun Jul Aug Sep Oct Nov Dec
2002: Jan Feb Mar Apr May Jun Jul Aug Sep Oct Nov Dec
2001: Jan Feb Mar Apr May Jun Jul Aug Sep Oct Nov Dec
2000: Jan Feb Mar Apr May Jun Jul Aug Sep Oct Nov Dec
1999: Jan Feb Mar Apr May Jun Jul Aug Sep Oct Nov Dec
1998: Jan Feb Mar Apr May Jun Jul Aug Sep Oct Nov Dec
1997: Jan Feb Mar Apr May Jun Jul Aug Sep Oct Nov Dec
1996: Jan Feb Mar Apr May Jun Jul Aug Sep Oct Nov Dec
1995: Jan Feb Mar Apr May Jun Jul Aug Sep Oct Nov Dec
1994: Jan Feb Mar Apr May Jun Jul Aug Sep Oct Nov Dec
1993: Jan Feb Mar Apr May Jun Jul Aug Sep Oct Nov Dec
1992: Jan Feb Mar Apr May Jun Jul Aug Sep Oct Nov Dec
1991: Jan Feb Mar Apr May Jun Jul Aug Sep Oct Nov Dec
1990: Jan Feb Mar Apr May Jun Jul Aug Sep Oct Nov Dec
1989: Jan Feb Mar Apr May Jun Jul Aug Sep Oct Nov Dec
1988: Jan Feb Mar Apr May Jun Jul Aug Sep Oct Nov Dec
1987: Jan Feb Mar Apr May Jun Jul Aug Sep Oct Nov Dec
1986: Jan Feb Mar Apr May Jun Jul Aug Sep Oct Nov Dec

Report for 1995 December
                  MONTHLY CLIMATOLOGICAL SUMMARY FOR 12/1995
                                        HEAT  COOL        
     MEAN                               DEG   DEG       WIND SPEED       DOM MEAN  MEAN
DAY  TEMP  HIGH   TIME     LOW   TIME   DAYS  DAYS RAIN AVG  HI  TIME    DIR BAROM HUM
---------------------------------------------------------------------------------------
1      49  66.9  3:00pm   36.0  7:00am   7.0  0.0  0.00   6  12  00:00    SE  28.7 42.1
2    46.5  63.9  2:00pm   34.0  7:00am   9.8  0.0  0.00   8  15  00:00   ESE  28.6 36.0
3    35.8  52.0  3:00pm   25.0  8:00am  21.1  0.0  0.00   6  12  00:00    SE  28.6 57.7
4    48.9  61.0 12:00pm   41.9  4:00am  10.0  0.0  0.00  17  32  00:00     S  28.6 34.0
5    34.5  45.0  2:00pm   25.9  8:00am  25.2  0.0  0.00   7  14  00:00   SSE  27.4 63.3
6    33.3  47.8 12:00am   25.0 11:00pm  24.4  0.0  0.00   7  13  00:00   SSE  28.7 66.7
7    30.5  45.0  2:00pm   23.0  1:00am  27.2  0.0  0.00   7  14  00:00   WSW  28.6 69.6
8    15.7  38.8  2:00am    5.9  9:00pm  37.7  0.0  0.00  13  24  00:00    SE  28.5 62.8
9    16.4  38.8  3:00pm    3.9  2:00am  37.4  0.0  0.00   7  14  00:00   SSW  28.9 48.5
10     43  52.9  2:00pm   36.9  2:00am  17.0  0.0  0.00   8  15  00:00    SW  28.8 34.4
11   45.9  63.0 12:00pm   38.8  4:00am  10.5  0.0  0.00   7  13  00:00   SSE  28.8 26.9
12   47.2  61.9  4:00pm   36.9  2:00am  10.4  0.0  0.00   9  17  00:00    SE  28.6 33.2
13   45.5  57.9  4:00am   32.0 11:00pm  13.3  0.0  0.00  16  31  00:00   WSW  26.8 35.4
14     37  50.0 12:00pm   27.0 11:00pm  21.5  0.0  0.00   6  12  00:00   SSE  28.8 36.2
15   32.2  54.0  3:00pm   16.9  6:00am  21.9  0.0  0.00   6  12  00:00    SE  28.8 31.4
16     35  43.0 12:00pm   32.0  2:00am  26.0  0.0  0.00   5   9  00:00     W  27.2 31.8
17   24.8  29.8 12:00am   23.9  4:00am  37.7  0.0  0.00   6  12  00:00   NNW  28.8 79.3
18   21.4  25.9 12:00pm   10.9 11:00pm  41.3  0.0  0.00   5   9  00:00     E  28.8 75.0
19   20.2  37.9  2:00pm    7.9  5:00am  35.9  0.0  0.00   6  12  00:00    SE  28.8 73.2
20   22.8  36.0  2:00pm   16.0  1:00am  35.6  0.0  0.00   6  12  00:00     S  27.3 58.7
21   21.8  32.0  2:00pm   14.9  7:00am  38.1  0.0  0.00   7  14  00:00   SSE  28.8 67.7
22   18.4  25.0  2:00pm   12.9 10:00pm  43.3  0.0  0.00   6  10  00:00    SE  28.9 76.5
23   18.7  36.9  2:00pm    5.9  6:00am  37.2  0.0  0.00   6  12  00:00   SSE  28.8 51.9
24   26.1  41.9  2:00pm   14.0  1:00am  31.0  0.0  0.00   6  12  00:00   SSW  28.9 46.0
25   28.8  48.9  1:00pm   14.9  4:00am  26.1  0.0  0.00   7  13  00:00   SSE  29.0 48.3
26   28.6  46.9  1:00pm   18.0  5:00am  27.2  0.0  0.00   6  12  00:00   SSE  29.0 35.0
27   25.2  41.0  3:00pm   14.9  1:00am  31.9  0.0  0.00   5   8  00:00   SSW  28.8 34.4
28   27.9  45.9  1:00pm   14.9  6:00am  28.1  0.0  0.00   6  10  00:00    SE  28.7 33.5
29   27.2  41.9  3:00pm   18.9  5:00am  30.4  0.0  0.00   7  13  00:00    SE  28.7 41.4
30   30.6  45.9  2:00pm   18.0  1:00am  26.7  0.0  0.00   7  14  00:00     S  28.7 42.6
31   30.6  37.9  8:00am   25.9 11:00pm  30.7  0.0  0.00  11  21  00:00     W  28.4 61.9