NOAA-Style Climate Reports

Select a Year or Month report
2018: Jan Feb Mar Apr May Jun Jul Aug Sep Oct Nov Dec
2017: Jan Feb Mar Apr May Jun Jul Aug Sep Oct Nov Dec
2016: Jan Feb Mar Apr May Jun Jul Aug Sep Oct Nov Dec
2015: Jan Feb Mar Apr May Jun Jul Aug Sep Oct Nov Dec
2014: Jan Feb Mar Apr May Jun Jul Aug Sep Oct Nov Dec
2013: Jan Feb Mar Apr May Jun Jul Aug Sep Oct Nov Dec
2012: Jan Feb Mar Apr May Jun Jul Aug Sep Oct Nov Dec
2011: Jan Feb Mar Apr May Jun Jul Aug Sep Oct Nov Dec
2010: Jan Feb Mar Apr May Jun Jul Aug Sep Oct Nov Dec
2009: Jan Feb Mar Apr May Jun Jul Aug Sep Oct Nov Dec
2008: Jan Feb Mar Apr May Jun Jul Aug Sep Oct Nov Dec
2007: Jan Feb Mar Apr May Jun Jul Aug Sep Oct Nov Dec
2006: Jan Feb Mar Apr May Jun Jul Aug Sep Oct Nov Dec
2005: Jan Feb Mar Apr May Jun Jul Aug Sep Oct Nov Dec
2004: Jan Feb Mar Apr May Jun Jul Aug Sep Oct Nov Dec
2003: Jan Feb Mar Apr May Jun Jul Aug Sep Oct Nov Dec
2002: Jan Feb Mar Apr May Jun Jul Aug Sep Oct Nov Dec
2001: Jan Feb Mar Apr May Jun Jul Aug Sep Oct Nov Dec
2000: Jan Feb Mar Apr May Jun Jul Aug Sep Oct Nov Dec
1999: Jan Feb Mar Apr May Jun Jul Aug Sep Oct Nov Dec
1998: Jan Feb Mar Apr May Jun Jul Aug Sep Oct Nov Dec
1997: Jan Feb Mar Apr May Jun Jul Aug Sep Oct Nov Dec
1996: Jan Feb Mar Apr May Jun Jul Aug Sep Oct Nov Dec
1995: Jan Feb Mar Apr May Jun Jul Aug Sep Oct Nov Dec
1994: Jan Feb Mar Apr May Jun Jul Aug Sep Oct Nov Dec
1993: Jan Feb Mar Apr May Jun Jul Aug Sep Oct Nov Dec
1992: Jan Feb Mar Apr May Jun Jul Aug Sep Oct Nov Dec
1991: Jan Feb Mar Apr May Jun Jul Aug Sep Oct Nov Dec
1990: Jan Feb Mar Apr May Jun Jul Aug Sep Oct Nov Dec
1989: Jan Feb Mar Apr May Jun Jul Aug Sep Oct Nov Dec
1988: Jan Feb Mar Apr May Jun Jul Aug Sep Oct Nov Dec
1987: Jan Feb Mar Apr May Jun Jul Aug Sep Oct Nov Dec
1986: Jan Feb Mar Apr May Jun Jul Aug Sep Oct Nov Dec

Report for 1996 January
                  MONTHLY CLIMATOLOGICAL SUMMARY FOR 1/1996
                                        HEAT  COOL        
     MEAN                               DEG   DEG       WIND SPEED       DOM MEAN  MEAN
DAY  TEMP  HIGH   TIME     LOW   TIME   DAYS  DAYS RAIN AVG  HI  TIME    DIR BAROM HUM
---------------------------------------------------------------------------------------
1    21.8  27.0 11:00am   18.9  8:00pm  40.6  0.0  0.00  11  21  00:00   WNW  28.8 79.0
2    16.3  25.9  9:00pm   10.9  3:00am  43.9  0.0  0.00   7  14  00:00    SE  28.7 68.4
3    36.4  48.9  1:00pm   23.9  3:00am  22.3  0.0  0.00  14  27  00:00   WSW  28.3 47.5
4    20.6  38.8 12:00am    7.9 11:00pm  35.3  0.0  0.00   9  16  00:00   ESE  28.6 75.7
5     9.5  18.0  1:00pm    1.9 10:00pm  51.2  0.0  0.00   6  12  00:00     S  27.6 81.5
6    15.1  28.9 12:00pm   -3.1  4:00am  43.0  0.0  0.00   5   9  00:00   SSE  28.9 56.2
7    28.6  52.9  3:00pm   11.8  7:00am  24.2  0.0  0.00   7  14  00:00     S  27.6 58.2
8    43.6  59.9 12:00pm   34.0  4:00am  13.2  0.0  0.00   7  14  00:00    SW  28.8 28.8
9    36.6  52.0  4:00pm   27.9  5:00am  20.7  0.0  0.00   7  14  00:00   SSE  28.9 46.3
10   38.4  50.9 11:00am   23.9  9:00pm  20.3  0.0  0.00  17  32  00:00   WSW  28.7 48.9
11   35.3  54.0  1:00pm   23.0  6:00am  20.3  0.0  0.00   6  12  00:00   SSE  28.9 48.0
12   42.7  63.0 12:00pm   28.9  1:00am  12.1  0.0  0.00   7  14  00:00    SE  28.8 32.8
13   45.4  68.9  4:00pm   32.0  5:00am   7.8  0.0  0.00   6  12  00:00    SW  28.7 30.7
14   41.4  61.0  2:00pm   30.9  8:00am  13.8  0.0  0.00   6  12  00:00    SE  28.7 32.8
15   42.5  63.0  1:00pm   30.9  2:00am  12.2  0.0  0.00  10  20  00:00   SSE  28.5 28.7
16   42.4  54.9  2:00pm   32.9  3:00am  16.3  0.0  0.00  18  35  00:00   SSE  27.0 32.8
17   20.5  41.9  2:00am    0.0 10:00pm  33.8  0.0  0.00  15  29  00:00     S  28.2 63.4
18    5.7  16.0  3:00pm   -8.1  8:00am  54.1  0.0  0.00   7  14  00:00    SE  27.4 58.3
19   27.3  41.9 12:00pm    9.0  1:00am  30.4  0.0  0.00  11  21  00:00    SW  28.3 41.6
20   29.8  38.8  1:00pm   18.0  9:00pm  30.7  0.0  0.00  15  29  00:00   WSW  28.5 35.4
21   38.9  50.9  1:00pm   25.9 12:00am  20.1  0.0  0.00  18  35  00:00   WSW  27.3 24.0
22   19.3  34.0 12:00am    9.9 11:00pm  38.3  0.0  0.00   9  17  00:00   SSE  28.6 69.1
23   19.3  32.9  2:00pm    7.0  6:00am  38.9  0.0  0.00  15  29  00:00     W  28.6 49.7
24   28.2  43.9  2:00pm    9.0  4:00am  28.9  0.0  0.00  18  35  00:00   SSW  28.6 36.0
25   17.4  34.0 12:00am    1.9 11:00pm  39.3  0.0  0.00  12  23  00:00    SE  28.5 63.1
26   13.7  25.0  3:00pm   -4.0  5:00am  45.6  0.0  0.00  15  29  00:00     W  28.5 46.7
27   23.9  41.9 10:00pm    2.8 12:00am  32.1  0.0  0.00   9  17  00:00   SSW  28.5 40.5
28   32.5  45.0 11:00am   18.9 10:00pm  26.2  0.0  0.00  19  37  00:00    SW  26.8 35.4
29   26.7  46.9  1:00pm   11.8 10:00pm  28.2  0.0  0.00   9  16  00:00    SE  28.6 40.7
30    7.7  16.9  1:00pm    0.9  5:00am  52.7  0.0  0.00   7  14  00:00     W  28.7 68.9
31    6.4  14.0  1:00pm    0.9  5:00am  54.8  0.0  0.00   6  12  00:00   SSE  28.5 76.5