NOAA-Style Climate Reports

Select a Year or Month report
2018: Jan Feb Mar Apr May Jun Jul Aug Sep Oct Nov Dec
2017: Jan Feb Mar Apr May Jun Jul Aug Sep Oct Nov Dec
2016: Jan Feb Mar Apr May Jun Jul Aug Sep Oct Nov Dec
2015: Jan Feb Mar Apr May Jun Jul Aug Sep Oct Nov Dec
2014: Jan Feb Mar Apr May Jun Jul Aug Sep Oct Nov Dec
2013: Jan Feb Mar Apr May Jun Jul Aug Sep Oct Nov Dec
2012: Jan Feb Mar Apr May Jun Jul Aug Sep Oct Nov Dec
2011: Jan Feb Mar Apr May Jun Jul Aug Sep Oct Nov Dec
2010: Jan Feb Mar Apr May Jun Jul Aug Sep Oct Nov Dec
2009: Jan Feb Mar Apr May Jun Jul Aug Sep Oct Nov Dec
2008: Jan Feb Mar Apr May Jun Jul Aug Sep Oct Nov Dec
2007: Jan Feb Mar Apr May Jun Jul Aug Sep Oct Nov Dec
2006: Jan Feb Mar Apr May Jun Jul Aug Sep Oct Nov Dec
2005: Jan Feb Mar Apr May Jun Jul Aug Sep Oct Nov Dec
2004: Jan Feb Mar Apr May Jun Jul Aug Sep Oct Nov Dec
2003: Jan Feb Mar Apr May Jun Jul Aug Sep Oct Nov Dec
2002: Jan Feb Mar Apr May Jun Jul Aug Sep Oct Nov Dec
2001: Jan Feb Mar Apr May Jun Jul Aug Sep Oct Nov Dec
2000: Jan Feb Mar Apr May Jun Jul Aug Sep Oct Nov Dec
1999: Jan Feb Mar Apr May Jun Jul Aug Sep Oct Nov Dec
1998: Jan Feb Mar Apr May Jun Jul Aug Sep Oct Nov Dec
1997: Jan Feb Mar Apr May Jun Jul Aug Sep Oct Nov Dec
1996: Jan Feb Mar Apr May Jun Jul Aug Sep Oct Nov Dec
1995: Jan Feb Mar Apr May Jun Jul Aug Sep Oct Nov Dec
1994: Jan Feb Mar Apr May Jun Jul Aug Sep Oct Nov Dec
1993: Jan Feb Mar Apr May Jun Jul Aug Sep Oct Nov Dec
1992: Jan Feb Mar Apr May Jun Jul Aug Sep Oct Nov Dec
1991: Jan Feb Mar Apr May Jun Jul Aug Sep Oct Nov Dec
1990: Jan Feb Mar Apr May Jun Jul Aug Sep Oct Nov Dec
1989: Jan Feb Mar Apr May Jun Jul Aug Sep Oct Nov Dec
1988: Jan Feb Mar Apr May Jun Jul Aug Sep Oct Nov Dec
1987: Jan Feb Mar Apr May Jun Jul Aug Sep Oct Nov Dec
1986: Jan Feb Mar Apr May Jun Jul Aug Sep Oct Nov Dec

Report for 1996 February
                  MONTHLY CLIMATOLOGICAL SUMMARY FOR 2/1996
                                        HEAT  COOL        
     MEAN                               DEG   DEG       WIND SPEED       DOM MEAN  MEAN
DAY  TEMP  HIGH   TIME     LOW   TIME   DAYS  DAYS RAIN AVG  HI  TIME    DIR BAROM HUM
---------------------------------------------------------------------------------------
1     5.6  14.0  2:00pm   -5.1  6:00am  55.2  0.0  0.00   9  17  00:00   SSE  27.5 76.2
2    -5.3   1.9  2:00pm  -14.1  7:00am  66.7  0.0  0.00   6  13  00:00    NW  28.7 71.2
3     5.9  18.9 12:00pm  -13.0  3:00am  52.6  0.0  0.00   7  13  00:00   ESE  28.7 55.1
4    34.3  54.9  2:00pm    9.0 12:00am  20.4  0.0  0.00   7  14  00:00    SE  28.7 28.5
5    40.1  56.8  4:00pm   28.9  6:00am  16.5  0.0  0.00   7  13  00:00   SSE  27.6 44.7
6    44.1  56.8  3:00pm   36.9 12:00am  14.5  0.0  0.00   9  16  00:00   WSW  28.9 31.6
7    48.2  61.0 12:00pm   41.0  6:00am  10.4  0.0  0.00  14  28  00:00     W  28.8 31.5
8    45.2  63.0  2:00pm   36.9 10:00pm  10.9  0.0  0.00   8  15  00:00    SW  28.7 36.4
9    51.1  66.9  1:00pm   38.8  2:00am   6.0  0.0  0.00  10  20  00:00     W  28.7 22.4
10   31.1  52.0  1:00am   18.9  9:00pm  23.4  0.0  0.00   9  17  00:00    SE  29.1 54.3
11   31.1  50.9  2:00pm   18.0  2:00am  24.0  0.0  0.00   7  14  00:00    SE  29.1 36.5
12   37.1  57.9  3:00pm   19.9  5:00am  17.5  0.0  0.00   6  12  00:00    SE  29.1 23.0
13     44  63.0  2:00pm   25.0  2:00am  11.5  0.0  0.00   5   9  00:00    SE  28.9 16.0
14   43.3  55.9 11:00am   32.9 10:00pm  15.4  0.0  0.00   9  17  00:00    SE  28.6 34.1
15   27.6  39.9  2:00pm   18.0 11:00pm  31.2  0.0  0.00  11  21  00:00     E  29.0 61.4
16   41.8  65.8  2:00pm   18.9  3:00am  11.2  0.0  0.00  12  23  00:00    SW  28.8 30.3
17   44.2  61.9  3:00pm   28.9  5:00am  11.9  0.0  0.00   8  15  00:00   SSE  28.7 27.5
18   44.8  54.0  3:00pm   39.9  3:00am  15.6  0.0  0.00  15  29  00:00     W  27.1 37.7
19   43.3  61.0 12:00pm   27.9  3:00am  12.8  0.0  0.00  15  29  00:00   SSW  27.2 31.9
20   43.5  63.0  3:00pm   29.8  3:00am  11.7  0.0  0.00  11  21  00:00     S  28.6 48.7
21   47.3  61.0  1:00pm   37.9  1:00am  10.8  0.0  0.00   9  17  00:00    SW  28.5 52.2
22   49.8  61.9  1:00pm   34.9 11:00pm   9.1  0.0  0.00  21  40  00:00   WSW  28.3 26.5
23   35.9  50.0  4:00pm   25.9  7:00am  22.0  0.0  0.00  13  25  00:00   WNW  28.7 20.2
24   45.2  68.9  3:00pm   28.9  3:00am   7.9  0.0  0.00   9  17  00:00   SSW  28.5 15.4
25     42  59.0  3:00pm   18.0 11:00pm  14.5  0.0  0.00  13  25  00:00     S  28.4 28.4
26   17.7  23.0  1:00pm   14.0  9:00pm  44.6  0.0  0.00   9  17  00:00     E  28.4 83.8
27   14.6  18.9  2:00pm    9.0 11:00pm  48.2  0.0  0.00   7  14  00:00     E  28.7 80.9
28    8.1  14.0  1:00pm    2.8  2:00am  53.9  0.0  0.00   6  12  00:00   ESE  28.9 77.5
29   19.2  36.0  2:00pm    2.8  1:00am  37.4  0.0  0.00  13  25  00:00   WSW  28.7 53.8