NOAA-Style Climate Reports

Select a Year or Month report
2018: Jan Feb Mar Apr May Jun Jul Aug Sep Oct Nov Dec
2017: Jan Feb Mar Apr May Jun Jul Aug Sep Oct Nov Dec
2016: Jan Feb Mar Apr May Jun Jul Aug Sep Oct Nov Dec
2015: Jan Feb Mar Apr May Jun Jul Aug Sep Oct Nov Dec
2014: Jan Feb Mar Apr May Jun Jul Aug Sep Oct Nov Dec
2013: Jan Feb Mar Apr May Jun Jul Aug Sep Oct Nov Dec
2012: Jan Feb Mar Apr May Jun Jul Aug Sep Oct Nov Dec
2011: Jan Feb Mar Apr May Jun Jul Aug Sep Oct Nov Dec
2010: Jan Feb Mar Apr May Jun Jul Aug Sep Oct Nov Dec
2009: Jan Feb Mar Apr May Jun Jul Aug Sep Oct Nov Dec
2008: Jan Feb Mar Apr May Jun Jul Aug Sep Oct Nov Dec
2007: Jan Feb Mar Apr May Jun Jul Aug Sep Oct Nov Dec
2006: Jan Feb Mar Apr May Jun Jul Aug Sep Oct Nov Dec
2005: Jan Feb Mar Apr May Jun Jul Aug Sep Oct Nov Dec
2004: Jan Feb Mar Apr May Jun Jul Aug Sep Oct Nov Dec
2003: Jan Feb Mar Apr May Jun Jul Aug Sep Oct Nov Dec
2002: Jan Feb Mar Apr May Jun Jul Aug Sep Oct Nov Dec
2001: Jan Feb Mar Apr May Jun Jul Aug Sep Oct Nov Dec
2000: Jan Feb Mar Apr May Jun Jul Aug Sep Oct Nov Dec
1999: Jan Feb Mar Apr May Jun Jul Aug Sep Oct Nov Dec
1998: Jan Feb Mar Apr May Jun Jul Aug Sep Oct Nov Dec
1997: Jan Feb Mar Apr May Jun Jul Aug Sep Oct Nov Dec
1996: Jan Feb Mar Apr May Jun Jul Aug Sep Oct Nov Dec
1995: Jan Feb Mar Apr May Jun Jul Aug Sep Oct Nov Dec
1994: Jan Feb Mar Apr May Jun Jul Aug Sep Oct Nov Dec
1993: Jan Feb Mar Apr May Jun Jul Aug Sep Oct Nov Dec
1992: Jan Feb Mar Apr May Jun Jul Aug Sep Oct Nov Dec
1991: Jan Feb Mar Apr May Jun Jul Aug Sep Oct Nov Dec
1990: Jan Feb Mar Apr May Jun Jul Aug Sep Oct Nov Dec
1989: Jan Feb Mar Apr May Jun Jul Aug Sep Oct Nov Dec
1988: Jan Feb Mar Apr May Jun Jul Aug Sep Oct Nov Dec
1987: Jan Feb Mar Apr May Jun Jul Aug Sep Oct Nov Dec
1986: Jan Feb Mar Apr May Jun Jul Aug Sep Oct Nov Dec

Report for 1996 March
                  MONTHLY CLIMATOLOGICAL SUMMARY FOR 3/1996
                                        HEAT  COOL        
     MEAN                               DEG   DEG       WIND SPEED       DOM MEAN  MEAN
DAY  TEMP  HIGH   TIME     LOW   TIME   DAYS  DAYS RAIN AVG  HI  TIME    DIR BAROM HUM
---------------------------------------------------------------------------------------
1    30.4  41.0  3:00pm   21.9 12:00am  29.3  0.0  0.00  18  37  00:00   WNW  28.6 29.6
2    35.1  48.9  3:00pm   23.9 12:00am  23.0  0.0  0.00  12  23  00:00   WNW  28.6 29.4
3    41.6  57.9  1:00pm   20.8  5:00am  15.2  0.0  0.00   9  17  00:00   SSW  28.5 23.8
4      45  55.9 11:00am   34.0  1:00am  14.5  0.0  0.00   9  17  00:00   SSW  28.5 23.3
5    36.7  55.9  3:00pm   20.8 11:00pm  18.7  0.0  0.00  12  23  00:00   WSW  28.4 45.6
6    11.8  19.9  4:00pm    5.9  7:00am  49.1  0.0  0.00   7  14  00:00    SE  28.8 74.1
7    19.3  32.9 11:00am    5.9  5:00am  38.9  0.0  0.00   9  17  00:00   ESE  28.9 61.7
8    27.3  47.8  3:00pm   11.8  5:00am  27.4  0.0  0.00   7  14  00:00   SSE  29.1 54.2
9      39  59.9  3:00pm   18.0  6:00am  15.5  0.0  0.00   5   9  00:00    SE  28.9 43.0
10   50.5  72.9  2:00pm   32.0  3:00am   3.3  0.0  0.00   7  14  00:00   SSE  28.9 26.2
11   46.5  64.9  2:00pm   34.9  7:00am   9.3  0.0  0.00   5  10  00:00     S  28.5 26.4
12   42.8  57.9 12:00pm   30.9 11:00pm  14.6  0.0  0.00   7  13  00:00    SW  28.6 41.8
13   39.8  55.9  1:00pm   30.9 12:00am  17.1  0.0  0.00  10  18  00:00     W  28.7 62.8
14   29.8  32.9  4:00pm   25.9  8:00pm  33.6  0.0  0.00   9  17  00:00     W  28.8 88.4
15   35.8  46.9  4:00pm   29.8  5:00am  23.6  0.0  0.00   5   8  00:00     S  28.7 65.1
16   35.5  43.9  3:00pm   32.0 12:00am  25.3  0.0  0.00   7  14  00:00   SSE  28.7 58.2
17   31.3  38.8  9:00am   28.9  9:00pm  29.9  0.0  0.00  12  23  00:00     W  28.7 75.8
18   27.4  34.0 11:00am   25.0 12:25pm  34.3  0.0  0.00  10  18  00:00     S  29.0 72.5
19     27  38.8  3:00pm   16.0  7:00am  32.1  0.0  0.00   6  12  00:00   ESE  29.1 58.7
20   35.7  59.0  3:00pm   16.9  4:00am  17.6  0.0  0.00   6  12  00:00    SE  27.7 48.0
21   42.9  52.0  4:00pm   34.9 11:00pm  17.5  0.0  0.00   7  14  00:00   SSE  28.8 41.5
22   44.8  63.9  2:00pm   32.0  5:00am  10.6  0.0  0.00  15  29  00:00   SSE  28.5 44.0
23   43.1  63.9  1:00pm   23.9 10:00pm  11.5  0.0  0.00  18  36  00:00   SSW  28.2 44.3
24   13.3  20.8 12:00am    2.8 11:00pm  47.9  0.0  0.00  11  21  00:00     E  27.4 77.3
25   10.3  20.8  4:00pm   -2.0  6:00am  49.4  0.0  0.00   7  14  00:00   ESE  28.9 65.5
26   28.4  48.9  4:00pm   10.9  4:00am  26.3  0.0  0.00   6  10  00:00     S  28.7 55.7
27     40  55.9  3:00pm   25.9  1:00am  17.0  0.0  0.00   8  15  00:00   ESE  28.7 36.8
28   42.6  63.0 12:00pm   27.9  5:00am  12.2  0.0  0.00   9  17  00:00     S  28.3 38.4
29   39.9  55.9  4:00pm   32.9  6:00am  17.1  0.0  0.00   9  17  00:00   WNW  28.4 58.2
30   38.9  50.9  2:00pm   32.9  9:00pm  20.1  0.0  0.00   6  12  00:00   ESE  28.7 54.4
31   43.6  59.0  2:00pm   27.9  6:00am  13.7  0.0  0.00   9  17  00:00   SSE  28.8 37.6