NOAA-Style Climate Reports

Select a Year or Month report
2018: Jan Feb Mar Apr May Jun Jul Aug Sep Oct Nov Dec
2017: Jan Feb Mar Apr May Jun Jul Aug Sep Oct Nov Dec
2016: Jan Feb Mar Apr May Jun Jul Aug Sep Oct Nov Dec
2015: Jan Feb Mar Apr May Jun Jul Aug Sep Oct Nov Dec
2014: Jan Feb Mar Apr May Jun Jul Aug Sep Oct Nov Dec
2013: Jan Feb Mar Apr May Jun Jul Aug Sep Oct Nov Dec
2012: Jan Feb Mar Apr May Jun Jul Aug Sep Oct Nov Dec
2011: Jan Feb Mar Apr May Jun Jul Aug Sep Oct Nov Dec
2010: Jan Feb Mar Apr May Jun Jul Aug Sep Oct Nov Dec
2009: Jan Feb Mar Apr May Jun Jul Aug Sep Oct Nov Dec
2008: Jan Feb Mar Apr May Jun Jul Aug Sep Oct Nov Dec
2007: Jan Feb Mar Apr May Jun Jul Aug Sep Oct Nov Dec
2006: Jan Feb Mar Apr May Jun Jul Aug Sep Oct Nov Dec
2005: Jan Feb Mar Apr May Jun Jul Aug Sep Oct Nov Dec
2004: Jan Feb Mar Apr May Jun Jul Aug Sep Oct Nov Dec
2003: Jan Feb Mar Apr May Jun Jul Aug Sep Oct Nov Dec
2002: Jan Feb Mar Apr May Jun Jul Aug Sep Oct Nov Dec
2001: Jan Feb Mar Apr May Jun Jul Aug Sep Oct Nov Dec
2000: Jan Feb Mar Apr May Jun Jul Aug Sep Oct Nov Dec
1999: Jan Feb Mar Apr May Jun Jul Aug Sep Oct Nov Dec
1998: Jan Feb Mar Apr May Jun Jul Aug Sep Oct Nov Dec
1997: Jan Feb Mar Apr May Jun Jul Aug Sep Oct Nov Dec
1996: Jan Feb Mar Apr May Jun Jul Aug Sep Oct Nov Dec
1995: Jan Feb Mar Apr May Jun Jul Aug Sep Oct Nov Dec
1994: Jan Feb Mar Apr May Jun Jul Aug Sep Oct Nov Dec
1993: Jan Feb Mar Apr May Jun Jul Aug Sep Oct Nov Dec
1992: Jan Feb Mar Apr May Jun Jul Aug Sep Oct Nov Dec
1991: Jan Feb Mar Apr May Jun Jul Aug Sep Oct Nov Dec
1990: Jan Feb Mar Apr May Jun Jul Aug Sep Oct Nov Dec
1989: Jan Feb Mar Apr May Jun Jul Aug Sep Oct Nov Dec
1988: Jan Feb Mar Apr May Jun Jul Aug Sep Oct Nov Dec
1987: Jan Feb Mar Apr May Jun Jul Aug Sep Oct Nov Dec
1986: Jan Feb Mar Apr May Jun Jul Aug Sep Oct Nov Dec

Report for 1996 April
                  MONTHLY CLIMATOLOGICAL SUMMARY FOR 4/1996
                                        HEAT  COOL        
     MEAN                               DEG   DEG       WIND SPEED       DOM MEAN  MEAN
DAY  TEMP  HIGH   TIME     LOW   TIME   DAYS  DAYS RAIN AVG  HI  TIME    DIR BAROM HUM
---------------------------------------------------------------------------------------
1    52.7  72.0  5:00pm   34.0  2:00am   2.6  0.0  0.00   8  15  00:00   SSW  28.7 24.1
2    60.3  72.0  2:00pm   45.0  6:00am   0.0  1.2  0.00  12  23  00:00   WSW  28.1 15.6
3    43.4  52.9 12:00am   39.9  8:00am  16.8  0.0  0.00   7  14  00:00     E  28.7 43.9
4    34.3  43.0 11:00am   30.9  9:00pm  26.3  0.0  0.00   5   8  00:00    NW  27.5 73.7
5    33.6  45.9  4:00pm   25.9  6:00am  25.2  0.0  0.00   6  12  00:00   ESE  29.1 66.3
6    46.7  61.9  3:00pm   32.0 12:00am  10.7  0.0  0.00   5   9  00:00     W  26.5 33.1
7    48.7  59.9  3:00pm   36.0  6:00am  10.7  0.0  0.00   6  13  00:00    SW  28.7 40.1
8    52.9  68.0  4:00pm   41.9  4:00am   4.5  0.0  0.00   6  12  00:00    SE  28.8 39.5
9    55.8  73.9  3:00pm   41.9  6:00am   0.1  0.0  0.00   6  12  00:00     S  28.9 33.9
10   58.4  77.0  1:00pm   45.0  4:00am   0.0  2.7  0.00   6  12  00:00   SSW  27.5 29.8
11   48.1  61.0  2:00pm   36.9 11:00pm  10.4  0.0  0.00  11  21  00:00     S  28.3 44.8
12   44.6  63.0  4:00pm   30.9  7:00am  11.2  0.0  0.00  21  40  00:00    SE  28.5 50.0
13   33.7  43.0  1:00am   29.8  6:00pm  26.6  0.0  0.00  13  25  00:00    NW  28.5 79.5
14   34.3  45.0  3:00pm   28.9  3:00am  25.3  0.0  0.00  19  38  00:00   NNE  28.7 60.5
15   42.1  56.8  5:00pm   29.8 12:00am  15.5  0.0  0.00   7  14  00:00   SSE  28.9 38.8
16   52.8  70.9  2:00pm   38.8  3:00am   3.1  0.0  0.00   6  12  00:00     S  28.5 26.0
17   53.5  65.8  3:00pm   45.0 11:00pm   5.3  0.0  0.00  21  40  00:00   WSW  28.5 22.8
18   47.2  65.8  2:00pm   32.0  6:00am   8.5  0.0  0.00  13  25  00:00    SW  28.5 30.1
19   39.9  50.0  4:00pm   32.9  6:00am  20.0  0.0  0.00  18  35  00:00    NW  28.5 28.9
20   37.4  54.0  2:00pm   23.9  5:00am  19.3  0.0  0.00  12  23  00:00   SSW  28.7 39.5
21   39.1  48.9  1:00pm   29.8  3:00am  21.0  0.0  0.00  15  29  00:00     W  28.5 39.8
22   39.5  52.9  4:00pm   23.9  6:00am  18.8  0.0  0.00   6  12  00:00     S  28.8 50.0
23   50.6  70.0  4:00pm   29.8  6:00am   4.7  0.0  0.00   6  12  00:00     S  28.8 29.2
24   67.1  83.8  3:00pm   54.9  7:00am   0.0 10.5  0.00  15  29  00:00    SW  28.5 17.4
25   50.7  61.9  4:00pm   45.9  3:00am   8.7  0.0  0.00  21  40  00:00    NW  28.5 25.8
26     52  70.0  3:00pm   38.8  7:00am   4.0  0.0  0.00  13  25  00:00   WSW  28.8 26.3
27   49.5  68.0  3:00pm   37.9 11:00pm   6.2  0.0  0.00  18  35  00:00   SSW  28.7 42.1
28   32.5  41.9  3:00pm   29.8  4:00am  27.8  0.0  0.00  16  30  00:00   WNW  29.0 66.8
29   40.7  55.9  5:00pm   23.0  6:00am  16.7  0.0  0.00  11  21  00:00     W  28.9 40.1
30     45  59.9  4:00pm   32.0  6:00am  12.5  0.0  0.00  10  18  00:00   ESE  28.7 44.6