NOAA-Style Climate Reports

Select a Year or Month report
2018: Jan Feb Mar Apr May Jun Jul Aug Sep Oct Nov Dec
2017: Jan Feb Mar Apr May Jun Jul Aug Sep Oct Nov Dec
2016: Jan Feb Mar Apr May Jun Jul Aug Sep Oct Nov Dec
2015: Jan Feb Mar Apr May Jun Jul Aug Sep Oct Nov Dec
2014: Jan Feb Mar Apr May Jun Jul Aug Sep Oct Nov Dec
2013: Jan Feb Mar Apr May Jun Jul Aug Sep Oct Nov Dec
2012: Jan Feb Mar Apr May Jun Jul Aug Sep Oct Nov Dec
2011: Jan Feb Mar Apr May Jun Jul Aug Sep Oct Nov Dec
2010: Jan Feb Mar Apr May Jun Jul Aug Sep Oct Nov Dec
2009: Jan Feb Mar Apr May Jun Jul Aug Sep Oct Nov Dec
2008: Jan Feb Mar Apr May Jun Jul Aug Sep Oct Nov Dec
2007: Jan Feb Mar Apr May Jun Jul Aug Sep Oct Nov Dec
2006: Jan Feb Mar Apr May Jun Jul Aug Sep Oct Nov Dec
2005: Jan Feb Mar Apr May Jun Jul Aug Sep Oct Nov Dec
2004: Jan Feb Mar Apr May Jun Jul Aug Sep Oct Nov Dec
2003: Jan Feb Mar Apr May Jun Jul Aug Sep Oct Nov Dec
2002: Jan Feb Mar Apr May Jun Jul Aug Sep Oct Nov Dec
2001: Jan Feb Mar Apr May Jun Jul Aug Sep Oct Nov Dec
2000: Jan Feb Mar Apr May Jun Jul Aug Sep Oct Nov Dec
1999: Jan Feb Mar Apr May Jun Jul Aug Sep Oct Nov Dec
1998: Jan Feb Mar Apr May Jun Jul Aug Sep Oct Nov Dec
1997: Jan Feb Mar Apr May Jun Jul Aug Sep Oct Nov Dec
1996: Jan Feb Mar Apr May Jun Jul Aug Sep Oct Nov Dec
1995: Jan Feb Mar Apr May Jun Jul Aug Sep Oct Nov Dec
1994: Jan Feb Mar Apr May Jun Jul Aug Sep Oct Nov Dec
1993: Jan Feb Mar Apr May Jun Jul Aug Sep Oct Nov Dec
1992: Jan Feb Mar Apr May Jun Jul Aug Sep Oct Nov Dec
1991: Jan Feb Mar Apr May Jun Jul Aug Sep Oct Nov Dec
1990: Jan Feb Mar Apr May Jun Jul Aug Sep Oct Nov Dec
1989: Jan Feb Mar Apr May Jun Jul Aug Sep Oct Nov Dec
1988: Jan Feb Mar Apr May Jun Jul Aug Sep Oct Nov Dec
1987: Jan Feb Mar Apr May Jun Jul Aug Sep Oct Nov Dec
1986: Jan Feb Mar Apr May Jun Jul Aug Sep Oct Nov Dec

Report for 1996 May
                  MONTHLY CLIMATOLOGICAL SUMMARY FOR 5/1996
                                        HEAT  COOL        
     MEAN                               DEG   DEG       WIND SPEED       DOM MEAN  MEAN
DAY  TEMP  HIGH   TIME     LOW   TIME   DAYS  DAYS RAIN AVG  HI  TIME    DIR BAROM HUM
---------------------------------------------------------------------------------------
1    50.1  66.9  4:00pm   39.9 12:00am   6.5  0.0  0.00   6  12  00:00    SE  28.7 44.0
2      54  70.0  4:00pm   41.0  3:00am   3.0  0.0  0.00   6  12  00:00   ESE  28.7 37.4
3    51.1  68.0  3:00pm   34.0  7:00am   5.4  0.0  0.00   7  14  00:00   SSE  28.7 42.7
4    55.3  73.9  4:00pm   37.9  6:00am   0.4  0.0  0.00   6  12  00:00   SSW  28.7 36.5
5    52.1  70.0  4:00pm   41.0  5:00am   3.9  0.0  0.00  11  21  00:00   SSE  28.9 40.8
6    52.5  68.9  6:00pm   41.9  5:00am   4.3  0.0  0.00   7  14  00:00     S  27.5 37.7
7    52.9  68.9  4:00pm   45.0  6:00am   4.1  0.0  0.00   5   9  00:00     W  28.7 34.0
8    58.6  74.8 12:00pm   45.9  2:00am   0.0  1.7  0.00  12  23  00:00    SE  28.6 43.0
9    50.8  64.9  1:00pm   41.9 10:00pm   7.1  0.0  0.00   9  17  00:00     S  28.8 72.8
10     49  65.8  4:00pm   41.0 12:00am   7.6  0.0  0.00   5  10  00:00   ESE  29.0 71.8
11   56.6  75.9  5:00pm   45.9  3:00am   0.0  1.3  0.00   8  15  00:00    SW  29.0 56.3
12   60.5  79.0  3:00pm   47.8  5:00am   0.0  4.8  0.00   9  17  00:00   SSE  28.8 43.6
13   58.3  77.9  5:00pm   46.9  2:00am   0.0  3.1  0.00  12  23  00:00    SE  28.8 57.5
14   67.6  86.0  2:00pm   52.0  3:00am   0.0 11.8  0.00   7  14  00:00    SW  27.3 26.6
15   67.3  84.9  5:00pm   52.0  4:00am   0.0 11.1  0.00   6  12  00:00   SSE  28.6 27.8
16   72.2  90.0  4:00pm   57.9  5:00am   0.0 16.1  0.00   9  17  00:00   SSW  28.6 21.8
17     68  77.9  3:00pm   63.0 10:00pm   0.0  8.0  0.00  11  21  00:00    SW  28.6 22.3
18   70.7  88.9  2:00pm   55.9 12:00am   0.0 14.8  0.00  15  29  00:00     S  28.6 23.7
19   58.6  75.9  6:00pm   43.0  6:00am   0.0  2.3  0.00  18  35  00:00   SSE  28.5 39.6
20   51.9  66.9  3:00pm   45.0  2:00am   5.6  0.0  0.00   9  16  00:00   ESE  27.6 59.8
21   55.8  74.8  4:00pm   41.9  5:00am   0.0  0.3  0.00   8  15  00:00   SSW  28.8 55.4
22   63.4  79.9  4:00pm   48.9  6:00am   0.0  6.7  0.00   6  10  00:00    SE  28.6 41.3
23   54.3  63.9 12:00pm   50.0 10:00pm   5.9  0.0  0.00   9  17  00:00     S  28.5 72.6
24   47.8  54.9  4:00pm   46.9  5:00am  13.6  0.0  0.00   6  12  00:00     W  28.6 84.1
25   44.1  50.9  1:00am   45.0  6:00am  17.5  0.0  0.00   6  10  00:00   SSE  28.9 92.1
26   41.3  45.9 12:00am   39.9  2:00pm  21.4  0.0  0.00   6  10  00:00   NNW  28.7 90.4
27   43.1  54.9  1:00pm   36.0  6:00am  16.0  0.0  0.00   7  13  00:00   ENE  28.6 74.7
28   41.6  48.9  6:00pm   39.9  1:00pm  19.7  0.0  0.00   5   9  00:00    SE  28.9 80.3
29   52.9  73.9  3:00pm   37.9  3:45am   1.6  0.0  0.00   9  17  00:00   SSE  28.7 67.3
30   56.3  70.0  2:00pm   50.9  8:00am   1.8  0.0  0.00  12  23  00:00   WNW  28.6 68.5
31   57.4  72.0  5:00pm   47.8  5:00am   0.3  0.0  0.00   9  17  00:00   SSE  28.7 57.9