NOAA-Style Climate Reports

Select a Year or Month report
2018: Jan Feb Mar Apr May Jun Jul Aug Sep Oct Nov Dec
2017: Jan Feb Mar Apr May Jun Jul Aug Sep Oct Nov Dec
2016: Jan Feb Mar Apr May Jun Jul Aug Sep Oct Nov Dec
2015: Jan Feb Mar Apr May Jun Jul Aug Sep Oct Nov Dec
2014: Jan Feb Mar Apr May Jun Jul Aug Sep Oct Nov Dec
2013: Jan Feb Mar Apr May Jun Jul Aug Sep Oct Nov Dec
2012: Jan Feb Mar Apr May Jun Jul Aug Sep Oct Nov Dec
2011: Jan Feb Mar Apr May Jun Jul Aug Sep Oct Nov Dec
2010: Jan Feb Mar Apr May Jun Jul Aug Sep Oct Nov Dec
2009: Jan Feb Mar Apr May Jun Jul Aug Sep Oct Nov Dec
2008: Jan Feb Mar Apr May Jun Jul Aug Sep Oct Nov Dec
2007: Jan Feb Mar Apr May Jun Jul Aug Sep Oct Nov Dec
2006: Jan Feb Mar Apr May Jun Jul Aug Sep Oct Nov Dec
2005: Jan Feb Mar Apr May Jun Jul Aug Sep Oct Nov Dec
2004: Jan Feb Mar Apr May Jun Jul Aug Sep Oct Nov Dec
2003: Jan Feb Mar Apr May Jun Jul Aug Sep Oct Nov Dec
2002: Jan Feb Mar Apr May Jun Jul Aug Sep Oct Nov Dec
2001: Jan Feb Mar Apr May Jun Jul Aug Sep Oct Nov Dec
2000: Jan Feb Mar Apr May Jun Jul Aug Sep Oct Nov Dec
1999: Jan Feb Mar Apr May Jun Jul Aug Sep Oct Nov Dec
1998: Jan Feb Mar Apr May Jun Jul Aug Sep Oct Nov Dec
1997: Jan Feb Mar Apr May Jun Jul Aug Sep Oct Nov Dec
1996: Jan Feb Mar Apr May Jun Jul Aug Sep Oct Nov Dec
1995: Jan Feb Mar Apr May Jun Jul Aug Sep Oct Nov Dec
1994: Jan Feb Mar Apr May Jun Jul Aug Sep Oct Nov Dec
1993: Jan Feb Mar Apr May Jun Jul Aug Sep Oct Nov Dec
1992: Jan Feb Mar Apr May Jun Jul Aug Sep Oct Nov Dec
1991: Jan Feb Mar Apr May Jun Jul Aug Sep Oct Nov Dec
1990: Jan Feb Mar Apr May Jun Jul Aug Sep Oct Nov Dec
1989: Jan Feb Mar Apr May Jun Jul Aug Sep Oct Nov Dec
1988: Jan Feb Mar Apr May Jun Jul Aug Sep Oct Nov Dec
1987: Jan Feb Mar Apr May Jun Jul Aug Sep Oct Nov Dec
1986: Jan Feb Mar Apr May Jun Jul Aug Sep Oct Nov Dec

Report for 1996 June
                  MONTHLY CLIMATOLOGICAL SUMMARY FOR 6/1996
                                        HEAT  COOL        
     MEAN                               DEG   DEG       WIND SPEED       DOM MEAN  MEAN
DAY  TEMP  HIGH   TIME     LOW   TIME   DAYS  DAYS RAIN AVG  HI  TIME    DIR BAROM HUM
---------------------------------------------------------------------------------------
1    57.7  72.0  5:00pm   46.9  6:00am   0.1  0.0  0.00   5   9  00:00     S  28.9 46.2
2    57.1  70.9  5:00pm   47.8  6:00am   1.0  0.0  0.00   6  12  00:00     S  29.1 36.7
3    59.7  75.9  3:00pm   45.0  6:00am   0.0  2.8  0.00   5   9  00:00   SSW  29.1 41.3
4      65  81.0  1:00pm   50.0  6:00am   0.0  8.0  0.00  11  21  00:00    SW  28.9 37.9
5    69.3  82.9  1:00pm   63.0  6:00am   0.0 11.1  0.00  10  18  00:00     W  28.8 28.6
6    58.5  70.9  5:00pm   50.0  8:00am   0.3  0.0  0.00  10  20  00:00     S  29.0 45.8
7    57.4  73.9  3:00pm   39.9  6:00am   0.0  0.7  0.00   5   8  00:00     E  29.1 45.1
8    66.3  86.0  3:00pm   47.8  6:00am   0.0 11.2  0.00   7  14  00:00     S  29.0 33.7
9    67.1  84.9  2:00pm   59.0  4:00am   0.0 11.0  0.00   5   9  00:00    SW  28.8 33.4
10   68.1  83.8  3:00pm   59.0  5:00am   0.0 11.0  0.00   9  17  00:00     W  28.8 33.0
11   67.3  84.9  3:00pm   54.9  3:00am   0.0 11.1  0.00  15  29  00:00    SW  28.9 36.4
12   61.5  77.9  2:00pm   54.0  3:00am   0.0  4.7  0.00  10  21  00:00     W  29.0 49.0
13   62.4  81.9  3:00pm   50.9  6:00am   0.0  7.2  0.00  18  35  00:00     S  28.9 53.3
14   63.4  77.9  3:00pm   52.0  4:00am   0.0  5.7  0.00   8  16  00:00   SSW  28.8 52.0
15   55.7  61.9  1:00am   54.0  2:00pm   6.2  0.0  0.00   7  14  00:00    NW  28.8 80.8
16   61.6  77.9  5:00pm   50.0  6:00am   0.0  4.8  0.00   9  17  00:00     S  28.8 56.0
17     67  86.0  4:00pm   52.9  4:00am   0.0 11.5  0.00   7  14  00:00   SSE  28.9 44.3
18   69.9  88.0  3:00pm   52.9  6:00am   0.0 14.0  0.00   8  15  00:00     S  28.7 38.1
19   68.4  86.9 12:00pm   48.9  6:00am   0.0 12.7  0.00   7  14  00:00   SSE  28.6 31.7
20   69.3  90.9  2:00pm   54.0  6:00am   0.0 15.1  0.00   8  15  00:00   SSW  28.8 52.2
21   63.5  79.9  1:00pm   56.8  3:20pm   0.0  6.7  0.00   9  17  00:00   SSE  28.8 59.5
22   61.1  77.0  3:00pm   57.9 11:00pm   0.0  4.1  0.00  16  30  00:00   SSW  28.7 67.5
23   65.2  82.9  3:00pm   50.0  6:00am   0.0  9.1  0.00  12  23  00:00    SE  28.7 46.1
24   70.9  88.9  2:00pm   59.0  6:00am   0.0 14.9  0.00  12  23  00:00   SSE  28.7 45.3
25   69.3  88.0  4:00pm   56.8  5:00am   0.0 13.7  0.00   9  16  00:00     S  28.8 38.9
26   71.6  90.9  5:00pm   56.8  2:00am   0.0 16.3  0.00  15  29  00:00   SSE  28.8 37.0
27   70.1  82.9  2:00pm   63.9 12:00am   0.0 11.5  0.00   7  14  00:00   SSE  28.6 41.2
28   66.3  82.9 12:00pm   59.9  4:00am   0.0  9.6  0.00   8  15  00:00   SSW  28.8 50.0
29   67.2  81.0  4:00pm   52.0  6:00am   0.0  9.1  0.00   8  15  00:00    SE  29.0 45.0
30   65.9  81.9  5:00pm   59.9  5:00am   0.0  8.9  0.00  18  35  00:00   SSE  28.7 48.9