NOAA-Style Climate Reports

Select a Year or Month report
2018: Jan Feb Mar Apr May Jun Jul Aug Sep Oct Nov Dec
2017: Jan Feb Mar Apr May Jun Jul Aug Sep Oct Nov Dec
2016: Jan Feb Mar Apr May Jun Jul Aug Sep Oct Nov Dec
2015: Jan Feb Mar Apr May Jun Jul Aug Sep Oct Nov Dec
2014: Jan Feb Mar Apr May Jun Jul Aug Sep Oct Nov Dec
2013: Jan Feb Mar Apr May Jun Jul Aug Sep Oct Nov Dec
2012: Jan Feb Mar Apr May Jun Jul Aug Sep Oct Nov Dec
2011: Jan Feb Mar Apr May Jun Jul Aug Sep Oct Nov Dec
2010: Jan Feb Mar Apr May Jun Jul Aug Sep Oct Nov Dec
2009: Jan Feb Mar Apr May Jun Jul Aug Sep Oct Nov Dec
2008: Jan Feb Mar Apr May Jun Jul Aug Sep Oct Nov Dec
2007: Jan Feb Mar Apr May Jun Jul Aug Sep Oct Nov Dec
2006: Jan Feb Mar Apr May Jun Jul Aug Sep Oct Nov Dec
2005: Jan Feb Mar Apr May Jun Jul Aug Sep Oct Nov Dec
2004: Jan Feb Mar Apr May Jun Jul Aug Sep Oct Nov Dec
2003: Jan Feb Mar Apr May Jun Jul Aug Sep Oct Nov Dec
2002: Jan Feb Mar Apr May Jun Jul Aug Sep Oct Nov Dec
2001: Jan Feb Mar Apr May Jun Jul Aug Sep Oct Nov Dec
2000: Jan Feb Mar Apr May Jun Jul Aug Sep Oct Nov Dec
1999: Jan Feb Mar Apr May Jun Jul Aug Sep Oct Nov Dec
1998: Jan Feb Mar Apr May Jun Jul Aug Sep Oct Nov Dec
1997: Jan Feb Mar Apr May Jun Jul Aug Sep Oct Nov Dec
1996: Jan Feb Mar Apr May Jun Jul Aug Sep Oct Nov Dec
1995: Jan Feb Mar Apr May Jun Jul Aug Sep Oct Nov Dec
1994: Jan Feb Mar Apr May Jun Jul Aug Sep Oct Nov Dec
1993: Jan Feb Mar Apr May Jun Jul Aug Sep Oct Nov Dec
1992: Jan Feb Mar Apr May Jun Jul Aug Sep Oct Nov Dec
1991: Jan Feb Mar Apr May Jun Jul Aug Sep Oct Nov Dec
1990: Jan Feb Mar Apr May Jun Jul Aug Sep Oct Nov Dec
1989: Jan Feb Mar Apr May Jun Jul Aug Sep Oct Nov Dec
1988: Jan Feb Mar Apr May Jun Jul Aug Sep Oct Nov Dec
1987: Jan Feb Mar Apr May Jun Jul Aug Sep Oct Nov Dec
1986: Jan Feb Mar Apr May Jun Jul Aug Sep Oct Nov Dec

Report for 1996 July
                  MONTHLY CLIMATOLOGICAL SUMMARY FOR 7/1996
                                        HEAT  COOL        
     MEAN                               DEG   DEG       WIND SPEED       DOM MEAN  MEAN
DAY  TEMP  HIGH   TIME     LOW   TIME   DAYS  DAYS RAIN AVG  HI  TIME    DIR BAROM HUM
---------------------------------------------------------------------------------------
1      73  89.6  4:45pm   60.8  4:50am   0.0 16.3  0.00   6  12  00:00     S  43.6 28.3
2    72.8  95.0  2:45pm   59.0  3:45am   0.0 18.9  0.00   7  14  00:00     S  62.3 25.1
3    78.5  93.2  4:50pm   68.0  4:45am   0.0 20.9  0.00   9  17  00:00   SSW  28.7 23.7
4      76  95.0  1:45pm   66.2  5:50am   0.0 20.5  0.00   8  15  00:00   SSW  28.6 26.6
5    74.9  89.6 10:45am   64.4 10:50pm   0.0 17.3  0.00  21  40  00:00    NW  28.3 35.3
6    72.8  89.6  2:48pm   68.0  5:03am   0.0 16.2  0.00  18  35  00:00   SSE  28.8 38.7
7    71.9  89.6  2:45pm   60.8  5:45am   0.0 15.8  0.00   7  13  00:00   WSW  28.7 41.0
8    61.9  75.2  6:55pm   57.2 11:49am   0.0  3.6  0.00   7  14  00:00    SW  28.9 63.2
9    57.6  68.0  4:45pm   57.2  9:45pm   2.2  0.0  0.00   7  14  00:00     S  27.9 76.0
10   65.7  84.2  5:49pm   57.2  5:47am   0.0 10.0  0.00   7  13  00:00    SW  27.8 49.5
11   73.3  89.6  2:52pm   62.6  3:45am   0.0 16.5  0.00   9  16  00:00   SSE  28.7 36.2
12   66.4  78.8 12:45pm   59.0  3:50am   0.0  7.6  0.00  18  35  00:00   WNW  28.9 64.3
13   68.5  82.4  4:45pm   59.0 11:45pm   0.0 10.5  0.00  16  30  00:00     S  28.6 56.6
14   65.1  80.6  3:45pm   53.6  6:45am   0.0  7.9  0.00   9  16  00:00   SSE  28.8 53.5
15   69.9  89.6 12:45pm   59.0  2:45am   0.0 14.8  0.00   8  15  00:00   SSW  28.5 41.3
16   73.6  84.2  1:45pm   69.8 12:45am   0.0 13.9  0.00   9  16  00:00     S  28.6 35.2
17   72.1  89.6  1:45pm   57.2  5:45am   0.0 15.9  0.00   9  17  00:00    SE  28.8 42.3
18     67  80.6 12:50pm   64.4  2:45am   0.0  8.8  0.00   6  12  00:00   SSW  28.7 51.0
19   72.5  89.6  4:55pm   60.8  2:45am   0.0 16.1  0.00   7  14  00:00    SE  28.9 42.8
20   74.5  91.4  3:45pm   60.8  5:45am   0.0 18.0  0.00   7  14  00:00    SE  28.6 36.3
21   75.3  89.6  2:49pm   64.4  5:45am   0.0 17.5  0.00   7  14  00:00    SE  28.8 29.2
22   69.8  82.4  1:45pm   64.4  1:47am   0.0 11.1  0.00   7  14  00:00   ESE  28.8 40.0
23   67.9  82.4  1:45pm   62.6  2:45am   0.0 10.2  0.00  12  23  00:00     S  28.8 47.6
24   63.4  77.0  5:54pm   55.4  1:45am   0.0  5.2  0.00   7  13  00:00   SSW-407.1 60.6
25   66.4  82.4  2:50pm   59.0 12:47am   0.0  9.4  0.00  13  25  00:00   WSW  28.9 58.2
26   64.6  78.8  1:51pm   57.2  4:50am   0.0  6.7  0.00  12  23  00:00   WSW  29.0 57.2
27   69.3  87.8  2:47pm   57.2  3:50am   0.0 13.6  0.00   6  12  00:00   ESE  28.9 41.8
28   67.4  82.4  1:45pm   59.0  4:45am   0.0  9.9  0.00   9  17  00:00    NW  28.8 52.3
29   61.6  71.6  4:55pm   60.8 11:45am   0.0  1.6  0.00   6  12  00:00     W  28.9 66.9
30   67.2  84.2  4:50pm   53.6  4:45am   0.0 10.7  0.00  12  23  00:00     S  28.9 55.3
31   69.6  87.8  1:48pm   57.2  5:45am   0.0 13.7  0.00   6  12  00:00   SSW  28.9 52.1