NOAA-Style Climate Reports

Select a Year or Month report
2018: Jan Feb Mar Apr May Jun Jul Aug Sep Oct Nov Dec
2017: Jan Feb Mar Apr May Jun Jul Aug Sep Oct Nov Dec
2016: Jan Feb Mar Apr May Jun Jul Aug Sep Oct Nov Dec
2015: Jan Feb Mar Apr May Jun Jul Aug Sep Oct Nov Dec
2014: Jan Feb Mar Apr May Jun Jul Aug Sep Oct Nov Dec
2013: Jan Feb Mar Apr May Jun Jul Aug Sep Oct Nov Dec
2012: Jan Feb Mar Apr May Jun Jul Aug Sep Oct Nov Dec
2011: Jan Feb Mar Apr May Jun Jul Aug Sep Oct Nov Dec
2010: Jan Feb Mar Apr May Jun Jul Aug Sep Oct Nov Dec
2009: Jan Feb Mar Apr May Jun Jul Aug Sep Oct Nov Dec
2008: Jan Feb Mar Apr May Jun Jul Aug Sep Oct Nov Dec
2007: Jan Feb Mar Apr May Jun Jul Aug Sep Oct Nov Dec
2006: Jan Feb Mar Apr May Jun Jul Aug Sep Oct Nov Dec
2005: Jan Feb Mar Apr May Jun Jul Aug Sep Oct Nov Dec
2004: Jan Feb Mar Apr May Jun Jul Aug Sep Oct Nov Dec
2003: Jan Feb Mar Apr May Jun Jul Aug Sep Oct Nov Dec
2002: Jan Feb Mar Apr May Jun Jul Aug Sep Oct Nov Dec
2001: Jan Feb Mar Apr May Jun Jul Aug Sep Oct Nov Dec
2000: Jan Feb Mar Apr May Jun Jul Aug Sep Oct Nov Dec
1999: Jan Feb Mar Apr May Jun Jul Aug Sep Oct Nov Dec
1998: Jan Feb Mar Apr May Jun Jul Aug Sep Oct Nov Dec
1997: Jan Feb Mar Apr May Jun Jul Aug Sep Oct Nov Dec
1996: Jan Feb Mar Apr May Jun Jul Aug Sep Oct Nov Dec
1995: Jan Feb Mar Apr May Jun Jul Aug Sep Oct Nov Dec
1994: Jan Feb Mar Apr May Jun Jul Aug Sep Oct Nov Dec
1993: Jan Feb Mar Apr May Jun Jul Aug Sep Oct Nov Dec
1992: Jan Feb Mar Apr May Jun Jul Aug Sep Oct Nov Dec
1991: Jan Feb Mar Apr May Jun Jul Aug Sep Oct Nov Dec
1990: Jan Feb Mar Apr May Jun Jul Aug Sep Oct Nov Dec
1989: Jan Feb Mar Apr May Jun Jul Aug Sep Oct Nov Dec
1988: Jan Feb Mar Apr May Jun Jul Aug Sep Oct Nov Dec
1987: Jan Feb Mar Apr May Jun Jul Aug Sep Oct Nov Dec
1986: Jan Feb Mar Apr May Jun Jul Aug Sep Oct Nov Dec

Report for 1996 August
                  MONTHLY CLIMATOLOGICAL SUMMARY FOR 8/1996
                                        HEAT  COOL        
     MEAN                               DEG   DEG       WIND SPEED       DOM MEAN  MEAN
DAY  TEMP  HIGH   TIME     LOW   TIME   DAYS  DAYS RAIN AVG  HI  TIME    DIR BAROM HUM
---------------------------------------------------------------------------------------
1    71.4  87.8  1:45pm   59.0  1:45am   0.0 14.6  0.00   9  16  00:00   SSE  28.9 45.0
2    73.4  91.4  1:45pm   60.8  5:45am   0.0 17.4  0.00   9  16  00:00   SSE  28.9 37.0
3    71.6  89.6  3:47pm   59.0  3:50am   0.0 15.6  0.00   8  15  00:00   SSW  28.8 39.3
4    69.8  89.6  2:45pm   57.2  4:50am   0.0 14.7  0.00   9  17  00:00   SSW  28.7 41.8
5    70.5  91.4  2:45pm   51.8  3:47am   0.0 16.0  0.00  15  29  00:00   SSE  28.7 35.8
6    73.3  93.2  3:45pm   60.8  3:49am   0.0 18.3  0.00  18  35  00:00    SE  28.7 29.3
7    59.6  80.6  1:45pm   53.6  5:45am   0.0  5.1  0.00  29  58  00:00   WSW  29.0 53.2
8    66.1  82.4  2:45pm   59.0 12:45am   0.0  9.3  0.00   7  14  00:00   SSE  41.4 55.6
9    67.5  86.0  1:50pm   57.2  6:50am   0.0 11.8  0.00  15  29  00:00    SW  28.7 44.6
10   67.7  84.2  1:45pm   57.2  6:45am   0.0 11.0  0.00  12  23  00:00     W  28.9 44.4
11   69.2  89.6  3:45pm   53.6  3:45am   0.0 14.4  0.00   9  16  00:00     S  29.0 31.0
12   75.6  96.8  4:45pm   57.2  5:47am   0.0 21.2  0.00   7  13  00:00   SSE  29.0 24.2
13   74.7  93.2  1:45pm   64.4  2:46am   0.0 19.0  0.00  10  18  00:00    SW  28.9 24.7
14   68.3  78.8  1:50pm   62.6  2:45am   0.0  8.6  0.00   8  15  00:00   WSW  29.1 55.7
15   68.2  86.0  2:50pm   60.8  2:45am   0.0 12.1  0.00  18  35  00:00   SSW  29.0 50.4
16   66.1  80.6 12:51pm   60.8  2:48am   0.0  8.4  0.00   7  14  00:00    NW  28.8 45.1
17   70.3  89.6  3:50pm   55.4  3:50am   0.0 15.0  0.00  12  23  00:00   SSE  28.9 37.3
18   69.4  84.2 11:48am   59.0  3:45am   0.0 11.8  0.00   6  12  00:00   SSE  28.8 38.7
19   62.6  73.4  4:45pm   60.8  3:45am   0.0  3.0  0.00   7  13  00:00    SW  29.0 57.5
20   69.4  86.0 12:49pm   55.4  3:45am   0.0 12.7  0.00  11  21  00:00     S  28.8 42.4
21   68.3  86.0 12:49pm   60.8  3:45am   0.0 12.2  0.00   7  14  00:00     S  28.3 46.0
22   61.6  75.2  1:45pm   59.0  5:45am   0.0  3.4  0.00   6  10  00:00   SSW  28.8 66.1
23     62  80.6  1:45pm   57.2  2:52am   0.0  6.3  0.00  12  22  00:00   SSW  29.2 66.2
24   66.2  86.0  4:45pm   55.4 12:55am   0.0 11.1  0.00   9  17  00:00     S-372.1 54.1
25   67.6  84.2  4:45pm   57.2  6:47am   0.0 10.9  0.00   8  15  00:00    SW  28.9 41.9
26   66.8  80.6  2:45pm   55.4  6:47am   0.0  8.7  0.00  24  46  00:00     S  28.9 45.6
27   61.9  77.0 12:45pm   55.4  4:45am   0.0  4.5  0.00   9  16  00:00     S  29.0 61.3
28   64.8  80.6 12:55pm   55.4  3:45am   0.0  7.7  0.00   6  12  00:00    SW  28.9 52.7
29   63.8  78.8 11:45am   55.4  5:47am   0.0  6.3  0.00  28  54  00:00   SSW  28.9 55.5
30   59.2  71.6  3:47pm   53.6  3:50am   0.0  0.4  0.00   6  12  00:00     S  29.0 66.4
31   64.2  84.2  1:45pm   51.8  6:45am   0.0  9.2  0.00   6  12  00:00    SE  28.4 51.7