NOAA-Style Climate Reports

Select a Year or Month report
2018: Jan Feb Mar Apr May Jun Jul Aug Sep Oct Nov Dec
2017: Jan Feb Mar Apr May Jun Jul Aug Sep Oct Nov Dec
2016: Jan Feb Mar Apr May Jun Jul Aug Sep Oct Nov Dec
2015: Jan Feb Mar Apr May Jun Jul Aug Sep Oct Nov Dec
2014: Jan Feb Mar Apr May Jun Jul Aug Sep Oct Nov Dec
2013: Jan Feb Mar Apr May Jun Jul Aug Sep Oct Nov Dec
2012: Jan Feb Mar Apr May Jun Jul Aug Sep Oct Nov Dec
2011: Jan Feb Mar Apr May Jun Jul Aug Sep Oct Nov Dec
2010: Jan Feb Mar Apr May Jun Jul Aug Sep Oct Nov Dec
2009: Jan Feb Mar Apr May Jun Jul Aug Sep Oct Nov Dec
2008: Jan Feb Mar Apr May Jun Jul Aug Sep Oct Nov Dec
2007: Jan Feb Mar Apr May Jun Jul Aug Sep Oct Nov Dec
2006: Jan Feb Mar Apr May Jun Jul Aug Sep Oct Nov Dec
2005: Jan Feb Mar Apr May Jun Jul Aug Sep Oct Nov Dec
2004: Jan Feb Mar Apr May Jun Jul Aug Sep Oct Nov Dec
2003: Jan Feb Mar Apr May Jun Jul Aug Sep Oct Nov Dec
2002: Jan Feb Mar Apr May Jun Jul Aug Sep Oct Nov Dec
2001: Jan Feb Mar Apr May Jun Jul Aug Sep Oct Nov Dec
2000: Jan Feb Mar Apr May Jun Jul Aug Sep Oct Nov Dec
1999: Jan Feb Mar Apr May Jun Jul Aug Sep Oct Nov Dec
1998: Jan Feb Mar Apr May Jun Jul Aug Sep Oct Nov Dec
1997: Jan Feb Mar Apr May Jun Jul Aug Sep Oct Nov Dec
1996: Jan Feb Mar Apr May Jun Jul Aug Sep Oct Nov Dec
1995: Jan Feb Mar Apr May Jun Jul Aug Sep Oct Nov Dec
1994: Jan Feb Mar Apr May Jun Jul Aug Sep Oct Nov Dec
1993: Jan Feb Mar Apr May Jun Jul Aug Sep Oct Nov Dec
1992: Jan Feb Mar Apr May Jun Jul Aug Sep Oct Nov Dec
1991: Jan Feb Mar Apr May Jun Jul Aug Sep Oct Nov Dec
1990: Jan Feb Mar Apr May Jun Jul Aug Sep Oct Nov Dec
1989: Jan Feb Mar Apr May Jun Jul Aug Sep Oct Nov Dec
1988: Jan Feb Mar Apr May Jun Jul Aug Sep Oct Nov Dec
1987: Jan Feb Mar Apr May Jun Jul Aug Sep Oct Nov Dec
1986: Jan Feb Mar Apr May Jun Jul Aug Sep Oct Nov Dec

Report for 1996 September
                  MONTHLY CLIMATOLOGICAL SUMMARY FOR 9/1996
                                        HEAT  COOL        
     MEAN                               DEG   DEG       WIND SPEED       DOM MEAN  MEAN
DAY  TEMP  HIGH   TIME     LOW   TIME   DAYS  DAYS RAIN AVG  HI  TIME    DIR BAROM HUM
---------------------------------------------------------------------------------------
1    71.4  87.8 12:45pm   59.0  6:45am   0.0 14.6  0.00   9  17  00:00   SSW  28.5 24.4
2    71.3  87.8 12:45pm   59.0  5:45am   0.0 14.6  0.00   9  17  00:00   SSE  28.5 25.3
3    71.2  87.8 12:47pm   57.2  4:45am   0.0 14.5  0.00   7  14  00:00   SSE  28.7 24.1
4    71.9  95.0  1:45pm   55.4  6:45am   0.0 18.5  0.00  11  21  00:00   SSE  28.7 28.0
5    71.2  89.6 12:45pm   60.8  2:46am   0.0 15.4  0.00  21  40  00:00     S  28.7 34.5
6    53.6  60.8 12:45am   50.0  9:47pm   7.8  0.0  0.00   5   9  00:00    NW  28.9 77.2
7    58.1  75.2  3:45pm   44.6  5:45am   0.0  1.7  0.00   6  12  00:00   SSW  28.9 52.0
8    64.2  80.6  2:45pm   50.0  3:45am   0.0  7.4  0.00   5   9  00:00     S  28.9 32.6
9    66.8  86.0  1:45pm   53.6  2:47am   0.0 11.4  0.00  12  23  00:00     S  28.8 27.0
10   68.4  86.0  2:50pm   57.2  2:45am   0.0 12.2  0.00   9  17  00:00   SSW  29.0 28.6
11   60.1  75.2  3:45pm   53.6  5:45am   0.0  2.7  0.00  13  24  00:00   SSW  28.8 55.1
12   56.4  71.6  1:45pm   51.8  4:45am   1.0  0.0  0.00   6  12  00:00   SSE  28.8 73.2
13   57.1  71.6  1:45pm   53.6  7:45am   0.6  0.0  0.00   7  14  00:00   SSW  28.7 69.3
14   54.9  69.8  1:45pm   48.2  5:50am   2.6  0.0  0.00   8  15  00:00   SSW-372.5 68.4
15   56.4  68.0  2:55pm   51.8 10:50pm   2.8  0.0  0.00   6  10  00:00    SW-389.3 68.0
16     59  75.2  2:05pm   48.2  6:45am   0.0  2.1  0.00  21  40  00:00   SSE  28.6 63.0
17   50.3  59.0 12:45pm   44.6  8:45pm  10.3  0.0  0.00   7  14  00:00   SSW  28.6 76.8
18   46.4  60.8  1:45pm   32.0 10:45pm  11.4  0.0  0.00  13  25  00:00   SSE  40.9 72.3
19   45.4  59.0  4:45pm   33.8 12:48am  12.8  0.0  0.00   7  14  00:00   WSW  28.7 54.3
20   51.3  62.6  3:45pm   46.4  3:47am   8.0  0.0  0.00  10  18  00:00     W  28.7 41.3
21   56.3  75.2  1:45pm   41.0  4:50am   0.0  0.8  0.00   9  16  00:00   SSE  28.7 42.0
22   61.2  80.6  1:55pm   46.4  3:45am   0.0  5.9  0.00   6  12  00:00    SW  28.3 44.6
23   48.8  57.2 12:47am   44.6 10:45pm  12.0  0.0  0.00   6  12  00:00   SSW  29.0 67.5
24   55.2  73.4  3:45pm   44.6 12:45am   0.7  0.0  0.00   9  17  00:00   SSW  28.5 58.1
25   46.3  66.2  2:45pm   32.0 11:45pm   8.7  0.0  0.00   9  12  00:00     N  28.5 75.9
26   34.1  42.8  2:45pm   30.2  5:49am  26.5  0.0  0.00   5   9  00:00   SSE  28.6 75.7
27   38.7  53.6  3:48pm   24.8  6:45am  18.8  0.0  0.00   9  17  00:00     W  28.9 56.6
28   54.2  71.6  2:45pm   41.0  6:50am   2.1  0.0  0.00   6  10  00:00     S  28.9 44.6
29   59.6  78.8  2:55pm   42.8  6:47am   0.0  4.2  0.00   9  16  00:00   SSE  28.8 41.0
30   60.8  77.0  1:45pm   50.0  1:47am   0.0  3.9  0.00   7  14  00:00     S  28.8 38.8