NOAA-Style Climate Reports

Select a Year or Month report
2018: Jan Feb Mar Apr May Jun Jul Aug Sep Oct Nov Dec
2017: Jan Feb Mar Apr May Jun Jul Aug Sep Oct Nov Dec
2016: Jan Feb Mar Apr May Jun Jul Aug Sep Oct Nov Dec
2015: Jan Feb Mar Apr May Jun Jul Aug Sep Oct Nov Dec
2014: Jan Feb Mar Apr May Jun Jul Aug Sep Oct Nov Dec
2013: Jan Feb Mar Apr May Jun Jul Aug Sep Oct Nov Dec
2012: Jan Feb Mar Apr May Jun Jul Aug Sep Oct Nov Dec
2011: Jan Feb Mar Apr May Jun Jul Aug Sep Oct Nov Dec
2010: Jan Feb Mar Apr May Jun Jul Aug Sep Oct Nov Dec
2009: Jan Feb Mar Apr May Jun Jul Aug Sep Oct Nov Dec
2008: Jan Feb Mar Apr May Jun Jul Aug Sep Oct Nov Dec
2007: Jan Feb Mar Apr May Jun Jul Aug Sep Oct Nov Dec
2006: Jan Feb Mar Apr May Jun Jul Aug Sep Oct Nov Dec
2005: Jan Feb Mar Apr May Jun Jul Aug Sep Oct Nov Dec
2004: Jan Feb Mar Apr May Jun Jul Aug Sep Oct Nov Dec
2003: Jan Feb Mar Apr May Jun Jul Aug Sep Oct Nov Dec
2002: Jan Feb Mar Apr May Jun Jul Aug Sep Oct Nov Dec
2001: Jan Feb Mar Apr May Jun Jul Aug Sep Oct Nov Dec
2000: Jan Feb Mar Apr May Jun Jul Aug Sep Oct Nov Dec
1999: Jan Feb Mar Apr May Jun Jul Aug Sep Oct Nov Dec
1998: Jan Feb Mar Apr May Jun Jul Aug Sep Oct Nov Dec
1997: Jan Feb Mar Apr May Jun Jul Aug Sep Oct Nov Dec
1996: Jan Feb Mar Apr May Jun Jul Aug Sep Oct Nov Dec
1995: Jan Feb Mar Apr May Jun Jul Aug Sep Oct Nov Dec
1994: Jan Feb Mar Apr May Jun Jul Aug Sep Oct Nov Dec
1993: Jan Feb Mar Apr May Jun Jul Aug Sep Oct Nov Dec
1992: Jan Feb Mar Apr May Jun Jul Aug Sep Oct Nov Dec
1991: Jan Feb Mar Apr May Jun Jul Aug Sep Oct Nov Dec
1990: Jan Feb Mar Apr May Jun Jul Aug Sep Oct Nov Dec
1989: Jan Feb Mar Apr May Jun Jul Aug Sep Oct Nov Dec
1988: Jan Feb Mar Apr May Jun Jul Aug Sep Oct Nov Dec
1987: Jan Feb Mar Apr May Jun Jul Aug Sep Oct Nov Dec
1986: Jan Feb Mar Apr May Jun Jul Aug Sep Oct Nov Dec

Report for 1996 October
                  MONTHLY CLIMATOLOGICAL SUMMARY FOR 10/1996
                                        HEAT  COOL        
     MEAN                               DEG   DEG       WIND SPEED       DOM MEAN  MEAN
DAY  TEMP  HIGH   TIME     LOW   TIME   DAYS  DAYS RAIN AVG  HI  TIME    DIR BAROM HUM
---------------------------------------------------------------------------------------
1    62.8  78.8  2:45pm   53.6  5:45am   0.0  5.8  0.00   4   7  00:00     W  28.9 30.3
2    49.6  64.4  3:45pm   44.6  6:54am   8.0  0.0  0.00   7  14  00:00   SSW  29.1 68.3
3    53.7  69.8  1:45pm   44.6  4:45am   3.2  0.0  0.00   7  14  00:00     W  28.8 60.1
4    54.9  69.8  2:45pm   44.6  6:45am   2.6  0.0  0.00   6  12  00:00    SW  28.9 59.9
5    58.4  73.4  1:50pm   48.2  2:45am   0.0  0.9  0.00   6  12  00:00   SSW  28.9 44.9
6    56.8  71.6  2:45pm   48.2  4:45am   0.8  0.0  0.00   6  12  00:00   SSE  29.1 46.5
7    50.9  64.4  3:55pm   44.6  7:50am   7.3  0.0  0.00   6  12  00:00    SW  28.9 62.5
8    53.8  71.6  2:45pm   42.8  3:45am   2.3  0.0  0.00   5   8  00:00   SSE  28.9 45.5
9    52.5  71.6  3:55pm   39.2  7:45am   2.9  0.0  0.00   5   9  00:00    SE  28.8 45.7
10   57.7  80.6  1:45pm   42.8  5:45am   0.0  4.2  0.00   7  13  00:00   SSE  28.8 41.1
11   66.2  84.2  2:47pm   55.4 11:45pm   0.0 10.2  0.00   6  10  00:00   SSW  28.7 22.3
12   62.2  80.6  1:55pm   44.6  6:45am   0.0  6.4  0.00   5   9  00:00   SSE  28.9 26.8
13   61.4  78.8  2:45pm   51.8 12:45am   0.0  5.1  0.00   4   7  00:00    SW  28.8 28.0
14   58.8  71.6 12:45pm   51.8  1:47am   0.0  0.2  0.00   6  13  00:00   WSW  28.6 28.9
15   55.8  73.4  2:55pm   42.8  2:45am   0.4  0.0  0.00   7  13  00:00   SSW  28.8 33.0
16   49.7  66.2 11:45am   39.2  8:48pm   7.0  0.0  0.00  12  23  00:00   WNW  28.6 46.0
17   35.5  44.6 12:55pm   28.4  9:45pm  24.9  0.0  0.00  15  29  00:00     W  28.8 38.4
18   48.4  73.4  2:45pm   26.6  2:50am   4.1  0.0  0.00   8  15  00:00   SSW  28.5 31.6
19   58.4  73.4  1:45pm   44.6 10:45pm   0.0  0.9  0.00  12  23  00:00     S  28.3 23.9
20   33.2  41.0  3:45am   28.4  7:45pm  27.9  0.0  0.00   6  10  00:00   ESE  28.5 71.8
21   29.5  39.2  3:45pm   24.8  7:45am  30.6  0.0  0.00  10  18  00:00   SSE  28.8 55.4
22   39.1  57.2  3:45pm   23.0 12:45am  16.8  0.0  0.00  13  25  00:00   WSW  28.6 33.4
23   42.5  60.8  2:45pm   32.0  2:45am  13.3  0.0  0.00   7  14  00:00   SSW  28.8 40.5
24   44.3  64.4  3:03pm   28.4  4:45am  10.6  0.0  0.00  12  23  00:00   SSW  28.4 38.3
25   45.1  60.8  2:45pm   33.8  2:50am  12.0  0.0  0.00  17  32  00:00    SW  28.1 40.4
26   34.1  44.6 12:47pm   30.2  8:45pm  25.6  0.0  0.00  14  27  00:00     W  28.5 68.4
27   35.3  51.8  3:45pm   28.4  1:45am  21.4  0.0  0.00   6  12  00:00   SSE  28.9 69.7
28   46.1  66.2 12:45pm   30.2  3:45am   8.8  0.0  0.00  21  40  00:00   SSE  28.7 59.8
29   45.8  57.2 11:45am   39.2  7:45pm  13.5  0.0  0.00  21  40  00:00     W  28.4 38.3
30   33.7  41.0 10:45am   30.2  5:45am  27.6  0.0  0.00   6  12  00:00     W  28.6 70.2
31   28.9  32.0  1:45am   28.4  5:50am  34.5  0.0  0.00   6  12  00:00    NW  28.7 87.4