NOAA-Style Climate Reports

Select a Year or Month report
2018: Jan Feb Mar Apr May Jun Jul Aug Sep Oct Nov Dec
2017: Jan Feb Mar Apr May Jun Jul Aug Sep Oct Nov Dec
2016: Jan Feb Mar Apr May Jun Jul Aug Sep Oct Nov Dec
2015: Jan Feb Mar Apr May Jun Jul Aug Sep Oct Nov Dec
2014: Jan Feb Mar Apr May Jun Jul Aug Sep Oct Nov Dec
2013: Jan Feb Mar Apr May Jun Jul Aug Sep Oct Nov Dec
2012: Jan Feb Mar Apr May Jun Jul Aug Sep Oct Nov Dec
2011: Jan Feb Mar Apr May Jun Jul Aug Sep Oct Nov Dec
2010: Jan Feb Mar Apr May Jun Jul Aug Sep Oct Nov Dec
2009: Jan Feb Mar Apr May Jun Jul Aug Sep Oct Nov Dec
2008: Jan Feb Mar Apr May Jun Jul Aug Sep Oct Nov Dec
2007: Jan Feb Mar Apr May Jun Jul Aug Sep Oct Nov Dec
2006: Jan Feb Mar Apr May Jun Jul Aug Sep Oct Nov Dec
2005: Jan Feb Mar Apr May Jun Jul Aug Sep Oct Nov Dec
2004: Jan Feb Mar Apr May Jun Jul Aug Sep Oct Nov Dec
2003: Jan Feb Mar Apr May Jun Jul Aug Sep Oct Nov Dec
2002: Jan Feb Mar Apr May Jun Jul Aug Sep Oct Nov Dec
2001: Jan Feb Mar Apr May Jun Jul Aug Sep Oct Nov Dec
2000: Jan Feb Mar Apr May Jun Jul Aug Sep Oct Nov Dec
1999: Jan Feb Mar Apr May Jun Jul Aug Sep Oct Nov Dec
1998: Jan Feb Mar Apr May Jun Jul Aug Sep Oct Nov Dec
1997: Jan Feb Mar Apr May Jun Jul Aug Sep Oct Nov Dec
1996: Jan Feb Mar Apr May Jun Jul Aug Sep Oct Nov Dec
1995: Jan Feb Mar Apr May Jun Jul Aug Sep Oct Nov Dec
1994: Jan Feb Mar Apr May Jun Jul Aug Sep Oct Nov Dec
1993: Jan Feb Mar Apr May Jun Jul Aug Sep Oct Nov Dec
1992: Jan Feb Mar Apr May Jun Jul Aug Sep Oct Nov Dec
1991: Jan Feb Mar Apr May Jun Jul Aug Sep Oct Nov Dec
1990: Jan Feb Mar Apr May Jun Jul Aug Sep Oct Nov Dec
1989: Jan Feb Mar Apr May Jun Jul Aug Sep Oct Nov Dec
1988: Jan Feb Mar Apr May Jun Jul Aug Sep Oct Nov Dec
1987: Jan Feb Mar Apr May Jun Jul Aug Sep Oct Nov Dec
1986: Jan Feb Mar Apr May Jun Jul Aug Sep Oct Nov Dec

Report for 1996 November
                  MONTHLY CLIMATOLOGICAL SUMMARY FOR 11/1996
                                        HEAT  COOL        
     MEAN                               DEG   DEG       WIND SPEED       DOM MEAN  MEAN
DAY  TEMP  HIGH   TIME     LOW   TIME   DAYS  DAYS RAIN AVG  HI  TIME    DIR BAROM HUM
---------------------------------------------------------------------------------------
1    35.7  51.8  2:45pm   28.4 12:50am  21.2  0.0  0.00   6  10  00:00    SW  28.3 62.2
2    45.5  64.4  2:45pm   32.0 12:53am  10.0  0.0  0.00   9  16  00:00   SSW  28.9 38.3
3    47.4  62.6  2:45pm   37.4 12:45am  10.0  0.0  0.00   7  14  00:00    SW  28.7 42.5
4      46  59.0 11:50am   37.4  9:45pm  12.5  0.0  0.00  10  20  00:00    SW  28.4 41.6
5    44.1  62.6 12:47pm   32.0 11:45pm  11.6  0.0  0.00  17  32  00:00   SSE  28.6 40.7
6    32.9  46.4  3:55pm   26.6  2:45am  25.3  0.0  0.00  51 101  00:00     S  28.8 49.2
7      35  46.4 11:45am   23.0 10:48pm  24.3  0.0  0.00  21  40  00:00   WNW  28.8 36.5
8    37.2  57.2 12:45pm   19.4  2:45am  17.8  0.0  0.00  25  48  00:00    SW  29.0 51.0
9    46.5  62.6 12:45pm   35.6 11:45pm  10.4  0.0  0.00   9  17  00:00    SW 153.6 31.5
10   48.5  64.4 10:48am   35.6 12:45am   8.5  0.0  0.00   9  17  00:00   WSW  28.8 24.8
11   39.7  57.2 12:49pm   28.4 11:45pm  16.5  0.0  0.00   8  15  00:00   SSE  29.0 40.4
12   44.2  68.0  2:45pm   26.6  6:45am   8.9  0.0  0.00   6  12  00:00    SE  29.0 41.0
13   41.9  55.4  2:45am   26.6 11:50pm  16.3  0.0  0.00   7  14  00:00   WSW  28.6 45.6
14     27  39.2 12:50pm   23.0  6:51am  31.9  0.0  0.00   6  12  00:00   WSW  28.4 81.9
15   31.2  69.8  1:30pm   24.8  6:45am  14.5  0.0  0.00   6  10  00:00    SE  28.5 85.5
16   17.2  28.4 12:47am    6.8 11:45pm  42.2  0.0  0.00   9  16  00:00   ESE  28.5 83.1
17   25.5  41.0 10:45am    8.6 12:45am  31.7  0.0  0.00  10  18  00:00   SSE  28.7 60.9
18   42.8  59.0 10:55am   35.6  1:47am  14.1  0.0  0.00   8  15  00:00    SW  28.7 57.5
19     57  73.4  2:45pm   48.2 12:45am   0.0  0.2  0.00  11  21  00:00     S  28.6 33.1
20   51.9  66.2 11:49am   37.4 10:45pm   5.9  0.0  0.00  11  21  00:00   SSW  28.6 34.6
21   36.9  57.2  2:45pm   24.8  6:55am  17.9  0.0  0.00   6  12  00:00    SW  28.9 73.0
22   47.5  62.6  9:45am   35.6  4:45am   9.9  0.0  0.00   9  17  00:00    SW  28.5 51.9
23   29.8  48.2 12:45am   23.0 10:45pm  26.0  0.0  0.00   6  12  00:00    SE  28.9 80.2
24   29.6  48.2  2:45pm   15.8  3:55am  26.1  0.0  0.00   9  16  00:00   SSE  28.8 66.1
25   36.7  51.8 12:45pm   26.6  1:47am  20.7  0.0  0.00   6  12  00:00   SSW  28.7 49.3
26     26  30.2 10:45am   23.0  6:45pm  36.9  0.0  0.00   7  14  00:00   WSW  29.0 90.3
27   26.8  46.4  2:45pm   12.2  5:50am  28.4  0.0  0.00   6  12  00:00   SSE  29.0 66.4
28   39.7  59.0  1:45pm   28.4 12:45am  15.6  0.0  0.00   7  14  00:00   SSW  28.6 30.2
29   30.1  39.2 11:45am   23.0 11:55pm  30.3  0.0  0.00   9  17  00:00   SSW  28.3 69.1
30     23  30.2 12:45pm   19.4  3:45am  38.4  0.0  0.00   9  16  00:00   SSE  28.7 71.1