NOAA-Style Climate Reports

Select a Year or Month report
2018: Jan Feb Mar Apr May Jun Jul Aug Sep Oct Nov Dec
2017: Jan Feb Mar Apr May Jun Jul Aug Sep Oct Nov Dec
2016: Jan Feb Mar Apr May Jun Jul Aug Sep Oct Nov Dec
2015: Jan Feb Mar Apr May Jun Jul Aug Sep Oct Nov Dec
2014: Jan Feb Mar Apr May Jun Jul Aug Sep Oct Nov Dec
2013: Jan Feb Mar Apr May Jun Jul Aug Sep Oct Nov Dec
2012: Jan Feb Mar Apr May Jun Jul Aug Sep Oct Nov Dec
2011: Jan Feb Mar Apr May Jun Jul Aug Sep Oct Nov Dec
2010: Jan Feb Mar Apr May Jun Jul Aug Sep Oct Nov Dec
2009: Jan Feb Mar Apr May Jun Jul Aug Sep Oct Nov Dec
2008: Jan Feb Mar Apr May Jun Jul Aug Sep Oct Nov Dec
2007: Jan Feb Mar Apr May Jun Jul Aug Sep Oct Nov Dec
2006: Jan Feb Mar Apr May Jun Jul Aug Sep Oct Nov Dec
2005: Jan Feb Mar Apr May Jun Jul Aug Sep Oct Nov Dec
2004: Jan Feb Mar Apr May Jun Jul Aug Sep Oct Nov Dec
2003: Jan Feb Mar Apr May Jun Jul Aug Sep Oct Nov Dec
2002: Jan Feb Mar Apr May Jun Jul Aug Sep Oct Nov Dec
2001: Jan Feb Mar Apr May Jun Jul Aug Sep Oct Nov Dec
2000: Jan Feb Mar Apr May Jun Jul Aug Sep Oct Nov Dec
1999: Jan Feb Mar Apr May Jun Jul Aug Sep Oct Nov Dec
1998: Jan Feb Mar Apr May Jun Jul Aug Sep Oct Nov Dec
1997: Jan Feb Mar Apr May Jun Jul Aug Sep Oct Nov Dec
1996: Jan Feb Mar Apr May Jun Jul Aug Sep Oct Nov Dec
1995: Jan Feb Mar Apr May Jun Jul Aug Sep Oct Nov Dec
1994: Jan Feb Mar Apr May Jun Jul Aug Sep Oct Nov Dec
1993: Jan Feb Mar Apr May Jun Jul Aug Sep Oct Nov Dec
1992: Jan Feb Mar Apr May Jun Jul Aug Sep Oct Nov Dec
1991: Jan Feb Mar Apr May Jun Jul Aug Sep Oct Nov Dec
1990: Jan Feb Mar Apr May Jun Jul Aug Sep Oct Nov Dec
1989: Jan Feb Mar Apr May Jun Jul Aug Sep Oct Nov Dec
1988: Jan Feb Mar Apr May Jun Jul Aug Sep Oct Nov Dec
1987: Jan Feb Mar Apr May Jun Jul Aug Sep Oct Nov Dec
1986: Jan Feb Mar Apr May Jun Jul Aug Sep Oct Nov Dec

Report for 1996 December
                  MONTHLY CLIMATOLOGICAL SUMMARY FOR 12/1996
                                        HEAT  COOL        
     MEAN                               DEG   DEG       WIND SPEED       DOM MEAN  MEAN
DAY  TEMP  HIGH   TIME     LOW   TIME   DAYS  DAYS RAIN AVG  HI  TIME    DIR BAROM HUM
---------------------------------------------------------------------------------------
1      37  53.6  1:45pm   19.4  3:45am  19.7  0.0  0.00   9  17  00:00    SW  28.4 36.1
2    27.6  37.4 12:47am   15.8  9:45pm  32.5  0.0  0.00  21  40  00:00     W  28.7 42.6
3    30.1  48.2  1:45pm   15.8 12:46am  25.8  0.0  0.00   9  17  00:00     S  28.7 30.7
4    23.8  33.8 12:59pm   17.6  1:45am  36.2  0.0  0.00  17  32  00:00   WSW  28.5 32.9
5    40.2  55.4 11:45am   23.0  5:45am  17.2  0.0  0.00  13  25  00:00   SSW  28.3 37.3
6    31.6  44.6  5:45am   21.2 10:50pm  26.9  0.0  0.00   9  17  00:00   SSW  28.4 58.8
7    31.5  44.6  1:45pm   23.0 12:45am  26.9  0.0  0.00  12  23  00:00   WSW  28.9 40.4
8      46  66.2  1:45pm   28.4  1:45am   8.9  0.0  0.00  14  27  00:00     S  28.9 37.2
9    50.9  64.4  2:45pm   42.8  2:47am   7.3  0.0  0.00  15  29  00:00    SW  28.6 26.6
10   48.6  60.8 10:46am   37.4 11:45pm  10.3  0.0  0.00  18  35  00:00    SW  28.4 31.8
11   41.9  55.4  9:45am   30.2 10:45pm  16.3  0.0  0.00  12  23  00:00     S  28.5 46.4
12   43.8  59.0  1:45pm   30.2  1:45am  13.6  0.0  0.00  18  35  00:00    SW  28.7 39.5
13   40.3  55.4 12:45pm   28.4  7:45am  17.1  0.0  0.00  11  21  00:00   SSE  28.7 48.9
14   27.6  37.4 12:45pm   19.4  7:45am  32.5  0.0  0.00  24  46  00:00   WNW  28.7 48.7
15   27.8  41.0  2:46pm   12.2  6:45am  30.6  0.0  0.00  12  23  00:00   WSW  28.8 32.8
16   23.4  39.2  3:45am    3.2 11:48pm  33.7  0.0  0.00  17  32  00:00    SW 146.9 61.0
17    3.7  10.4 11:45am   -7.6  2:48am  57.9  0.0  0.00  12  23  00:00   SSW  28.9 55.2
18   -1.6  12.2 11:45am  -13.0  4:45am  59.7  0.0  0.00   9  16  00:00   SSE  28.7 56.6
19   19.3  28.4 10:45am    8.6  3:45am  41.1  0.0  0.00   6  12  00:00    SE  28.4 58.6
20   31.8  46.4  3:45pm   21.2  1:45am  25.9  0.0  0.00   9  16  00:00   SSW  28.3 41.5
21   37.9  48.2 11:45am   28.4  1:45am  21.9  0.0  0.00  13  25  00:00   SSW  28.4 41.6
22   37.6  50.0 12:45pm   21.2 11:01pm  21.2  0.0  0.00  15  29  00:00   WSW  28.2 45.6
23   23.8  37.4  2:59pm   17.6  4:47am  34.4  0.0  0.00  13  25  00:00     W  28.7 68.6
24   30.6  42.8 11:45am   19.4  6:45am  28.3  0.0  0.00  11  21  00:00   SSW  28.9 37.4
25   33.1  53.6 12:45pm    8.6 10:45pm  21.6  0.0  0.00   9  16  00:00   ESE  28.4 46.5
26   33.1  55.4 11:49am    8.6 12:45am  20.7  0.0  0.00  13  24  00:00    SW  28.5 50.8
27   46.2  60.8 12:45pm   35.6 10:47pm  11.5  0.0  0.00  15  29  00:00   WSW  28.3 36.5
28     40  51.8 12:45pm   33.8  7:50am  19.1  0.0  0.00   7  14  00:00   WSW  28.3 36.7
29     48  60.8  1:45pm   39.2  4:45am  10.6  0.0  0.00  15  29  00:00   WSW  28.6 31.4
30   45.9  59.0 12:55pm   35.6  9:45pm  12.5  0.0  0.00  13  25  00:00     S  28.8 45.1
31   48.1  64.4 12:47pm   39.2  6:45am   8.7  0.0  0.00  11  21  00:00   SSE  28.8 42.3