NOAA-Style Climate Reports

Select a Year or Month report
2018: Jan Feb Mar Apr May Jun Jul Aug Sep Oct Nov Dec
2017: Jan Feb Mar Apr May Jun Jul Aug Sep Oct Nov Dec
2016: Jan Feb Mar Apr May Jun Jul Aug Sep Oct Nov Dec
2015: Jan Feb Mar Apr May Jun Jul Aug Sep Oct Nov Dec
2014: Jan Feb Mar Apr May Jun Jul Aug Sep Oct Nov Dec
2013: Jan Feb Mar Apr May Jun Jul Aug Sep Oct Nov Dec
2012: Jan Feb Mar Apr May Jun Jul Aug Sep Oct Nov Dec
2011: Jan Feb Mar Apr May Jun Jul Aug Sep Oct Nov Dec
2010: Jan Feb Mar Apr May Jun Jul Aug Sep Oct Nov Dec
2009: Jan Feb Mar Apr May Jun Jul Aug Sep Oct Nov Dec
2008: Jan Feb Mar Apr May Jun Jul Aug Sep Oct Nov Dec
2007: Jan Feb Mar Apr May Jun Jul Aug Sep Oct Nov Dec
2006: Jan Feb Mar Apr May Jun Jul Aug Sep Oct Nov Dec
2005: Jan Feb Mar Apr May Jun Jul Aug Sep Oct Nov Dec
2004: Jan Feb Mar Apr May Jun Jul Aug Sep Oct Nov Dec
2003: Jan Feb Mar Apr May Jun Jul Aug Sep Oct Nov Dec
2002: Jan Feb Mar Apr May Jun Jul Aug Sep Oct Nov Dec
2001: Jan Feb Mar Apr May Jun Jul Aug Sep Oct Nov Dec
2000: Jan Feb Mar Apr May Jun Jul Aug Sep Oct Nov Dec
1999: Jan Feb Mar Apr May Jun Jul Aug Sep Oct Nov Dec
1998: Jan Feb Mar Apr May Jun Jul Aug Sep Oct Nov Dec
1997: Jan Feb Mar Apr May Jun Jul Aug Sep Oct Nov Dec
1996: Jan Feb Mar Apr May Jun Jul Aug Sep Oct Nov Dec
1995: Jan Feb Mar Apr May Jun Jul Aug Sep Oct Nov Dec
1994: Jan Feb Mar Apr May Jun Jul Aug Sep Oct Nov Dec
1993: Jan Feb Mar Apr May Jun Jul Aug Sep Oct Nov Dec
1992: Jan Feb Mar Apr May Jun Jul Aug Sep Oct Nov Dec
1991: Jan Feb Mar Apr May Jun Jul Aug Sep Oct Nov Dec
1990: Jan Feb Mar Apr May Jun Jul Aug Sep Oct Nov Dec
1989: Jan Feb Mar Apr May Jun Jul Aug Sep Oct Nov Dec
1988: Jan Feb Mar Apr May Jun Jul Aug Sep Oct Nov Dec
1987: Jan Feb Mar Apr May Jun Jul Aug Sep Oct Nov Dec
1986: Jan Feb Mar Apr May Jun Jul Aug Sep Oct Nov Dec

Report for 1997 January
                  MONTHLY CLIMATOLOGICAL SUMMARY FOR 1/1997
                                        HEAT  COOL        
     MEAN                               DEG   DEG       WIND SPEED       DOM MEAN  MEAN
DAY  TEMP  HIGH   TIME     LOW   TIME   DAYS  DAYS RAIN AVG  HI  TIME    DIR BAROM HUM
---------------------------------------------------------------------------------------
1    50.4  68.0 12:45pm   39.2 12:45am   5.8  0.0  0.00   9  17  00:00     S  28.7 33.1
2    54.8  71.6 12:50pm   42.8  6:48am   1.8  0.0  0.00   7  14  00:00   SSE  28.6 36.1
3    40.6  53.6 12:45am   37.4  7:45am  17.9  0.0  0.00  12  23  00:00   WSW  28.4 74.7
4    30.6  41.0  1:45pm   14.0 11:45pm  29.2  0.0  0.00 224 447  00:00    SW  28.7 39.3
5    18.7  26.6  2:45pm   12.2  2:45am  42.3  0.0  0.00   6  12  00:00   ESE  28.8 58.0
6    15.4  24.8  1:45pm    5.0  8:45pm  44.9  0.0  0.00   9  16  00:00   SSE  28.9 74.2
7    24.3  39.2  1:45pm    6.8  6:45am  33.2  0.0  0.00   6  12  00:00   SSE  28.6 39.5
8      26  33.8 11:49am   23.0  4:45am  35.1  0.0  0.00   5   9  00:00   SSW  42.0 72.3
9    28.5  39.2  1:45pm   15.8 10:45pm  31.1  0.0  0.00  11  21  00:00     W  28.4 56.7
10    7.7  14.0 12:45am    1.4  6:52pm  54.1  0.0  0.00   7  14  00:00     E  28.6 76.5
11    0.2   5.0  1:47am   -7.6 11:45pm  62.4  0.0  0.00   8  15  00:00   ENE  28.2 71.6
12   -4.6   1.4 11:45am   -7.6  2:55am  66.6  0.0  0.00   6  12  00:00   WSW  28.6 68.7
13   -2.8   3.2 12:45pm   -7.6  1:50am  64.8  0.0  0.00   5   9  00:00   ESE  28.6 74.1
14   15.1  33.8  1:52pm   -2.2  2:45am  40.5  0.0  0.00   6  12  00:00    SW  28.3 78.5
15   27.6  39.2 10:45am   19.4  9:45pm  31.6  0.0  0.00  11  21  00:00   SSW  28.6 58.4
16   13.3  24.8 12:45pm    5.0  5:45am  45.9  0.0  0.00   9  17  00:00    SE  28.9 76.6
17   25.6  39.2  3:50pm    6.8  4:45am  32.6  0.0  0.00   7  14  00:00     S  28.6 53.9
18   41.3  53.6 12:45pm   30.2 12:45am  17.5  0.0  0.00   6  12  00:00     S  28.9 59.3
19   43.5  62.6  1:49pm   32.0  4:50am  11.9  0.0  0.00   7  14  00:00   SSE  28.7 59.4
20   45.3  60.8 11:45am   35.6  6:45am  11.9  0.0  0.00   8  15  00:00     S  28.6 50.0
21   36.8  46.4 11:45am   32.0  5:45am  23.4  0.0  0.00  15  29  00:00   WNW  28.4 46.7
22   33.5  48.2  2:50pm   21.2  6:45am  24.1  0.0  0.00   8  15  00:00    SE-427.4 43.7
23   38.1  51.8 11:45am   30.2  6:45pm  20.0  0.0  0.00  15  29  00:00    SE  28.1 47.4
24   29.9  41.0  3:45pm   17.6  6:45am  29.5  0.0  0.00   9  17  00:00    SE  28.3 48.6
25   25.3  39.2 10:45am   19.4  3:51am  32.7  0.0  0.00   9  17  00:00     S  28.5 49.4
26   44.9  59.0  1:45pm   33.8 10:45pm  13.0  0.0  0.00  15  29  00:00   WSW  28.3 38.1
27   22.2  32.0 12:47am   15.8  3:47am  37.9  0.0  0.00  11  21  00:00   SSE  28.9 72.1
28   34.3  50.0 10:45am   15.8  6:45am  22.8  0.0  0.00   7  14  00:00   SSE  28.8 39.4
29   33.9  44.6  3:50pm   26.6  9:51pm  25.7  0.0  0.00   7  14  00:00   SSE  28.4 71.7
30   47.1  64.4  1:45pm   30.2  2:45am   9.2  0.0  0.00   7  14  00:00   WSW  28.8 27.2
31   50.9  66.2  1:46pm   42.8 10:53pm   6.4  0.0  0.00  12  23  00:00    SW  28.7 36.6