NOAA-Style Climate Reports

Select a Year or Month report
2018: Jan Feb Mar Apr May Jun Jul Aug Sep Oct Nov Dec
2017: Jan Feb Mar Apr May Jun Jul Aug Sep Oct Nov Dec
2016: Jan Feb Mar Apr May Jun Jul Aug Sep Oct Nov Dec
2015: Jan Feb Mar Apr May Jun Jul Aug Sep Oct Nov Dec
2014: Jan Feb Mar Apr May Jun Jul Aug Sep Oct Nov Dec
2013: Jan Feb Mar Apr May Jun Jul Aug Sep Oct Nov Dec
2012: Jan Feb Mar Apr May Jun Jul Aug Sep Oct Nov Dec
2011: Jan Feb Mar Apr May Jun Jul Aug Sep Oct Nov Dec
2010: Jan Feb Mar Apr May Jun Jul Aug Sep Oct Nov Dec
2009: Jan Feb Mar Apr May Jun Jul Aug Sep Oct Nov Dec
2008: Jan Feb Mar Apr May Jun Jul Aug Sep Oct Nov Dec
2007: Jan Feb Mar Apr May Jun Jul Aug Sep Oct Nov Dec
2006: Jan Feb Mar Apr May Jun Jul Aug Sep Oct Nov Dec
2005: Jan Feb Mar Apr May Jun Jul Aug Sep Oct Nov Dec
2004: Jan Feb Mar Apr May Jun Jul Aug Sep Oct Nov Dec
2003: Jan Feb Mar Apr May Jun Jul Aug Sep Oct Nov Dec
2002: Jan Feb Mar Apr May Jun Jul Aug Sep Oct Nov Dec
2001: Jan Feb Mar Apr May Jun Jul Aug Sep Oct Nov Dec
2000: Jan Feb Mar Apr May Jun Jul Aug Sep Oct Nov Dec
1999: Jan Feb Mar Apr May Jun Jul Aug Sep Oct Nov Dec
1998: Jan Feb Mar Apr May Jun Jul Aug Sep Oct Nov Dec
1997: Jan Feb Mar Apr May Jun Jul Aug Sep Oct Nov Dec
1996: Jan Feb Mar Apr May Jun Jul Aug Sep Oct Nov Dec
1995: Jan Feb Mar Apr May Jun Jul Aug Sep Oct Nov Dec
1994: Jan Feb Mar Apr May Jun Jul Aug Sep Oct Nov Dec
1993: Jan Feb Mar Apr May Jun Jul Aug Sep Oct Nov Dec
1992: Jan Feb Mar Apr May Jun Jul Aug Sep Oct Nov Dec
1991: Jan Feb Mar Apr May Jun Jul Aug Sep Oct Nov Dec
1990: Jan Feb Mar Apr May Jun Jul Aug Sep Oct Nov Dec
1989: Jan Feb Mar Apr May Jun Jul Aug Sep Oct Nov Dec
1988: Jan Feb Mar Apr May Jun Jul Aug Sep Oct Nov Dec
1987: Jan Feb Mar Apr May Jun Jul Aug Sep Oct Nov Dec
1986: Jan Feb Mar Apr May Jun Jul Aug Sep Oct Nov Dec

Report for 1997 February
                  MONTHLY CLIMATOLOGICAL SUMMARY FOR 2/1997
                                        HEAT  COOL        
     MEAN                               DEG   DEG       WIND SPEED       DOM MEAN  MEAN
DAY  TEMP  HIGH   TIME     LOW   TIME   DAYS  DAYS RAIN AVG  HI  TIME    DIR BAROM HUM
---------------------------------------------------------------------------------------
1    46.2  60.8 12:45pm   33.8 10:45pm  11.5  0.0  0.00  12  23  00:00     S  28.6 39.3
2    34.4  46.4  1:55pm   26.6  7:47am  24.6  0.0  0.00   7  13  00:00   WSW  28.5 63.9
3    31.9  41.0 11:55am   21.2 11:45pm  28.5  0.0  0.00  21  40  00:00   WSW  28.8 46.6
4    24.8  32.0 11:49am   19.4  4:45am  36.6  0.0  0.00   6  12  00:00     E  28.7 54.5
5    23.9  33.8  1:45pm   17.6  6:45am  36.1  0.0  0.00  12  23  00:00   WSW  28.5 68.3
6    20.5  24.8 12:45pm   17.6  9:46pm  42.3  0.0  0.00   9  16  00:00     N  28.8 91.4
7    20.5  30.2 11:45am   14.0  6:50am  39.6  0.0  0.00   6  12  00:00     S  28.9 68.4
8    25.6  41.0  2:50pm   10.4  6:45am  31.7  0.0  0.00   6  12  00:00    SE  28.9 55.5
9    28.2  44.6  1:45pm   15.8  4:45am  28.6  0.0  0.00   6  12  00:00   ESE  28.8 54.7
10   26.8  39.2  2:45pm   17.6  5:58am  32.0  0.0  0.00   6  12  00:00   SSW  28.9 60.4
11   28.1  39.2 12:45pm   21.2  1:45am  31.3  0.0  0.00   9  17  00:00     E  28.7 70.7
12   28.9  46.4 12:45pm   21.2  2:45am  27.3  0.0  0.00  12  23  00:00   WSW  28.5 74.0
13   27.9  37.4  3:45pm   19.4 10:45pm  32.3  0.0  0.00   9  16  00:00   WNW  28.7 66.1
14   32.2  46.4  1:50pm   19.4 12:45am  25.7  0.0  0.00  15  29  00:00   WSW  28.8 42.0
15   39.1  51.8  1:47pm   30.2 10:45pm  19.5  0.0  0.00  15  29  00:00    SW  28.8 44.7
16   42.4  62.6  1:45pm   26.6  5:45am  12.5  0.0  0.00   7  14  00:00   SSE  29.0 39.7
17   50.4  64.4 12:45pm   42.8 10:54pm   7.6  0.0  0.00  15  29  00:00   WSW  28.7 25.9
18   41.6  57.2 11:46am   32.0  7:45pm  15.6  0.0  0.00  12  23  00:00   ESE  28.4 53.1
19   40.1  57.2  2:45pm   33.8  8:45am  16.3  0.0  0.00   9  17  00:00     S  28.1 62.3
20   32.2  44.6  8:45am   26.6 10:45pm  26.6  0.0  0.00  15  29  00:00    SE  28.8 67.3
21   25.9  35.6 12:55pm   21.2  6:45am  34.2  0.0  0.00   7  14  00:00     W  28.8 61.3
22   30.1  39.2  1:47pm   26.6  8:45am  30.3  0.0  0.00   9  16  00:00    SE  28.2 33.2
23   16.6  23.0 12:45am   14.0  6:45am  45.2  0.0  0.00   9  16  00:00    NE  28.9 80.9
24   18.4  26.6  2:45pm   12.2 11:45pm  42.5  0.0  0.00   7  13  00:00   SSE  29.2 70.6
25   28.5  44.6  2:45pm   12.2 12:45am  28.4  0.0  0.00  12  23  00:00   WSW  28.7 54.4
26     25  30.2 12:59pm   23.0  6:47am  37.4  0.0  0.00  12  23  00:00    SW  28.5 77.6
27   34.2  48.2  3:45pm   23.0  2:46am  23.8  0.0  0.00  13  25  00:00    SW  28.1 46.4
28   25.4  35.6 12:45am   21.2  7:45pm  34.5  0.0  0.00  11  21  00:00    SW  28.5 82.2