NOAA-Style Climate Reports

Select a Year or Month report
2018: Jan Feb Mar Apr May Jun Jul Aug Sep Oct Nov Dec
2017: Jan Feb Mar Apr May Jun Jul Aug Sep Oct Nov Dec
2016: Jan Feb Mar Apr May Jun Jul Aug Sep Oct Nov Dec
2015: Jan Feb Mar Apr May Jun Jul Aug Sep Oct Nov Dec
2014: Jan Feb Mar Apr May Jun Jul Aug Sep Oct Nov Dec
2013: Jan Feb Mar Apr May Jun Jul Aug Sep Oct Nov Dec
2012: Jan Feb Mar Apr May Jun Jul Aug Sep Oct Nov Dec
2011: Jan Feb Mar Apr May Jun Jul Aug Sep Oct Nov Dec
2010: Jan Feb Mar Apr May Jun Jul Aug Sep Oct Nov Dec
2009: Jan Feb Mar Apr May Jun Jul Aug Sep Oct Nov Dec
2008: Jan Feb Mar Apr May Jun Jul Aug Sep Oct Nov Dec
2007: Jan Feb Mar Apr May Jun Jul Aug Sep Oct Nov Dec
2006: Jan Feb Mar Apr May Jun Jul Aug Sep Oct Nov Dec
2005: Jan Feb Mar Apr May Jun Jul Aug Sep Oct Nov Dec
2004: Jan Feb Mar Apr May Jun Jul Aug Sep Oct Nov Dec
2003: Jan Feb Mar Apr May Jun Jul Aug Sep Oct Nov Dec
2002: Jan Feb Mar Apr May Jun Jul Aug Sep Oct Nov Dec
2001: Jan Feb Mar Apr May Jun Jul Aug Sep Oct Nov Dec
2000: Jan Feb Mar Apr May Jun Jul Aug Sep Oct Nov Dec
1999: Jan Feb Mar Apr May Jun Jul Aug Sep Oct Nov Dec
1998: Jan Feb Mar Apr May Jun Jul Aug Sep Oct Nov Dec
1997: Jan Feb Mar Apr May Jun Jul Aug Sep Oct Nov Dec
1996: Jan Feb Mar Apr May Jun Jul Aug Sep Oct Nov Dec
1995: Jan Feb Mar Apr May Jun Jul Aug Sep Oct Nov Dec
1994: Jan Feb Mar Apr May Jun Jul Aug Sep Oct Nov Dec
1993: Jan Feb Mar Apr May Jun Jul Aug Sep Oct Nov Dec
1992: Jan Feb Mar Apr May Jun Jul Aug Sep Oct Nov Dec
1991: Jan Feb Mar Apr May Jun Jul Aug Sep Oct Nov Dec
1990: Jan Feb Mar Apr May Jun Jul Aug Sep Oct Nov Dec
1989: Jan Feb Mar Apr May Jun Jul Aug Sep Oct Nov Dec
1988: Jan Feb Mar Apr May Jun Jul Aug Sep Oct Nov Dec
1987: Jan Feb Mar Apr May Jun Jul Aug Sep Oct Nov Dec
1986: Jan Feb Mar Apr May Jun Jul Aug Sep Oct Nov Dec

Report for 1997 March
                  MONTHLY CLIMATOLOGICAL SUMMARY FOR 3/1997
                                        HEAT  COOL        
     MEAN                               DEG   DEG       WIND SPEED       DOM MEAN  MEAN
DAY  TEMP  HIGH   TIME     LOW   TIME   DAYS  DAYS RAIN AVG  HI  TIME    DIR BAROM HUM
---------------------------------------------------------------------------------------
1    27.9  42.8  4:45pm   15.8  5:55am  29.6  0.0  0.00   9  17  00:00   SSE  28.5 61.4
2    40.1  57.2  2:55pm   26.6  2:45am  16.3  0.0  0.00   6  12  00:00    SE  28.5 48.2
3    35.4  44.6  1:45pm   24.8  9:50pm  25.0  0.0  0.00  15  29  00:00   WSW  27.3 37.5
4    23.5  30.2 12:45am   14.0  8:45pm  38.1  0.0  0.00   9  17  00:00     S  28.7 72.9
5    30.5  46.4  2:45pm   10.4  5:45am  26.5  0.0  0.00  10  18  00:00     S  29.0 39.7
6    43.7  60.8  1:55pm   28.4 12:45am  12.7  0.0  0.00   9  16  00:00     S  28.8 30.3
7    44.6  55.4 12:45pm   37.4  1:45am  15.0  0.0  0.00   6  12  00:00     S  28.7 25.4
8    47.1  62.6 12:45pm   32.0 12:45am  10.1  0.0  0.00   9  16  00:00   SSW  28.5 28.7
9    39.4  59.0  2:45pm   24.8  6:45am  15.8  0.0  0.00   9  16  00:00    SE  29.0 52.6
10   50.4  66.2  2:45pm   41.0 10:45pm   6.7  0.0  0.00   9  17  00:00    SW  28.7 24.0
11   52.3  75.2  2:45pm   33.8  5:45am   1.2  0.0  0.00   9  17  00:00   SSE  28.8 27.8
12   54.7  68.0 12:48pm   44.6  6:45am   3.6  0.0  0.00   7  14  00:00     S  28.5 21.2
13   27.5  44.6  1:45am   15.8 11:45pm  28.9  0.0  0.00  10  20  00:00     S  28.7 74.5
14   16.9  24.8 12:50pm    6.8  6:45am  44.1  0.0  0.00   6  12  00:00   SSW  28.8 80.0
15   27.5  48.2  2:45pm   14.0  5:45am  27.1  0.0  0.00   9  17  00:00    SW  28.7 59.9
16   52.4  69.8 12:45pm   37.4 12:50am   3.9  0.0  0.00   9  17  00:00     S  28.6 27.4
17     52  66.2  1:45pm   42.8 11:45pm   5.9  0.0  0.00  11  21  00:00     W  40.0 29.8
18   43.8  59.0  1:45pm   28.4  5:45am  13.6  0.0  0.00   8  15  00:00   ESE  29.2 45.5
19   54.5  73.4  2:45pm   39.2  1:45am   1.0  0.0  0.00   6  12  00:00   SSE  29.1 32.0
20   58.8  78.8  1:45pm   41.0  3:45am   0.0  3.8  0.00   7  14  00:00   SSE  28.8 42.3
21   47.6  59.0  1:45pm   37.4 11:45pm  11.7  0.0  0.00   9  17  00:00     E  28.8 39.9
22   49.8  68.0  1:45pm   33.8  5:45am   6.1  0.0  0.00   9  17  00:00    SE  28.7 47.4
23   45.9  62.6 12:50pm   30.2  3:45am  10.7  0.0  0.00   7  14  00:00   WSW  28.3 40.4
24   31.6  46.4 12:45am   23.0 10:48pm  26.0  0.0  0.00  17  32  00:00   SSE  28.3 75.1
25   31.2  48.2  4:45pm   12.2  3:45am  25.3  0.0  0.00   9  17  00:00   SSE  28.1 59.6
26   49.9  68.0  2:45pm   30.2 12:45am   6.0  0.0  0.00   9  17  00:00   SSE  28.7 41.1
27   50.7  68.0 12:45pm   37.4  4:50am   5.6  0.0  0.00  21  40  00:00    NW  28.5 39.8
28   44.6  62.6  2:45pm   28.4  5:45am  11.4  0.0  0.00  15  29  00:00     S  28.6 42.2
29   35.5  46.4  3:45pm   26.6 11:51pm  24.0  0.0  0.00  12  23  00:00    NE  28.7 66.0
30   43.3  64.4  1:52pm   21.2  4:45am  11.1  0.0  0.00   7  14  00:00    SE  28.9 45.5
31   53.2  69.8 11:45am   37.4  2:45am   3.5  0.0  0.00  12  23  00:00   WSW  28.6 33.8