NOAA-Style Climate Reports

Select a Year or Month report
2018: Jan Feb Mar Apr May Jun Jul Aug Sep Oct Nov Dec
2017: Jan Feb Mar Apr May Jun Jul Aug Sep Oct Nov Dec
2016: Jan Feb Mar Apr May Jun Jul Aug Sep Oct Nov Dec
2015: Jan Feb Mar Apr May Jun Jul Aug Sep Oct Nov Dec
2014: Jan Feb Mar Apr May Jun Jul Aug Sep Oct Nov Dec
2013: Jan Feb Mar Apr May Jun Jul Aug Sep Oct Nov Dec
2012: Jan Feb Mar Apr May Jun Jul Aug Sep Oct Nov Dec
2011: Jan Feb Mar Apr May Jun Jul Aug Sep Oct Nov Dec
2010: Jan Feb Mar Apr May Jun Jul Aug Sep Oct Nov Dec
2009: Jan Feb Mar Apr May Jun Jul Aug Sep Oct Nov Dec
2008: Jan Feb Mar Apr May Jun Jul Aug Sep Oct Nov Dec
2007: Jan Feb Mar Apr May Jun Jul Aug Sep Oct Nov Dec
2006: Jan Feb Mar Apr May Jun Jul Aug Sep Oct Nov Dec
2005: Jan Feb Mar Apr May Jun Jul Aug Sep Oct Nov Dec
2004: Jan Feb Mar Apr May Jun Jul Aug Sep Oct Nov Dec
2003: Jan Feb Mar Apr May Jun Jul Aug Sep Oct Nov Dec
2002: Jan Feb Mar Apr May Jun Jul Aug Sep Oct Nov Dec
2001: Jan Feb Mar Apr May Jun Jul Aug Sep Oct Nov Dec
2000: Jan Feb Mar Apr May Jun Jul Aug Sep Oct Nov Dec
1999: Jan Feb Mar Apr May Jun Jul Aug Sep Oct Nov Dec
1998: Jan Feb Mar Apr May Jun Jul Aug Sep Oct Nov Dec
1997: Jan Feb Mar Apr May Jun Jul Aug Sep Oct Nov Dec
1996: Jan Feb Mar Apr May Jun Jul Aug Sep Oct Nov Dec
1995: Jan Feb Mar Apr May Jun Jul Aug Sep Oct Nov Dec
1994: Jan Feb Mar Apr May Jun Jul Aug Sep Oct Nov Dec
1993: Jan Feb Mar Apr May Jun Jul Aug Sep Oct Nov Dec
1992: Jan Feb Mar Apr May Jun Jul Aug Sep Oct Nov Dec
1991: Jan Feb Mar Apr May Jun Jul Aug Sep Oct Nov Dec
1990: Jan Feb Mar Apr May Jun Jul Aug Sep Oct Nov Dec
1989: Jan Feb Mar Apr May Jun Jul Aug Sep Oct Nov Dec
1988: Jan Feb Mar Apr May Jun Jul Aug Sep Oct Nov Dec
1987: Jan Feb Mar Apr May Jun Jul Aug Sep Oct Nov Dec
1986: Jan Feb Mar Apr May Jun Jul Aug Sep Oct Nov Dec

Report for 1997 April
                  MONTHLY CLIMATOLOGICAL SUMMARY FOR 4/1997
                                        HEAT  COOL        
     MEAN                               DEG   DEG       WIND SPEED       DOM MEAN  MEAN
DAY  TEMP  HIGH   TIME     LOW   TIME   DAYS  DAYS RAIN AVG  HI  TIME    DIR BAROM HUM
---------------------------------------------------------------------------------------
1      42  53.6  2:45pm   33.8  9:45pm  17.2  0.0  0.00  13  25  00:00     S  28.6 55.8
2      29  32.0  3:45pm   30.2 12:45am  34.5  0.0  0.00   7  14  00:00     S  27.7 84.9
3    44.3  66.2  1:50pm   24.8  2:47am   9.7  0.0  0.00  15  29  00:00   SSE  28.5 64.6
4    40.9  51.8  8:45am   30.2 11:45pm  18.6  0.0  0.00  12  23  00:00   WSW  27.8 78.2
5    28.6  33.8  2:45pm   26.6  5:45am  33.8  0.0  0.00  15  29  00:00     S  28.4 66.6
6    32.2  46.4  3:45pm   15.8  6:45am  25.7  0.0  0.00   9  16  00:00    SW  28.3 41.3
7    44.7  53.6  2:45pm   37.4 11:45pm  15.8  0.0  0.00  12  23  00:00     W  28.0 29.5
8    28.2  39.2 12:45am   23.0  9:48am  31.3  0.0  0.00  12  23  00:00   WSW  28.4 65.9
9    28.3  42.8 12:45pm   21.2  5:45am  29.4  0.0  0.00  14  28  00:00   WNW  28.7 72.9
10   17.1  19.4  1:45am   14.0  8:45pm  46.7  0.0  0.00  11  21  00:00   ESE  28.6 83.0
11   12.9  17.6  2:45pm   10.4  2:45am  49.7  0.0  0.00  11  21  00:00   ESE  28.9 73.7
12   17.8  28.4  2:45pm    6.8  6:45am  41.9  0.0  0.00   6  12  00:00   SSW  28.9 64.3
13   31.7  48.2  4:48pm   17.6  1:50am  25.0  0.0  0.00   7  14  00:00     S  28.8 41.5
14   41.4  59.0  3:45pm   28.4  1:45am  14.8  0.0  0.00   6  12  00:00    SW  28.6 35.9
15   48.1  60.8  2:45pm   39.2  5:45am  10.5  0.0  0.00  12  23  00:00    SE  28.9 44.1
16   46.9  62.6  3:45pm   35.6  2:45am  10.2  0.0  0.00   6  12  00:00     S  28.9 56.7
17   55.3  71.6  2:45pm   39.2  3:45am   1.5  0.0  0.00   6  12  00:00    SE  28.9 35.8
18   55.6  69.8 11:45am   41.0  4:45am   2.3  0.0  0.00  11  21  00:00   SSW  28.8 34.8
19   57.1  75.2  1:45pm   42.8  4:45am   0.0  1.2  0.00  18  35  00:00   WSW  28.6 37.8
20   57.8  69.8  3:45pm   46.4  6:45am   1.2  0.0  0.00  11  21  00:00   WNW  28.7 41.4
21     48  57.2 11:45am   37.4 11:50pm  12.4  0.0  0.00   9  17  00:00   SSW  28.5 51.9
22   43.9  57.2  3:45pm   37.4  1:45am  14.4  0.0  0.00  12  23  00:00   SSW  28.8 57.8
23     44  59.0  1:45pm   32.0  5:45am  13.5  0.0  0.00  18  35  00:00    SE  28.6 67.9
24   33.6  41.0 12:45am   32.0  7:45pm  27.7  0.0  0.00  12  23  00:00   ESE  28.7 94.0
25   36.5  44.6  4:45pm   32.0  6:51am  24.4  0.0  0.00  16  30  00:00   SSE  42.1 72.1
26   36.5  50.0  5:45pm   32.0 12:45am  21.7  0.0  0.00   7  14  00:00   WNW  29.0 80.2
27   46.6  64.4  3:50pm   30.2  4:45am   9.5  0.0  0.00   9  17  00:00   SSE  28.8 51.4
28   53.2  64.4  3:45pm   44.6  9:45pm   6.2  0.0  0.00  10  18  00:00   SSW  28.5 48.0
29   50.8  64.4  4:45pm   46.4  5:48am   7.4  0.0  0.00  22  44  00:00   WSW  28.5 54.9
30   45.8  59.0  4:55pm   35.6  6:45am  12.6  0.0  0.00   9  16  00:00   SSW  28.7 55.7