NOAA-Style Climate Reports

Select a Year or Month report
2018: Jan Feb Mar Apr May Jun Jul Aug Sep Oct Nov Dec
2017: Jan Feb Mar Apr May Jun Jul Aug Sep Oct Nov Dec
2016: Jan Feb Mar Apr May Jun Jul Aug Sep Oct Nov Dec
2015: Jan Feb Mar Apr May Jun Jul Aug Sep Oct Nov Dec
2014: Jan Feb Mar Apr May Jun Jul Aug Sep Oct Nov Dec
2013: Jan Feb Mar Apr May Jun Jul Aug Sep Oct Nov Dec
2012: Jan Feb Mar Apr May Jun Jul Aug Sep Oct Nov Dec
2011: Jan Feb Mar Apr May Jun Jul Aug Sep Oct Nov Dec
2010: Jan Feb Mar Apr May Jun Jul Aug Sep Oct Nov Dec
2009: Jan Feb Mar Apr May Jun Jul Aug Sep Oct Nov Dec
2008: Jan Feb Mar Apr May Jun Jul Aug Sep Oct Nov Dec
2007: Jan Feb Mar Apr May Jun Jul Aug Sep Oct Nov Dec
2006: Jan Feb Mar Apr May Jun Jul Aug Sep Oct Nov Dec
2005: Jan Feb Mar Apr May Jun Jul Aug Sep Oct Nov Dec
2004: Jan Feb Mar Apr May Jun Jul Aug Sep Oct Nov Dec
2003: Jan Feb Mar Apr May Jun Jul Aug Sep Oct Nov Dec
2002: Jan Feb Mar Apr May Jun Jul Aug Sep Oct Nov Dec
2001: Jan Feb Mar Apr May Jun Jul Aug Sep Oct Nov Dec
2000: Jan Feb Mar Apr May Jun Jul Aug Sep Oct Nov Dec
1999: Jan Feb Mar Apr May Jun Jul Aug Sep Oct Nov Dec
1998: Jan Feb Mar Apr May Jun Jul Aug Sep Oct Nov Dec
1997: Jan Feb Mar Apr May Jun Jul Aug Sep Oct Nov Dec
1996: Jan Feb Mar Apr May Jun Jul Aug Sep Oct Nov Dec
1995: Jan Feb Mar Apr May Jun Jul Aug Sep Oct Nov Dec
1994: Jan Feb Mar Apr May Jun Jul Aug Sep Oct Nov Dec
1993: Jan Feb Mar Apr May Jun Jul Aug Sep Oct Nov Dec
1992: Jan Feb Mar Apr May Jun Jul Aug Sep Oct Nov Dec
1991: Jan Feb Mar Apr May Jun Jul Aug Sep Oct Nov Dec
1990: Jan Feb Mar Apr May Jun Jul Aug Sep Oct Nov Dec
1989: Jan Feb Mar Apr May Jun Jul Aug Sep Oct Nov Dec
1988: Jan Feb Mar Apr May Jun Jul Aug Sep Oct Nov Dec
1987: Jan Feb Mar Apr May Jun Jul Aug Sep Oct Nov Dec
1986: Jan Feb Mar Apr May Jun Jul Aug Sep Oct Nov Dec

Report for 1997 May
                  MONTHLY CLIMATOLOGICAL SUMMARY FOR 5/1997
                                        HEAT  COOL        
     MEAN                               DEG   DEG       WIND SPEED       DOM MEAN  MEAN
DAY  TEMP  HIGH   TIME     LOW   TIME   DAYS  DAYS RAIN AVG  HI  TIME    DIR BAROM HUM
---------------------------------------------------------------------------------------
1    46.7  57.2  9:45am   39.2 10:50pm  13.0  0.0  0.00  18  35  00:00   WNW  28.3 44.2
2    40.8  51.8  2:45pm   33.8  7:50am  18.7  0.0  0.00  15  29  00:00   WNW  28.7 46.0
3    46.8  64.4  3:48pm   28.4  5:45am   9.4  0.0  0.00   9  17  00:00   SSE  28.8 44.0
4    60.8  77.0 12:49pm   44.6  5:48am   0.0  3.9  0.00  11  21  00:00     S-407.2 32.9
5    56.7  73.4  2:45pm   42.8  5:47am   0.0  0.1  0.00  12  23  00:00   SSE  28.9 48.8
6    62.7  80.6  3:45pm   50.0  4:51am   0.0  6.7  0.00  12  23  00:00   SSE  28.8 53.9
7    58.2  73.4  3:56pm   48.2  5:45am   0.0  0.8  0.00  11  21  00:00     S  28.8 44.6
8    48.5  59.0  3:45pm   41.0  5:45am  11.2  0.0  0.00   9  17  00:00   SSE  29.1 45.3
9    53.3  71.6  4:45pm   35.6  4:55am   2.5  0.0  0.00   7  13  00:00   SSW  29.2 49.0
10     61  77.0  2:45pm   44.6  2:45am   0.0  4.0  0.00  12  23  00:00     S  28.9 42.6
11     49  59.0 12:45am   41.0  9:45pm  11.0  0.0  0.00  10  18  00:00    SW  29.0 54.2
12   50.8  68.0  4:45pm   35.6  3:45am   5.6  0.0  0.00   7  14  00:00   SSW  28.9 48.2
13   59.6  75.2 12:45pm   44.6  7:45am   0.0  2.4  0.00  15  29  00:00     W  28.8 38.8
14     52  68.0  3:45pm   39.2  3:50am   5.0  0.0  0.00  14  27  00:00    SW  28.9 63.2
15   58.8  77.0  2:45pm   42.8  3:45am   0.0  2.9  0.00  18  35  00:00   SSW  29.1 57.4
16     65  82.4  4:45pm   50.0  5:45am   0.0  8.7  0.00   8  15  00:00   WNW  41.7 41.7
17   67.7  84.2  1:45pm   53.6  5:45am   0.0 11.0  0.00  13  25  00:00   SSW  28.7 36.1
18   59.4  75.2  1:45pm   42.8  9:45pm   0.0  2.3  0.00  16  31  00:00   SSW  28.7 50.7
19   47.6  64.4  3:45pm   41.0  1:45am   9.0  0.0  0.00   9  17  00:00     S  28.9 68.6
20   57.5  73.4 11:48am   44.6 12:45am   0.0  0.5  0.00  17  32  00:00   SSE  28.7 56.3
21     59  73.4  1:45pm   51.8  2:45am   0.0  1.2  0.00  12  23  00:00    SW  28.8 61.9
22     51  55.4  8:45am   50.0  8:45pm  11.8  0.0  0.00   7  14  00:00     W  28.8 88.1
23   56.5  84.2  7:45am   48.2  4:45am   0.0  5.4  0.00   7  13  00:00   SSW  28.8 62.9
24   59.2  73.4 12:45pm   50.0  3:45am   0.0  1.3  0.00   9  17  00:00   SSW  28.6 51.7
25   54.8  66.2  2:45pm   48.2 10:59pm   4.5  0.0  0.00  13  24  00:00    SE  28.5 59.5
26   49.1  57.2 12:45pm   42.8 11:45pm  11.8  0.0  0.00   9  17  00:00   SSE  28.5 55.9
27   51.5  66.2  2:53pm   37.4  4:45am   6.1  0.0  0.00  12  23  00:00    SW  29.1 53.5
28   56.5  71.6  3:45pm   42.8  3:45am   0.9  0.0  0.00   7  14  00:00   SSE  28.9 53.0
29   52.3  59.0  4:45pm   50.0  4:45am   9.3  0.0  0.00  11  21  00:00    SW  28.9 78.6
30   58.8  71.6  2:47pm   46.4  5:45am   0.0  0.2  0.00   9  17  00:00    SE  29.0 64.0
31   65.8  82.4  2:46pm   48.2  5:45am   0.0  9.1  0.00   7  14  00:00     S  29.0 52.1