NOAA-Style Climate Reports

Select a Year or Month report
2018: Jan Feb Mar Apr May Jun Jul Aug Sep Oct Nov Dec
2017: Jan Feb Mar Apr May Jun Jul Aug Sep Oct Nov Dec
2016: Jan Feb Mar Apr May Jun Jul Aug Sep Oct Nov Dec
2015: Jan Feb Mar Apr May Jun Jul Aug Sep Oct Nov Dec
2014: Jan Feb Mar Apr May Jun Jul Aug Sep Oct Nov Dec
2013: Jan Feb Mar Apr May Jun Jul Aug Sep Oct Nov Dec
2012: Jan Feb Mar Apr May Jun Jul Aug Sep Oct Nov Dec
2011: Jan Feb Mar Apr May Jun Jul Aug Sep Oct Nov Dec
2010: Jan Feb Mar Apr May Jun Jul Aug Sep Oct Nov Dec
2009: Jan Feb Mar Apr May Jun Jul Aug Sep Oct Nov Dec
2008: Jan Feb Mar Apr May Jun Jul Aug Sep Oct Nov Dec
2007: Jan Feb Mar Apr May Jun Jul Aug Sep Oct Nov Dec
2006: Jan Feb Mar Apr May Jun Jul Aug Sep Oct Nov Dec
2005: Jan Feb Mar Apr May Jun Jul Aug Sep Oct Nov Dec
2004: Jan Feb Mar Apr May Jun Jul Aug Sep Oct Nov Dec
2003: Jan Feb Mar Apr May Jun Jul Aug Sep Oct Nov Dec
2002: Jan Feb Mar Apr May Jun Jul Aug Sep Oct Nov Dec
2001: Jan Feb Mar Apr May Jun Jul Aug Sep Oct Nov Dec
2000: Jan Feb Mar Apr May Jun Jul Aug Sep Oct Nov Dec
1999: Jan Feb Mar Apr May Jun Jul Aug Sep Oct Nov Dec
1998: Jan Feb Mar Apr May Jun Jul Aug Sep Oct Nov Dec
1997: Jan Feb Mar Apr May Jun Jul Aug Sep Oct Nov Dec
1996: Jan Feb Mar Apr May Jun Jul Aug Sep Oct Nov Dec
1995: Jan Feb Mar Apr May Jun Jul Aug Sep Oct Nov Dec
1994: Jan Feb Mar Apr May Jun Jul Aug Sep Oct Nov Dec
1993: Jan Feb Mar Apr May Jun Jul Aug Sep Oct Nov Dec
1992: Jan Feb Mar Apr May Jun Jul Aug Sep Oct Nov Dec
1991: Jan Feb Mar Apr May Jun Jul Aug Sep Oct Nov Dec
1990: Jan Feb Mar Apr May Jun Jul Aug Sep Oct Nov Dec
1989: Jan Feb Mar Apr May Jun Jul Aug Sep Oct Nov Dec
1988: Jan Feb Mar Apr May Jun Jul Aug Sep Oct Nov Dec
1987: Jan Feb Mar Apr May Jun Jul Aug Sep Oct Nov Dec
1986: Jan Feb Mar Apr May Jun Jul Aug Sep Oct Nov Dec

Report for 1997 June
                  MONTHLY CLIMATOLOGICAL SUMMARY FOR 6/1997
                                        HEAT  COOL        
     MEAN                               DEG   DEG       WIND SPEED       DOM MEAN  MEAN
DAY  TEMP  HIGH   TIME     LOW   TIME   DAYS  DAYS RAIN AVG  HI  TIME    DIR BAROM HUM
---------------------------------------------------------------------------------------
1    70.5  87.8  2:45pm   59.0  5:45am   0.0 14.2  0.00  16  30  00:00     S  28.6 47.7
2    61.9  78.8  5:45pm   51.8  6:49am   0.0  5.4  0.00  18  35  00:00   WSW  28.1 68.2
3    60.7  73.4  3:45pm   53.6 12:45am   0.0  2.1  0.00   7  14  00:00     S  28.9 59.7
4    64.8  86.0  3:48pm   50.0  3:45am   0.0 10.4  0.00  12  23  00:00     S  28.8 56.2
5    67.9  84.2  1:45pm   55.4  4:45am   0.0 11.1  0.00  15  29  00:00   SSE  28.6 47.5
6    61.2  77.0 12:45pm   53.6  5:45am   0.0  4.1  0.00  15  29  00:00   WSW  28.9 66.1
7    61.1  77.0  3:45pm   53.6 12:45am   0.0  4.1  0.00  15  29  00:00     S  28.8 68.5
8    57.6  68.0  4:45pm   51.8 10:45pm   2.2  0.0  0.00  18  35  00:00     S  28.7 72.6
9    52.8  64.4  2:45pm   50.0  5:45am   6.4  0.0  0.00  12  23  00:00   SSW  28.9 81.4
10   59.8  73.4  1:50pm   51.8  5:47am   0.0  1.6  0.00  19  37  00:00   SSW  28.8 68.6
11   66.8  80.6  1:48pm   51.8  3:45am   0.0  8.7  0.00   7  14  00:00    SW  28.3 40.8
12   61.2  78.8 12:45pm   51.8  4:45am   0.0  5.0  0.00  12  23  00:00     S  28.9 58.8
13   57.1  68.0  1:30pm   51.8  2:45am   2.4  0.0  0.00  12  23  00:00    SE  39.6 78.6
14   63.3  78.8  2:45pm   55.4 12:45am   0.0  6.1  0.00  18  35  00:00     S  28.3 63.6
15   58.7  73.4 11:50am   48.2  5:45am   0.0  1.1  0.00  15  29  00:00   SSW  28.8 61.2
16   60.2  75.2  3:49pm   50.0 12:50am   0.0  2.7  0.00   7  14  00:00   WSW  28.5 56.9
17   64.2  77.0  3:45pm   50.0  3:50am   0.0  5.6  0.00   6  12  00:00    SE  28.8 53.4
18   68.1  87.8  1:45pm   55.4  4:45am   0.0 13.0  0.00   9  17  00:00   SSE  28.9 52.9
19   73.1  89.6  1:46pm   59.0  2:45am   0.0 16.4  0.00   9  17  00:00   SSE  28.8 41.7
20     75  91.4  3:45pm   60.8  5:45am   0.0 18.2  0.00   7  14  00:00   SSE  28.5 32.7
21   69.7  84.2  2:45pm   59.0  5:45am   0.0 12.0  0.00  18  35  00:00   SSE  28.7 47.2
22   76.2  93.2  1:53pm   60.8  5:45am   0.0 19.7  0.00  18  36  00:00     S  28.7 36.6
23   70.5  87.8 11:45am   60.8  4:45am   0.0 14.2  0.00  12  23  00:00    SW  28.8 47.6
24   66.9  78.8 12:45pm   60.8 12:45am   0.0  7.9  0.00  12  23  00:00     S  40.1 48.0
25   65.8  82.4 11:45am   55.4  2:45am   0.0  9.1  0.00  15  29  00:00   SSE  29.0 52.8
26   69.2  87.8  1:45pm   51.8  2:45am   0.0 13.5  0.00   9  17  00:00     S  28.9 48.4
27   72.4  87.8 12:45pm   57.2  5:45am   0.0 15.1  0.00  15  29  00:00   SSE  28.4 34.0
28     73  89.6  1:45pm   59.0  3:45am   0.0 16.3  0.00  18  35  00:00    SW  28.9 34.0
29   72.6  89.6  2:45pm   59.0  4:45am   0.0 16.1  0.00  15  29  00:00   SSE  28.4 39.3
30   74.7  95.0  2:45pm   57.2  3:55am   0.0 19.9  0.00   9  17  00:00   SSW  28.6 35.6