NOAA-Style Climate Reports

Select a Year or Month report
2018: Jan Feb Mar Apr May Jun Jul Aug Sep Oct Nov Dec
2017: Jan Feb Mar Apr May Jun Jul Aug Sep Oct Nov Dec
2016: Jan Feb Mar Apr May Jun Jul Aug Sep Oct Nov Dec
2015: Jan Feb Mar Apr May Jun Jul Aug Sep Oct Nov Dec
2014: Jan Feb Mar Apr May Jun Jul Aug Sep Oct Nov Dec
2013: Jan Feb Mar Apr May Jun Jul Aug Sep Oct Nov Dec
2012: Jan Feb Mar Apr May Jun Jul Aug Sep Oct Nov Dec
2011: Jan Feb Mar Apr May Jun Jul Aug Sep Oct Nov Dec
2010: Jan Feb Mar Apr May Jun Jul Aug Sep Oct Nov Dec
2009: Jan Feb Mar Apr May Jun Jul Aug Sep Oct Nov Dec
2008: Jan Feb Mar Apr May Jun Jul Aug Sep Oct Nov Dec
2007: Jan Feb Mar Apr May Jun Jul Aug Sep Oct Nov Dec
2006: Jan Feb Mar Apr May Jun Jul Aug Sep Oct Nov Dec
2005: Jan Feb Mar Apr May Jun Jul Aug Sep Oct Nov Dec
2004: Jan Feb Mar Apr May Jun Jul Aug Sep Oct Nov Dec
2003: Jan Feb Mar Apr May Jun Jul Aug Sep Oct Nov Dec
2002: Jan Feb Mar Apr May Jun Jul Aug Sep Oct Nov Dec
2001: Jan Feb Mar Apr May Jun Jul Aug Sep Oct Nov Dec
2000: Jan Feb Mar Apr May Jun Jul Aug Sep Oct Nov Dec
1999: Jan Feb Mar Apr May Jun Jul Aug Sep Oct Nov Dec
1998: Jan Feb Mar Apr May Jun Jul Aug Sep Oct Nov Dec
1997: Jan Feb Mar Apr May Jun Jul Aug Sep Oct Nov Dec
1996: Jan Feb Mar Apr May Jun Jul Aug Sep Oct Nov Dec
1995: Jan Feb Mar Apr May Jun Jul Aug Sep Oct Nov Dec
1994: Jan Feb Mar Apr May Jun Jul Aug Sep Oct Nov Dec
1993: Jan Feb Mar Apr May Jun Jul Aug Sep Oct Nov Dec
1992: Jan Feb Mar Apr May Jun Jul Aug Sep Oct Nov Dec
1991: Jan Feb Mar Apr May Jun Jul Aug Sep Oct Nov Dec
1990: Jan Feb Mar Apr May Jun Jul Aug Sep Oct Nov Dec
1989: Jan Feb Mar Apr May Jun Jul Aug Sep Oct Nov Dec
1988: Jan Feb Mar Apr May Jun Jul Aug Sep Oct Nov Dec
1987: Jan Feb Mar Apr May Jun Jul Aug Sep Oct Nov Dec
1986: Jan Feb Mar Apr May Jun Jul Aug Sep Oct Nov Dec

Report for 1997 July
                  MONTHLY CLIMATOLOGICAL SUMMARY FOR 7/1997
                                        HEAT  COOL        
     MEAN                               DEG   DEG       WIND SPEED       DOM MEAN  MEAN
DAY  TEMP  HIGH   TIME     LOW   TIME   DAYS  DAYS RAIN AVG  HI  TIME    DIR BAROM HUM
---------------------------------------------------------------------------------------
1    73.1  89.6  2:55pm   62.6 11:45pm   0.0 16.4  0.00  12  23  00:00     W  28.8 26.4
2    67.6  84.2  1:49pm   51.8  3:45am   0.0 10.9  0.00  21  40  00:00   SSE  28.9 30.8
3    61.2  75.2  2:45pm   50.0  5:49am   0.0  3.2  0.00  13  25  00:00   SSE  29.0 48.9
4    64.8  84.2  4:45pm   50.0  4:50am   0.0  9.5  0.00   9  17  00:00   SSE  29.0 48.6
5      65  80.6  1:45pm   57.2  5:45am   0.0  7.8  0.00  13  24  00:00   SSW  29.0 48.4
6    69.4  89.6 12:49pm   51.8  1:45am   0.0 14.5  0.00  12  23  00:00    SW  28.7 44.2
7    73.6  91.4  2:45pm   57.2  4:45am   0.0 17.5  0.00  12  23  00:00    SE  28.8 36.3
8    71.7  87.8 11:45am   50.0 10:45pm   0.0 14.8  0.00  18  35  00:00    SW  29.0 39.2
9    65.4  87.8 11:45am   57.2  4:50am   0.0 11.6  0.00  15  29  00:00     S  28.4 39.9
10     75  91.4  2:45pm   62.6  2:45am   0.0 18.2  0.00   6  12  00:00    SW  28.6 34.9
11   68.5  80.6 12:45pm   60.8 11:45pm   0.0  9.6  0.00   7  13  00:00   WSW  28.8 51.3
12   73.1  93.2  4:45pm   57.2  1:45am   0.0 18.2  0.00   9  17  00:00     S  28.7 42.9
13     69  86.0  3:45pm   53.6  5:45am   0.0 12.5  0.00   9  17  00:00   SSE  28.9 38.2
14   72.4  91.4  4:45pm   60.8  4:45am   0.0 16.9  0.00  12  22  00:00   SSE  28.9 36.6
15   77.2  95.0  4:45pm   62.6  5:45am   0.0 21.1  0.00   7  14  00:00     S  29.0 39.1
16   78.3  98.6  2:00pm   66.2 12:45am   0.0 23.5  0.00   9  17  00:00   SSW  28.9 30.7
17   79.5  95.0 12:55pm   62.6  4:45am   0.0 22.3  0.00   9  17  00:00   SSW  29.0 22.5
18   76.1  95.0  1:45pm   68.0  4:50am   0.0 20.6  0.00  18  35  00:00   SSW  28.8 30.1
19   67.2  82.4  1:45pm   60.8 11:45pm   0.0  9.8  0.00  17  32  00:00     W  28.9 57.8
20   64.5  78.8  5:45pm   57.2  5:57am   0.0  6.7  0.00   6  12  00:00   WSW  29.1 73.0
21   72.3  89.6  2:45pm   55.4  4:55am   0.0 16.0  0.00   9  17  00:00    SE  28.8 45.3
22   75.6  91.4  1:45pm   60.8  5:46am   0.0 18.5  0.00  12  23  00:00   SSW  28.9 47.3
23   72.1  93.2  2:50pm   60.8  5:45am   0.0 17.7  0.00  11  21  00:00     S  28.8 52.9
24   73.7  89.6  1:45pm   62.6  2:45am   0.0 16.7  0.00   7  13  00:00    SE  29.1 54.3
25   71.3  87.8 12:45pm   60.8  3:45am   0.0 14.6  0.00  15  29  00:00    SE  29.0 55.5
26   71.9  86.0  1:45pm   68.0  1:45am   0.0 14.0  0.00  14  27  00:00    SW  28.9 49.0
27   66.8  84.2 11:59am   59.0  3:45pm   0.0 10.5  0.00  21  40  00:00   WSW  29.1 70.9
28   62.5  75.2  2:45pm   60.8  1:45am   0.0  3.9  0.00  12  23  00:00     S  29.0 85.9
29   66.3  84.2  9:55pm   60.8  2:45am   0.0 10.3  0.00  12  23  00:00    SW  28.9 76.5
30   65.9  80.6  1:45pm   62.6 12:45am   0.0  8.3  0.00  10  20  00:00    SW  29.1 82.6
31   63.8  78.8  1:45pm   59.0  4:45am   0.0  6.3  0.00  12  23  00:00    SW  29.1 84.0