NOAA-Style Climate Reports

Select a Year or Month report
2018: Jan Feb Mar Apr May Jun Jul Aug Sep Oct Nov Dec
2017: Jan Feb Mar Apr May Jun Jul Aug Sep Oct Nov Dec
2016: Jan Feb Mar Apr May Jun Jul Aug Sep Oct Nov Dec
2015: Jan Feb Mar Apr May Jun Jul Aug Sep Oct Nov Dec
2014: Jan Feb Mar Apr May Jun Jul Aug Sep Oct Nov Dec
2013: Jan Feb Mar Apr May Jun Jul Aug Sep Oct Nov Dec
2012: Jan Feb Mar Apr May Jun Jul Aug Sep Oct Nov Dec
2011: Jan Feb Mar Apr May Jun Jul Aug Sep Oct Nov Dec
2010: Jan Feb Mar Apr May Jun Jul Aug Sep Oct Nov Dec
2009: Jan Feb Mar Apr May Jun Jul Aug Sep Oct Nov Dec
2008: Jan Feb Mar Apr May Jun Jul Aug Sep Oct Nov Dec
2007: Jan Feb Mar Apr May Jun Jul Aug Sep Oct Nov Dec
2006: Jan Feb Mar Apr May Jun Jul Aug Sep Oct Nov Dec
2005: Jan Feb Mar Apr May Jun Jul Aug Sep Oct Nov Dec
2004: Jan Feb Mar Apr May Jun Jul Aug Sep Oct Nov Dec
2003: Jan Feb Mar Apr May Jun Jul Aug Sep Oct Nov Dec
2002: Jan Feb Mar Apr May Jun Jul Aug Sep Oct Nov Dec
2001: Jan Feb Mar Apr May Jun Jul Aug Sep Oct Nov Dec
2000: Jan Feb Mar Apr May Jun Jul Aug Sep Oct Nov Dec
1999: Jan Feb Mar Apr May Jun Jul Aug Sep Oct Nov Dec
1998: Jan Feb Mar Apr May Jun Jul Aug Sep Oct Nov Dec
1997: Jan Feb Mar Apr May Jun Jul Aug Sep Oct Nov Dec
1996: Jan Feb Mar Apr May Jun Jul Aug Sep Oct Nov Dec
1995: Jan Feb Mar Apr May Jun Jul Aug Sep Oct Nov Dec
1994: Jan Feb Mar Apr May Jun Jul Aug Sep Oct Nov Dec
1993: Jan Feb Mar Apr May Jun Jul Aug Sep Oct Nov Dec
1992: Jan Feb Mar Apr May Jun Jul Aug Sep Oct Nov Dec
1991: Jan Feb Mar Apr May Jun Jul Aug Sep Oct Nov Dec
1990: Jan Feb Mar Apr May Jun Jul Aug Sep Oct Nov Dec
1989: Jan Feb Mar Apr May Jun Jul Aug Sep Oct Nov Dec
1988: Jan Feb Mar Apr May Jun Jul Aug Sep Oct Nov Dec
1987: Jan Feb Mar Apr May Jun Jul Aug Sep Oct Nov Dec
1986: Jan Feb Mar Apr May Jun Jul Aug Sep Oct Nov Dec

Report for 1997 August
                  MONTHLY CLIMATOLOGICAL SUMMARY FOR 8/1997
                                        HEAT  COOL        
     MEAN                               DEG   DEG       WIND SPEED       DOM MEAN  MEAN
DAY  TEMP  HIGH   TIME     LOW   TIME   DAYS  DAYS RAIN AVG  HI  TIME    DIR BAROM HUM
---------------------------------------------------------------------------------------
1    68.2  82.4  2:45pm   60.8  1:50am   0.0 10.3  0.00   9  17  00:00   SSW  29.0 70.3
2    69.4  86.0  1:45pm   64.4  1:45am   0.0 12.7  0.00  12  23  00:00     S  29.1 67.8
3    71.4  87.8  2:45pm   60.8  1:45am   0.0 14.6  0.00   9  17  00:00   SSE  29.1 60.0
4    65.5  84.2  2:45pm   59.0  6:45am   0.0  9.9  0.00  15  29  00:00     S  29.3 76.4
5    62.6  71.6  2:45pm   60.8 12:45am   0.0  2.1  0.00   9  17  00:00    SW  29.1 85.5
6      55  62.6  5:45pm   53.6  8:45am   6.2  0.0  0.00  12  23  00:00    NW  29.0 88.7
7    61.7  77.0  2:55pm   53.6  5:45am   0.0  4.4  0.00   9  17  00:00   SSE  29.0 64.0
8    70.4  86.0  1:45pm   57.2  1:45am   0.0 13.2  0.00   9  17  00:00   SSW  28.8 50.0
9    58.7  69.8  3:45am   59.0  7:45am   0.7  0.0  0.00   9  17  00:00     S  28.7 75.3
10   58.6  66.2 10:45am   57.2  1:45am   2.6  0.0  0.00   6  12  00:00   WNW  28.7 92.8
11   59.9  75.2  2:45pm   57.2  4:49am   0.0  2.6  0.00   7  14  00:00     S  29.1 87.6
12   60.9  77.0  1:45pm   51.8  3:45am   0.0  4.0  0.00   9  17  00:00    SE  28.8 76.4
13     67  80.6  1:45pm   55.4  4:45am   0.0  8.8  0.00  11  21  00:00     S  29.1 57.9
14   66.3  78.8  4:45pm   57.2  5:45am   0.0  7.6  0.00  11  21  00:00   WNW  28.7 47.3
15   72.9  89.6  3:45pm   60.8 12:45am   0.0 16.3  0.00   7  13  00:00   SSE  28.6 42.0
16   63.7  80.6  4:45pm   57.2  3:45am   0.0  7.2  0.00  21  40  00:00    SW  28.8 69.1
17   64.3  77.0 12:45pm   55.4  5:45am   0.0  5.7  0.00  10  18  00:00     S  28.6 77.0
18   62.1  78.8  1:45pm   59.0  4:50am   0.0  5.5  0.00   9  17  00:00     S  28.7 76.3
19   64.6  80.6 10:45am   51.8  5:45am   0.0  7.6  0.00  15  29  00:00   SSW  29.1 62.5
20   65.6  80.6  2:45pm   55.4  5:45am   0.0  8.1  0.00   7  14  00:00    SW  28.9 64.4
21   68.2  86.0 12:47pm   60.8  1:45am   0.0 12.1  0.00  18  35  00:00   SSW  29.1 58.7
22   66.7  84.2  2:45pm   57.2 12:45am   0.0 10.5  0.00   7  13  00:00     S  29.1 62.3
23   71.3  89.6  3:45pm   60.8  3:45am   0.0 15.5  0.00   6  10  00:00   SSE  28.7 49.5
24     72  91.4  2:45pm   60.8  4:45am   0.0 16.7  0.00  15  29  00:00     S  28.9 50.7
25   70.1  87.8  2:45pm   60.8  5:45am   0.0 14.0  0.00  12  23  00:00     S  29.0 56.8
26   68.1  84.2  1:45pm   60.8 11:45pm   0.0 11.2  0.00  12  23  00:00    SW  28.8 60.5
27   69.5  84.2  3:45pm   55.4  6:45am   0.0 11.9  0.00   6  12  00:00   SSE  27.7 53.7
28   69.7  87.8  2:55pm   64.4  4:50am   0.0 13.8  0.00   9  17  00:00   SSW  29.0 55.8
29   69.9  84.2 12:45pm   60.8  3:45am   0.0 12.1  0.00   9  17  00:00     S  28.9 50.7
30   66.4  82.4  2:45pm   57.2  4:45am   0.0  9.4  0.00   7  14  00:00     S  28.9 53.7
31   65.9  82.4  1:55pm   60.8 12:45am   0.0  9.2  0.00  12  23  00:00   SSE  29.0 62.2