NOAA-Style Climate Reports

Select a Year or Month report
2018: Jan Feb Mar Apr May Jun Jul Aug Sep Oct Nov Dec
2017: Jan Feb Mar Apr May Jun Jul Aug Sep Oct Nov Dec
2016: Jan Feb Mar Apr May Jun Jul Aug Sep Oct Nov Dec
2015: Jan Feb Mar Apr May Jun Jul Aug Sep Oct Nov Dec
2014: Jan Feb Mar Apr May Jun Jul Aug Sep Oct Nov Dec
2013: Jan Feb Mar Apr May Jun Jul Aug Sep Oct Nov Dec
2012: Jan Feb Mar Apr May Jun Jul Aug Sep Oct Nov Dec
2011: Jan Feb Mar Apr May Jun Jul Aug Sep Oct Nov Dec
2010: Jan Feb Mar Apr May Jun Jul Aug Sep Oct Nov Dec
2009: Jan Feb Mar Apr May Jun Jul Aug Sep Oct Nov Dec
2008: Jan Feb Mar Apr May Jun Jul Aug Sep Oct Nov Dec
2007: Jan Feb Mar Apr May Jun Jul Aug Sep Oct Nov Dec
2006: Jan Feb Mar Apr May Jun Jul Aug Sep Oct Nov Dec
2005: Jan Feb Mar Apr May Jun Jul Aug Sep Oct Nov Dec
2004: Jan Feb Mar Apr May Jun Jul Aug Sep Oct Nov Dec
2003: Jan Feb Mar Apr May Jun Jul Aug Sep Oct Nov Dec
2002: Jan Feb Mar Apr May Jun Jul Aug Sep Oct Nov Dec
2001: Jan Feb Mar Apr May Jun Jul Aug Sep Oct Nov Dec
2000: Jan Feb Mar Apr May Jun Jul Aug Sep Oct Nov Dec
1999: Jan Feb Mar Apr May Jun Jul Aug Sep Oct Nov Dec
1998: Jan Feb Mar Apr May Jun Jul Aug Sep Oct Nov Dec
1997: Jan Feb Mar Apr May Jun Jul Aug Sep Oct Nov Dec
1996: Jan Feb Mar Apr May Jun Jul Aug Sep Oct Nov Dec
1995: Jan Feb Mar Apr May Jun Jul Aug Sep Oct Nov Dec
1994: Jan Feb Mar Apr May Jun Jul Aug Sep Oct Nov Dec
1993: Jan Feb Mar Apr May Jun Jul Aug Sep Oct Nov Dec
1992: Jan Feb Mar Apr May Jun Jul Aug Sep Oct Nov Dec
1991: Jan Feb Mar Apr May Jun Jul Aug Sep Oct Nov Dec
1990: Jan Feb Mar Apr May Jun Jul Aug Sep Oct Nov Dec
1989: Jan Feb Mar Apr May Jun Jul Aug Sep Oct Nov Dec
1988: Jan Feb Mar Apr May Jun Jul Aug Sep Oct Nov Dec
1987: Jan Feb Mar Apr May Jun Jul Aug Sep Oct Nov Dec
1986: Jan Feb Mar Apr May Jun Jul Aug Sep Oct Nov Dec

Report for 1997 September
                  MONTHLY CLIMATOLOGICAL SUMMARY FOR 9/1997
                                        HEAT  COOL        
     MEAN                               DEG   DEG       WIND SPEED       DOM MEAN  MEAN
DAY  TEMP  HIGH   TIME     LOW   TIME   DAYS  DAYS RAIN AVG  HI  TIME    DIR BAROM HUM
---------------------------------------------------------------------------------------
1      66  80.6 12:45pm   60.8  6:45am   0.0  8.3  0.00   9  17  00:00     S  28.8 58.2
2    61.2  71.6  1:45pm   60.8 10:45pm   0.0  1.4  0.00   9  16  00:00    SW  28.6 80.1
3    66.1  82.4  4:45pm   57.2  3:45am   0.0  9.3  0.00   9  17  00:00     S  29.2 74.8
4    65.9  84.2  1:45pm   57.2  3:47am   0.0 10.1  0.00  15  29  00:00   SSW  29.2 69.4
5    65.2  78.8 12:55pm   55.4  5:45am   0.0  7.0  0.00   7  14  00:00    SE  29.0 63.3
6    65.3  84.2 12:45pm   57.2 11:45pm   0.0  9.8  0.00  12  23  00:00    SE  28.9 59.8
7    64.4  82.4  1:45pm   55.4  1:45am   0.0  8.4  0.00  15  29  00:00   SSE  29.1 50.3
8    65.6  86.0  4:45pm   53.6  5:45am   0.0 10.8  0.00   9  17  00:00     S  29.0 46.6
9    61.8  77.0  3:50pm   51.8  6:45am   0.0  4.4  0.00   7  13  00:00    SW  28.8 63.9
10   65.8  84.2  2:45pm   50.0  5:45am   0.0 10.0  0.00   7  13  00:00     S  28.9 51.1
11   66.4  82.4  1:45pm   59.0  2:45am   0.0  9.4  0.00  15  29  00:00   SSW  28.8 50.0
12   69.4  82.4  2:45pm   62.6 12:45am   0.0 10.9  0.00   7  14  00:00   SSW  28.5 39.9
13   67.7  84.2  1:45pm   53.6  6:45am   0.0 11.0  0.00   9  17  00:00     S  28.9 45.3
14   68.1  82.4  1:45pm   59.0  5:45am   0.0 10.3  0.00   9  16  00:00   SSE  28.9 43.9
15   68.9  87.8  4:45pm   57.2  2:59am   0.0 13.4  0.00  13  25  00:00   SSW  28.9 41.6
16   64.7  77.0 12:45pm   55.4  6:45am   0.0  5.9  0.00   9  17  00:00    SE  28.7 46.5
17   64.5  82.4  3:45pm   53.6  3:45am   0.0  8.5  0.00  14  27  00:00     S  28.6 40.7
18   68.5  86.0 11:45am   59.0 10:45pm   0.0 12.3  0.00  11  21  00:00   SSW  28.7 44.1
19   51.2  62.6  2:45pm   46.4  8:50pm   8.1  0.0  0.00  12  23  00:00   SSE  28.9 77.6
20   48.9  60.8 12:45pm   46.4 12:45am  10.1  0.0  0.00  12  22  00:00     S  29.1 78.0
21   48.8  55.4  2:45pm   48.2 12:45am  12.9  0.0  0.00   7  14  00:00    NW  28.7 84.1
22   49.5  57.2  1:45pm   48.2  6:45am  11.6  0.0  0.00   6  12  00:00    NW  29.1 89.5
23   46.7  51.8  3:45pm   46.4  5:48am  15.7  0.0  0.00   8  15  00:00   SSE  29.0 86.7
24   53.2  68.0  4:45pm   46.4  3:45am   4.4  0.0  0.00 142 282  00:00   WSW  29.0 65.1
25   58.6  80.6  3:45pm   42.8  2:45am   0.0  4.6  0.00   6  12  00:00    SE  29.0 54.3
26   62.7  80.6 12:45pm   51.8  5:45am   0.0  6.7  0.00  51 101  00:00   SSW  28.8 53.5
27   59.4  78.8  2:50pm   44.6 11:45pm   0.0  4.1  0.00  13  25  00:00     S  28.9 58.5
28   54.7  75.2  1:50pm   39.2  3:45am   0.0  0.0  0.00   6  12  00:00     S  28.9 52.2
29   59.2  78.8  3:45pm   42.8  4:45am   0.0  4.0  0.00   6  12  00:00   SSE  28.9 42.4
30   62.6  80.6  2:45pm   50.0  5:45am   0.0  6.6  0.00   6  12  00:00     S  29.0 39.5