NOAA-Style Climate Reports

Select a Year or Month report
2018: Jan Feb Mar Apr May Jun Jul Aug Sep Oct Nov Dec
2017: Jan Feb Mar Apr May Jun Jul Aug Sep Oct Nov Dec
2016: Jan Feb Mar Apr May Jun Jul Aug Sep Oct Nov Dec
2015: Jan Feb Mar Apr May Jun Jul Aug Sep Oct Nov Dec
2014: Jan Feb Mar Apr May Jun Jul Aug Sep Oct Nov Dec
2013: Jan Feb Mar Apr May Jun Jul Aug Sep Oct Nov Dec
2012: Jan Feb Mar Apr May Jun Jul Aug Sep Oct Nov Dec
2011: Jan Feb Mar Apr May Jun Jul Aug Sep Oct Nov Dec
2010: Jan Feb Mar Apr May Jun Jul Aug Sep Oct Nov Dec
2009: Jan Feb Mar Apr May Jun Jul Aug Sep Oct Nov Dec
2008: Jan Feb Mar Apr May Jun Jul Aug Sep Oct Nov Dec
2007: Jan Feb Mar Apr May Jun Jul Aug Sep Oct Nov Dec
2006: Jan Feb Mar Apr May Jun Jul Aug Sep Oct Nov Dec
2005: Jan Feb Mar Apr May Jun Jul Aug Sep Oct Nov Dec
2004: Jan Feb Mar Apr May Jun Jul Aug Sep Oct Nov Dec
2003: Jan Feb Mar Apr May Jun Jul Aug Sep Oct Nov Dec
2002: Jan Feb Mar Apr May Jun Jul Aug Sep Oct Nov Dec
2001: Jan Feb Mar Apr May Jun Jul Aug Sep Oct Nov Dec
2000: Jan Feb Mar Apr May Jun Jul Aug Sep Oct Nov Dec
1999: Jan Feb Mar Apr May Jun Jul Aug Sep Oct Nov Dec
1998: Jan Feb Mar Apr May Jun Jul Aug Sep Oct Nov Dec
1997: Jan Feb Mar Apr May Jun Jul Aug Sep Oct Nov Dec
1996: Jan Feb Mar Apr May Jun Jul Aug Sep Oct Nov Dec
1995: Jan Feb Mar Apr May Jun Jul Aug Sep Oct Nov Dec
1994: Jan Feb Mar Apr May Jun Jul Aug Sep Oct Nov Dec
1993: Jan Feb Mar Apr May Jun Jul Aug Sep Oct Nov Dec
1992: Jan Feb Mar Apr May Jun Jul Aug Sep Oct Nov Dec
1991: Jan Feb Mar Apr May Jun Jul Aug Sep Oct Nov Dec
1990: Jan Feb Mar Apr May Jun Jul Aug Sep Oct Nov Dec
1989: Jan Feb Mar Apr May Jun Jul Aug Sep Oct Nov Dec
1988: Jan Feb Mar Apr May Jun Jul Aug Sep Oct Nov Dec
1987: Jan Feb Mar Apr May Jun Jul Aug Sep Oct Nov Dec
1986: Jan Feb Mar Apr May Jun Jul Aug Sep Oct Nov Dec

Report for 1997 October
                  MONTHLY CLIMATOLOGICAL SUMMARY FOR 10/1997
                                        HEAT  COOL        
     MEAN                               DEG   DEG       WIND SPEED       DOM MEAN  MEAN
DAY  TEMP  HIGH   TIME     LOW   TIME   DAYS  DAYS RAIN AVG  HI  TIME    DIR BAROM HUM
---------------------------------------------------------------------------------------
1    64.6  84.2  1:48pm   51.8  5:47am   0.0  9.4  0.00   8  15  00:00   SSE  28.9 44.6
2    68.2  82.4 12:45pm   57.2  1:45am   0.0 10.3  0.00  11  21  00:00     S  28.8 37.1
3      63  75.2  4:50pm   53.6 10:45pm   0.0  4.1  0.00   9  16  00:00   SSE  28.8 44.6
4    63.2  87.8  2:45pm   44.6  5:45am   0.0 10.5  0.00  10  20  00:00   SSE  28.7 36.7
5    63.8  84.2  1:45pm   50.0  3:45am   0.0  9.0  0.00  18  35  00:00   SSE  28.6 27.2
6    53.5  66.2  2:45pm   48.2  9:47pm   5.1  0.0  0.00   7  14  00:00   SSE  28.7 40.5
7    62.5  78.8 12:49pm   46.4 12:45am   0.0  5.7  0.00  15  29  00:00     S  28.4 40.5
8    50.8  62.6 12:45am   42.8 11:50pm   8.3  0.0  0.00  13  25  00:00   WSW  28.5 48.3
9      52  69.8  2:45pm   39.2  2:45am   4.1  0.0  0.00  10  18  00:00   SSW  28.8 43.3
10   63.8  80.6  3:45pm   50.0  6:45am   0.0  7.2  0.00  18  35  00:00   SSW  28.8 33.8
11     61  78.8 12:45pm   48.2 11:45pm   0.0  4.9  0.00  25  48  00:00     S  28.4 52.2
12   37.3  46.4 12:45am   32.0  7:45am  23.1  0.0  0.00  15  29  00:00     W  28.4 66.5
13     40  53.6  3:45pm   28.4  6:45am  18.2  0.0  0.00  13  25  00:00     W  28.9 40.3
14   47.2  68.0  2:50pm   32.0  6:45am   7.4  0.0  0.00   6  12  00:00    SE  29.1 49.7
15   47.4  62.6  2:48pm   35.6  4:45am  10.0  0.0  0.00   9  17  00:00   ESE  29.2 52.5
16     48  66.2  1:45pm   35.6  6:52am   7.9  0.0  0.00   7  14  00:00   SSE  29.0 54.2
17   54.2  80.6  3:45pm   39.2  3:45am   0.0  2.4  0.00   6  12  00:00   SSE  29.0 45.4
18   56.9  73.4  3:45pm   44.6  3:45am   0.0  0.2  0.00   6  12  00:00     S  28.9 34.0
19   44.8  57.2  2:50pm   41.0  6:45am  14.0  0.0  0.00  11  21  00:00    SW  29.0 73.1
20   42.5  50.0  1:45pm   37.4  6:45am  18.7  0.0  0.00   7  14  00:00   WNW  29.0 81.8
21   45.1  60.8  2:55pm   37.4 11:45pm  12.0  0.0  0.00   7  13  00:00   WNW  29.0 76.6
22   48.1  66.2  1:45pm   33.8  2:45am   7.8  0.0  0.00   7  13  00:00    SE  28.8 54.8
23   47.3  60.8 12:48pm   35.6  6:47am  10.9  0.0  0.00  13  25  00:00   ESE  29.0 48.2
24   30.9  39.2 12:50am   17.6 10:45pm  29.9  0.0  0.00  18  35  00:00    SW  28.7 96.7
25   18.4  23.0  2:45pm   14.0 11:45pm  44.3  0.0  0.00  18  35  00:00    NW  28.9 94.0
26   24.2  41.0 12:45pm    6.8  1:45am  32.4  0.0  0.00   9  17  00:00   SSE  28.9 66.3
27   39.5  55.4 12:46pm   26.6 12:45am  17.5  0.0  0.00   7  14  00:00   SSE  28.5 46.8
28   36.7  46.4  3:49pm   30.2  1:45am  23.4  0.0  0.00  11  21  00:00   SSE  28.9 58.6
29     43  55.4  1:45pm   35.6 12:45am  15.8  0.0  0.00   6  12  00:00   SSE  28.8 49.9
30   47.9  57.2  2:25pm   41.0  4:46am  12.4  0.0  0.00  12  23  00:00     W  28.8 43.7
31   46.9  59.0  4:24am   35.6  8:45pm  12.0  0.0  0.00  18  35  00:00   WSW  28.7 54.4