NOAA-Style Climate Reports

Select a Year or Month report
2018: Jan Feb Mar Apr May Jun Jul Aug Sep Oct Nov Dec
2017: Jan Feb Mar Apr May Jun Jul Aug Sep Oct Nov Dec
2016: Jan Feb Mar Apr May Jun Jul Aug Sep Oct Nov Dec
2015: Jan Feb Mar Apr May Jun Jul Aug Sep Oct Nov Dec
2014: Jan Feb Mar Apr May Jun Jul Aug Sep Oct Nov Dec
2013: Jan Feb Mar Apr May Jun Jul Aug Sep Oct Nov Dec
2012: Jan Feb Mar Apr May Jun Jul Aug Sep Oct Nov Dec
2011: Jan Feb Mar Apr May Jun Jul Aug Sep Oct Nov Dec
2010: Jan Feb Mar Apr May Jun Jul Aug Sep Oct Nov Dec
2009: Jan Feb Mar Apr May Jun Jul Aug Sep Oct Nov Dec
2008: Jan Feb Mar Apr May Jun Jul Aug Sep Oct Nov Dec
2007: Jan Feb Mar Apr May Jun Jul Aug Sep Oct Nov Dec
2006: Jan Feb Mar Apr May Jun Jul Aug Sep Oct Nov Dec
2005: Jan Feb Mar Apr May Jun Jul Aug Sep Oct Nov Dec
2004: Jan Feb Mar Apr May Jun Jul Aug Sep Oct Nov Dec
2003: Jan Feb Mar Apr May Jun Jul Aug Sep Oct Nov Dec
2002: Jan Feb Mar Apr May Jun Jul Aug Sep Oct Nov Dec
2001: Jan Feb Mar Apr May Jun Jul Aug Sep Oct Nov Dec
2000: Jan Feb Mar Apr May Jun Jul Aug Sep Oct Nov Dec
1999: Jan Feb Mar Apr May Jun Jul Aug Sep Oct Nov Dec
1998: Jan Feb Mar Apr May Jun Jul Aug Sep Oct Nov Dec
1997: Jan Feb Mar Apr May Jun Jul Aug Sep Oct Nov Dec
1996: Jan Feb Mar Apr May Jun Jul Aug Sep Oct Nov Dec
1995: Jan Feb Mar Apr May Jun Jul Aug Sep Oct Nov Dec
1994: Jan Feb Mar Apr May Jun Jul Aug Sep Oct Nov Dec
1993: Jan Feb Mar Apr May Jun Jul Aug Sep Oct Nov Dec
1992: Jan Feb Mar Apr May Jun Jul Aug Sep Oct Nov Dec
1991: Jan Feb Mar Apr May Jun Jul Aug Sep Oct Nov Dec
1990: Jan Feb Mar Apr May Jun Jul Aug Sep Oct Nov Dec
1989: Jan Feb Mar Apr May Jun Jul Aug Sep Oct Nov Dec
1988: Jan Feb Mar Apr May Jun Jul Aug Sep Oct Nov Dec
1987: Jan Feb Mar Apr May Jun Jul Aug Sep Oct Nov Dec
1986: Jan Feb Mar Apr May Jun Jul Aug Sep Oct Nov Dec

Report for 1997 November
                  MONTHLY CLIMATOLOGICAL SUMMARY FOR 11/1997
                                        HEAT  COOL        
     MEAN                               DEG   DEG       WIND SPEED       DOM MEAN  MEAN
DAY  TEMP  HIGH   TIME     LOW   TIME   DAYS  DAYS RAIN AVG  HI  TIME    DIR BAROM HUM
---------------------------------------------------------------------------------------
1    39.9  48.2  1:45pm   37.4 12:45am  20.9  0.0  0.00  16  31  00:00   NNW  28.9 42.4
2    36.2  46.4  2:45pm   28.4  9:45pm  23.7  0.0  0.00  29  58  00:00     S-372.1 43.7
3    44.8  62.6 12:50pm   24.8  2:45am  11.3  0.0  0.00  17  32  00:00   WSW  28.9 40.4
4      45  62.6 11:45am   32.0 10:45pm  11.2  0.0  0.00  17  32  00:00    SW  28.8 63.0
5    37.9  53.6  2:45pm   26.6  5:45am  19.2  0.0  0.00   6  12  00:00    SE  29.0 63.1
6    44.3  64.4 12:45pm   30.2  6:45am  10.6  0.0  0.00   9  16  00:00    SE  28.9 58.4
7    47.1  66.2 11:53am   35.6  1:45am   8.3  0.0  0.00   6  12  00:00   SSE  28.8 46.8
8    38.1  48.2 11:45am   32.0  8:45pm  21.8  0.0  0.00   9  17  00:00     E  29.0 69.6
9    26.5  32.0 12:45am   24.8  8:45pm  35.7  0.0  0.00   9  16  00:00    NE  29.0 92.1
10   24.4  32.0  1:45pm   21.2  5:45am  36.8  0.0  0.00   6  12  00:00    SW  28.8 86.6
11   22.7  26.6 12:45am   21.2  4:55pm  40.3  0.0  0.00   6  12  00:00    SE  28.7 91.5
12   24.7  35.6  2:48pm   21.2  4:50am  34.8  0.0  0.00   7  14  00:00    SW  28.4 84.0
13   24.8  37.4  9:45am   14.0 10:50pm  33.9  0.0  0.00   9  16  00:00   ENE  28.6 77.2
14   14.6  51.8  3:50am    8.6  6:47am  31.8  0.0  0.00  12  23  00:00     E  28.6 65.8
15   13.5  28.4  1:45pm    1.4  5:53am  44.0  0.0  0.00   7  13  00:00    SE  28.9 57.3
16     23  44.6 12:45pm    8.6  1:45am  31.2  0.0  0.00   6  12  00:00   SSE  28.9 52.6
17   33.6  44.6 12:45pm   26.6  9:45pm  25.9  0.0  0.00   8  15  00:00   SSE  28.9 46.8
18   34.4  42.8 11:45am   26.6 10:45pm  26.4  0.0  0.00  11  21  00:00    SW  28.9 49.4
19   37.6  53.6  1:45pm   26.6  6:45am  19.4  0.0  0.00   7  14  00:00    SE  28.7 54.4
20   36.9  48.2 10:55am   30.2 11:48pm  22.4  0.0  0.00   9  17  00:00     S  28.7 61.7
21     32  42.8  1:45pm   23.0  2:56am  27.6  0.0  0.00   6  12  00:00    SE  37.0 55.9
22   32.2  44.6 11:45am   23.0 10:45pm  26.6  0.0  0.00   6  12  00:00   ESE  28.8 54.7
23   30.6  48.2  1:45pm   21.2  2:45am  25.6  0.0  0.00   7  14  00:00   SSE  28.8 63.4
24     41  60.8  1:47pm   28.4  1:45am  14.1  0.0  0.00   9  17  00:00    SE  28.8 49.7
25     49  66.2 12:45pm   35.6 11:45pm   7.4  0.0  0.00  12  23  00:00     W  28.8 31.6
26   36.9  46.4  1:58pm   30.2  2:45am  23.3  0.0  0.00  21  40  00:00     S  28.8 58.7
27   43.1  55.4 10:45am   32.0  9:50pm  15.7  0.0  0.00  15  29  00:00     S  28.4 63.2
28   34.3  41.0  2:45pm   32.0 12:18am  27.3  0.0  0.00   7  13  00:00    NW  28.9 88.7
29   34.4  44.6 12:49pm   21.2 11:45pm  25.5  0.0  0.00   7  14  00:00     W  28.9 68.3
30   28.8  42.8  1:45pm   19.4  2:49am  29.2  0.0  0.00   5   9  00:00   SSE  28.7 73.1