NOAA-Style Climate Reports

Select a Year or Month report
2018: Jan Feb Mar Apr May Jun Jul Aug Sep Oct Nov Dec
2017: Jan Feb Mar Apr May Jun Jul Aug Sep Oct Nov Dec
2016: Jan Feb Mar Apr May Jun Jul Aug Sep Oct Nov Dec
2015: Jan Feb Mar Apr May Jun Jul Aug Sep Oct Nov Dec
2014: Jan Feb Mar Apr May Jun Jul Aug Sep Oct Nov Dec
2013: Jan Feb Mar Apr May Jun Jul Aug Sep Oct Nov Dec
2012: Jan Feb Mar Apr May Jun Jul Aug Sep Oct Nov Dec
2011: Jan Feb Mar Apr May Jun Jul Aug Sep Oct Nov Dec
2010: Jan Feb Mar Apr May Jun Jul Aug Sep Oct Nov Dec
2009: Jan Feb Mar Apr May Jun Jul Aug Sep Oct Nov Dec
2008: Jan Feb Mar Apr May Jun Jul Aug Sep Oct Nov Dec
2007: Jan Feb Mar Apr May Jun Jul Aug Sep Oct Nov Dec
2006: Jan Feb Mar Apr May Jun Jul Aug Sep Oct Nov Dec
2005: Jan Feb Mar Apr May Jun Jul Aug Sep Oct Nov Dec
2004: Jan Feb Mar Apr May Jun Jul Aug Sep Oct Nov Dec
2003: Jan Feb Mar Apr May Jun Jul Aug Sep Oct Nov Dec
2002: Jan Feb Mar Apr May Jun Jul Aug Sep Oct Nov Dec
2001: Jan Feb Mar Apr May Jun Jul Aug Sep Oct Nov Dec
2000: Jan Feb Mar Apr May Jun Jul Aug Sep Oct Nov Dec
1999: Jan Feb Mar Apr May Jun Jul Aug Sep Oct Nov Dec
1998: Jan Feb Mar Apr May Jun Jul Aug Sep Oct Nov Dec
1997: Jan Feb Mar Apr May Jun Jul Aug Sep Oct Nov Dec
1996: Jan Feb Mar Apr May Jun Jul Aug Sep Oct Nov Dec
1995: Jan Feb Mar Apr May Jun Jul Aug Sep Oct Nov Dec
1994: Jan Feb Mar Apr May Jun Jul Aug Sep Oct Nov Dec
1993: Jan Feb Mar Apr May Jun Jul Aug Sep Oct Nov Dec
1992: Jan Feb Mar Apr May Jun Jul Aug Sep Oct Nov Dec
1991: Jan Feb Mar Apr May Jun Jul Aug Sep Oct Nov Dec
1990: Jan Feb Mar Apr May Jun Jul Aug Sep Oct Nov Dec
1989: Jan Feb Mar Apr May Jun Jul Aug Sep Oct Nov Dec
1988: Jan Feb Mar Apr May Jun Jul Aug Sep Oct Nov Dec
1987: Jan Feb Mar Apr May Jun Jul Aug Sep Oct Nov Dec
1986: Jan Feb Mar Apr May Jun Jul Aug Sep Oct Nov Dec

Report for 1997 December
                  MONTHLY CLIMATOLOGICAL SUMMARY FOR 12/1997
                                        HEAT  COOL        
     MEAN                               DEG   DEG       WIND SPEED       DOM MEAN  MEAN
DAY  TEMP  HIGH   TIME     LOW   TIME   DAYS  DAYS RAIN AVG  HI  TIME    DIR BAROM HUM
---------------------------------------------------------------------------------------
1    35.6  42.8  8:45am   30.2 11:45pm  25.8  0.0  0.00   6  12  00:00     S  28.7 69.1
2    26.1  39.2  2:45pm   23.0 10:45pm  32.3  0.0  0.00   9  17  00:00   SSE  28.9 94.0
3    23.9  32.0  6:50pm   19.4  5:45am  37.0  0.0  0.00   7  14  00:00     S  28.9 78.0
4    24.8  32.0  4:45am   19.4  6:49pm  36.6  0.0  0.00   7  14  00:00   SSE  28.6 57.6
5    17.2  32.0  2:45pm   10.4  8:45pm  40.4  0.0  0.00   7  14  00:00   SSE  28.8 80.5
6    23.4  39.2 11:45am   10.4  2:45am  33.7  0.0  0.00   6  12  00:00   SSE  28.7 68.8
7      29  39.2  1:45pm   21.2  4:45am  30.9  0.0  0.00   9  17  00:00   SSW  28.4 62.6
8    33.9  44.6 10:45am   26.6 12:55am  25.7  0.0  0.00   9  17  00:00   SSW  28.4 64.6
9    26.9  32.0 12:45am   23.0  6:47pm  35.5  0.0  0.00   9  17  00:00   ESE  28.7 87.9
10   21.6  24.8  2:45pm   19.4  8:45pm  41.8  0.0  0.00  20  39  00:00     E  29.0 85.2
11   19.4  28.4  1:45pm   12.2  7:55am  41.1  0.0  0.00  11  21  00:00    SW  29.2 58.2
12   23.5  39.2 12:45pm    8.6  4:45am  33.6  0.0  0.00   5   9  00:00     S  29.1 36.6
13     32  46.4  5:50pm   23.0 12:45am  25.8  0.0  0.00   7  14  00:00     S  29.0 37.8
14   37.2  46.4 10:45am   26.6  3:45am  23.2  0.0  0.00   9  16  00:00   SSE  28.8 37.4
15   35.8  50.0  3:45pm   26.6  7:55pm  22.1  0.0  0.00  19  37  00:00   SSE  28.4 35.6
16   31.9  42.8 11:50am   23.0 12:45am  27.6  0.0  0.00   8  15  00:00     S  28.9 46.6
17   36.9  48.2  2:50pm   30.2  5:45am  22.4  0.0  0.00   7  13  00:00   SSE  28.7 48.5
18   33.5  44.6 12:45pm   26.6  3:45am  25.9  0.0  0.00   7  13  00:00   SSW  28.5 52.2
19     25  30.2 12:45am   24.8  4:50am  37.4  0.0  0.00   6  12  00:00   WNW  28.8 81.4
20   22.7  35.6 12:45pm   15.8  7:45am  35.8  0.0  0.00   6  12  00:00     S  28.8 81.0
21   26.3  39.2  1:55pm   15.8 12:45am  32.2  0.0  0.00   6  12  00:00    SW  28.6 57.8
22   23.8  30.2 11:45am   17.6  9:47pm  38.0  0.0  0.00   6  12  00:00   SSE  28.8 64.1
23   24.4  37.4  2:45pm   17.6  1:45am  34.1  0.0  0.00   6  12  00:00     S  28.6 64.2
24   21.9  24.8  1:45am   21.2  7:45am  41.6  0.0  0.00  11  21  00:00     N  28.6 76.4
25   18.9  26.6 12:55pm   12.2 11:45pm  42.2  0.0  0.00   9  17  00:00     W  28.8 75.6
26   21.9  33.8  1:50pm   15.8 12:45am  37.1  0.0  0.00  10  18  00:00    SW  29.0 61.6
27   32.4  44.6 12:45pm   26.6 12:45am  26.5  0.0  0.00  24  46  00:00   WNW  28.8 34.9
28   27.8  37.4  9:45pm   14.0  4:45am  32.4  0.0  0.00  15  29  00:00   NNW  28.8 39.0
29   40.3  50.0  1:45pm   33.8 10:45pm  19.8  0.0  0.00  15  29  00:00   WNW  28.8 43.7
30   30.8  41.0 12:50am   23.0 10:45pm  29.1  0.0  0.00  13  25  00:00   SSE  28.9 73.0
31   35.3  50.0 11:45am   21.2  5:45am  22.3  0.0  0.00   7  14  00:00   SSE  28.8 53.7