NOAA-Style Climate Reports

Select a Year or Month report
2018: Jan Feb Mar Apr May Jun Jul Aug Sep Oct Nov Dec
2017: Jan Feb Mar Apr May Jun Jul Aug Sep Oct Nov Dec
2016: Jan Feb Mar Apr May Jun Jul Aug Sep Oct Nov Dec
2015: Jan Feb Mar Apr May Jun Jul Aug Sep Oct Nov Dec
2014: Jan Feb Mar Apr May Jun Jul Aug Sep Oct Nov Dec
2013: Jan Feb Mar Apr May Jun Jul Aug Sep Oct Nov Dec
2012: Jan Feb Mar Apr May Jun Jul Aug Sep Oct Nov Dec
2011: Jan Feb Mar Apr May Jun Jul Aug Sep Oct Nov Dec
2010: Jan Feb Mar Apr May Jun Jul Aug Sep Oct Nov Dec
2009: Jan Feb Mar Apr May Jun Jul Aug Sep Oct Nov Dec
2008: Jan Feb Mar Apr May Jun Jul Aug Sep Oct Nov Dec
2007: Jan Feb Mar Apr May Jun Jul Aug Sep Oct Nov Dec
2006: Jan Feb Mar Apr May Jun Jul Aug Sep Oct Nov Dec
2005: Jan Feb Mar Apr May Jun Jul Aug Sep Oct Nov Dec
2004: Jan Feb Mar Apr May Jun Jul Aug Sep Oct Nov Dec
2003: Jan Feb Mar Apr May Jun Jul Aug Sep Oct Nov Dec
2002: Jan Feb Mar Apr May Jun Jul Aug Sep Oct Nov Dec
2001: Jan Feb Mar Apr May Jun Jul Aug Sep Oct Nov Dec
2000: Jan Feb Mar Apr May Jun Jul Aug Sep Oct Nov Dec
1999: Jan Feb Mar Apr May Jun Jul Aug Sep Oct Nov Dec
1998: Jan Feb Mar Apr May Jun Jul Aug Sep Oct Nov Dec
1997: Jan Feb Mar Apr May Jun Jul Aug Sep Oct Nov Dec
1996: Jan Feb Mar Apr May Jun Jul Aug Sep Oct Nov Dec
1995: Jan Feb Mar Apr May Jun Jul Aug Sep Oct Nov Dec
1994: Jan Feb Mar Apr May Jun Jul Aug Sep Oct Nov Dec
1993: Jan Feb Mar Apr May Jun Jul Aug Sep Oct Nov Dec
1992: Jan Feb Mar Apr May Jun Jul Aug Sep Oct Nov Dec
1991: Jan Feb Mar Apr May Jun Jul Aug Sep Oct Nov Dec
1990: Jan Feb Mar Apr May Jun Jul Aug Sep Oct Nov Dec
1989: Jan Feb Mar Apr May Jun Jul Aug Sep Oct Nov Dec
1988: Jan Feb Mar Apr May Jun Jul Aug Sep Oct Nov Dec
1987: Jan Feb Mar Apr May Jun Jul Aug Sep Oct Nov Dec
1986: Jan Feb Mar Apr May Jun Jul Aug Sep Oct Nov Dec

Report for 1998 January
                  MONTHLY CLIMATOLOGICAL SUMMARY FOR 1/1998
                                        HEAT  COOL        
     MEAN                               DEG   DEG       WIND SPEED       DOM MEAN  MEAN
DAY  TEMP  HIGH   TIME     LOW   TIME   DAYS  DAYS RAIN AVG  HI  TIME    DIR BAROM HUM
---------------------------------------------------------------------------------------
1    42.1  50.0 12:50pm   37.4  2:48am  18.9  0.0  0.00   9  17  00:00     S  28.7 44.0
2    41.5  50.0 11:45am   33.8  6:45am  19.2  0.0  0.00  10  18  00:00    SE  28.5 51.2
3    30.8  42.8  2:45am   24.8  4:45pm  28.2  0.0  0.00  12  22  00:00   SSW  28.7 84.2
4    30.1  46.4 11:45am   19.4  4:45am  26.7  0.0  0.00   6  12  00:00     S  28.7 71.5
5    30.6  41.0 12:45pm   21.2  6:45am  29.2  0.0  0.00  12  23  00:00   SSE  28.6 70.1
6    22.4  32.0 11:45am   10.4  8:45pm  37.8  0.0  0.00   9  17  00:00   SSW  28.8 77.4
7    22.6  39.2  3:45pm    8.6  1:45am  34.1  0.0  0.00   6  12  00:00   SSE  28.7 46.3
8    27.5  41.0  2:45pm   15.8  6:45am  30.7  0.0  0.00   8  15  00:00   SSE  28.4 45.1
9    13.5  19.4  3:45am    8.6  7:54am  48.5  0.0  0.00   9  16  00:00   SSW  28.7 71.7
10   22.4  37.4 11:50am    8.6  1:45am  35.1  0.0  0.00   6  12  00:00    SW  28.5 66.8
11   39.4  50.0 12:45pm   35.6  3:45am  20.3  0.0  0.00   9  16  00:00   SSW  28.4 43.3
12   23.3  41.0 12:50am   15.8 11:20pm  32.8  0.0  0.00  12  23  00:00   SSE  28.8 82.7
13   34.6  46.4  1:45pm   15.8 12:05am  24.5  0.0  0.00  16  31  00:00    SW  28.6 55.3
14   31.9  41.0 12:45pm   23.0  5:45am  28.5  0.0  0.00   8  15  00:00   WSW  28.8 38.3
15   34.3  46.4 12:48pm   23.0  1:51am  24.6  0.0  0.00   9  17  00:00   SSE  28.6 46.3
16   32.3  41.0 12:30pm   28.4  8:45pm  28.3  0.0  0.00  15  29  00:00    SW  28.8 49.2
17     38  51.8  2:55pm   32.0  8:45am  20.1  0.0  0.00  67 132  00:00    SW  28.6 51.8
18   35.4  42.8  9:45am   28.4  9:45pm  25.9  0.0  0.00  10  18  00:00    SW  28.9 51.0
19   40.2  55.4  2:00pm   26.6  5:45am  17.2  0.0  0.00  15  29  00:00    SW  28.4 42.9
20     35  89.6  9:45am   21.2  9:45pm   2.7  0.0  0.00  15  29  00:00     W  28.5 41.9
21   24.8  35.6  2:50pm   17.6  3:45am  34.8  0.0  0.00   7  14  00:00   SSW  28.7 58.8
22   25.1  35.6 12:45pm   14.0  4:55am  34.6  0.0  0.00   7  14  00:00   SSE  28.7 48.7
23   26.9  33.8 11:45am   19.4  7:45am  34.6  0.0  0.00   9  17  00:00    SE  28.8 55.4
24   38.1  51.8  2:55pm   23.0  1:45am  20.0  0.0  0.00   7  14  00:00   SSW  28.7 43.8
25   37.1  46.4  2:45pm   28.4 11:45pm  23.2  0.0  0.00  13  25  00:00   WSW  28.7 46.2
26   32.8  50.0  1:50pm   24.8  4:45am  23.6  0.0  0.00   7  14  00:00   SSE  28.9 51.7
27   38.4  53.6  1:45pm   30.2  1:45am  19.0  0.0  0.00   8  15  00:00   SSE  28.7 40.3
28   35.8  53.6  2:50pm   24.8 11:45pm  20.3  0.0  0.00   9  17  00:00     S  28.8 53.1
29   33.7  51.8  1:45pm   24.8  3:50am  22.2  0.0  0.00   9  16  00:00    SE  28.7 61.4
30     36  48.2  3:45pm   24.8  4:45am  22.9  0.0  0.00   7  14  00:00     S  28.6 50.0
31   30.4  33.8 12:45am   28.4  3:45am  32.9  0.0  0.00   5   9  00:00    SE  28.8 88.0