NOAA-Style Climate Reports

Select a Year or Month report
2018: Jan Feb Mar Apr May Jun Jul Aug Sep Oct Nov Dec
2017: Jan Feb Mar Apr May Jun Jul Aug Sep Oct Nov Dec
2016: Jan Feb Mar Apr May Jun Jul Aug Sep Oct Nov Dec
2015: Jan Feb Mar Apr May Jun Jul Aug Sep Oct Nov Dec
2014: Jan Feb Mar Apr May Jun Jul Aug Sep Oct Nov Dec
2013: Jan Feb Mar Apr May Jun Jul Aug Sep Oct Nov Dec
2012: Jan Feb Mar Apr May Jun Jul Aug Sep Oct Nov Dec
2011: Jan Feb Mar Apr May Jun Jul Aug Sep Oct Nov Dec
2010: Jan Feb Mar Apr May Jun Jul Aug Sep Oct Nov Dec
2009: Jan Feb Mar Apr May Jun Jul Aug Sep Oct Nov Dec
2008: Jan Feb Mar Apr May Jun Jul Aug Sep Oct Nov Dec
2007: Jan Feb Mar Apr May Jun Jul Aug Sep Oct Nov Dec
2006: Jan Feb Mar Apr May Jun Jul Aug Sep Oct Nov Dec
2005: Jan Feb Mar Apr May Jun Jul Aug Sep Oct Nov Dec
2004: Jan Feb Mar Apr May Jun Jul Aug Sep Oct Nov Dec
2003: Jan Feb Mar Apr May Jun Jul Aug Sep Oct Nov Dec
2002: Jan Feb Mar Apr May Jun Jul Aug Sep Oct Nov Dec
2001: Jan Feb Mar Apr May Jun Jul Aug Sep Oct Nov Dec
2000: Jan Feb Mar Apr May Jun Jul Aug Sep Oct Nov Dec
1999: Jan Feb Mar Apr May Jun Jul Aug Sep Oct Nov Dec
1998: Jan Feb Mar Apr May Jun Jul Aug Sep Oct Nov Dec
1997: Jan Feb Mar Apr May Jun Jul Aug Sep Oct Nov Dec
1996: Jan Feb Mar Apr May Jun Jul Aug Sep Oct Nov Dec
1995: Jan Feb Mar Apr May Jun Jul Aug Sep Oct Nov Dec
1994: Jan Feb Mar Apr May Jun Jul Aug Sep Oct Nov Dec
1993: Jan Feb Mar Apr May Jun Jul Aug Sep Oct Nov Dec
1992: Jan Feb Mar Apr May Jun Jul Aug Sep Oct Nov Dec
1991: Jan Feb Mar Apr May Jun Jul Aug Sep Oct Nov Dec
1990: Jan Feb Mar Apr May Jun Jul Aug Sep Oct Nov Dec
1989: Jan Feb Mar Apr May Jun Jul Aug Sep Oct Nov Dec
1988: Jan Feb Mar Apr May Jun Jul Aug Sep Oct Nov Dec
1987: Jan Feb Mar Apr May Jun Jul Aug Sep Oct Nov Dec
1986: Jan Feb Mar Apr May Jun Jul Aug Sep Oct Nov Dec

Report for 1998 February
                  MONTHLY CLIMATOLOGICAL SUMMARY FOR 2/1998
                                        HEAT  COOL        
     MEAN                               DEG   DEG       WIND SPEED       DOM MEAN  MEAN
DAY  TEMP  HIGH   TIME     LOW   TIME   DAYS  DAYS RAIN AVG  HI  TIME    DIR BAROM HUM
---------------------------------------------------------------------------------------
1    29.6  44.6  2:45pm   19.4  6:45am  27.9  0.0  0.00   7  14  00:00    SE  28.5 63.3
2    31.5  42.8  1:45pm   23.0  5:45am  27.8  0.0  0.00   7  13  00:00     S  28.7 54.0
3    33.4  46.4  2:45pm   24.8  4:45am  25.1  0.0  0.00   6  12  00:00   SSE  28.8 67.7
4    29.5  37.4 12:45pm   24.8  6:50am  31.5  0.0  0.00   7  13  00:00     S  28.6 87.1
5    32.4  37.4  1:45pm   30.2  1:55am  30.1  0.0  0.00   6  10  00:00   SSE  28.7 80.3
6    33.3  48.2 12:45pm   24.8  1:45am  24.2  0.0  0.00   9  16  00:00    SE  28.7 73.7
7    34.7  46.4  1:45pm   26.6  1:45am  24.4  0.0  0.00   7  14  00:00    SE  28.6 73.7
8    37.3  51.8  3:47pm   28.4  2:45am  20.4  0.0  0.00   6  12  00:00    SE  28.5 52.4
9    34.9  41.0  1:45pm   32.0 11:45pm  27.0  0.0  0.00   7  14  00:00   SSW  28.5 73.0
10   32.5  42.8  1:45pm   24.8 10:45pm  27.3  0.0  0.00   7  14  00:00    SE  28.8 60.0
11   30.1  42.8 10:50am   19.4  4:45am  28.5  0.0  0.00   7  14  00:00   SSE  28.7 50.3
12   30.3  44.6  2:45pm   21.2  3:45am  27.5  0.0  0.00   7  14  00:00   SSE  28.8 51.4
13   35.4  53.6  2:45pm   23.0  4:45am  20.5  0.0  0.00  13  25  00:00    SE  28.5 48.7
14   36.8  48.2 12:45pm   17.6  6:45am  22.5  0.0  0.00  13  25  00:00   SSW  28.6 50.7
15     34  44.6 12:45pm   28.4  6:45am  25.7  0.0  0.00   6  12  00:00    SW  28.3 74.8
16   31.6  51.8 11:45am   32.0 12:59am  23.3  0.0  0.00   6  12  00:00   NNW  28.4 93.9
17   33.7  41.0 11:45am   30.2  5:45am  27.6  0.0  0.00   5   9  00:00   SSW  28.5 77.1
18   33.8  41.0 11:45am   32.0  4:50am  27.6  0.0  0.00   7  14  00:00    SW  28.8 85.8
19   30.8  41.0 12:45pm   24.8  6:45am  29.1  0.0  0.00   7  14  00:00   SSE  28.9 62.7
20   30.5  44.6  2:45pm   19.4  5:45am  27.4  0.0  0.00   6  12  00:00   SSE  28.7 55.8
21   35.9  50.0 12:47pm   21.2  5:45am  22.0  0.0  0.00   6  10  00:00   SSE  28.6 52.2
22   41.4  55.4  1:45pm   32.0 12:45am  16.6  0.0  0.00   9  17  00:00     S  28.5 47.2
23     40  51.8 11:45am   26.6  6:45am  19.1  0.0  0.00   9  17  00:00   SSE  28.7 60.6
24   44.5  60.8 11:45am   30.2  6:45am  12.3  0.0  0.00  24  46  00:00   SSE  28.4 63.0
25   37.1  44.6 12:45am   23.0 11:45pm  24.1  0.0  0.00  30  59  00:00     W  28.2 35.3
26   26.7  37.4  1:45pm   17.6  5:45am  32.9  0.0  0.00  13  25  00:00     W  28.3 44.8
27   23.8  33.8  1:50pm   14.0  4:45am  36.2  0.0  0.00  11  21  00:00   WNW  28.5 35.1
28   24.6  35.6  1:45pm   15.8  6:45am  34.9  0.0  0.00  12  23  00:00    SW  28.7 25.2