NOAA-Style Climate Reports

Select a Year or Month report
2018: Jan Feb Mar Apr May Jun Jul Aug Sep Oct Nov Dec
2017: Jan Feb Mar Apr May Jun Jul Aug Sep Oct Nov Dec
2016: Jan Feb Mar Apr May Jun Jul Aug Sep Oct Nov Dec
2015: Jan Feb Mar Apr May Jun Jul Aug Sep Oct Nov Dec
2014: Jan Feb Mar Apr May Jun Jul Aug Sep Oct Nov Dec
2013: Jan Feb Mar Apr May Jun Jul Aug Sep Oct Nov Dec
2012: Jan Feb Mar Apr May Jun Jul Aug Sep Oct Nov Dec
2011: Jan Feb Mar Apr May Jun Jul Aug Sep Oct Nov Dec
2010: Jan Feb Mar Apr May Jun Jul Aug Sep Oct Nov Dec
2009: Jan Feb Mar Apr May Jun Jul Aug Sep Oct Nov Dec
2008: Jan Feb Mar Apr May Jun Jul Aug Sep Oct Nov Dec
2007: Jan Feb Mar Apr May Jun Jul Aug Sep Oct Nov Dec
2006: Jan Feb Mar Apr May Jun Jul Aug Sep Oct Nov Dec
2005: Jan Feb Mar Apr May Jun Jul Aug Sep Oct Nov Dec
2004: Jan Feb Mar Apr May Jun Jul Aug Sep Oct Nov Dec
2003: Jan Feb Mar Apr May Jun Jul Aug Sep Oct Nov Dec
2002: Jan Feb Mar Apr May Jun Jul Aug Sep Oct Nov Dec
2001: Jan Feb Mar Apr May Jun Jul Aug Sep Oct Nov Dec
2000: Jan Feb Mar Apr May Jun Jul Aug Sep Oct Nov Dec
1999: Jan Feb Mar Apr May Jun Jul Aug Sep Oct Nov Dec
1998: Jan Feb Mar Apr May Jun Jul Aug Sep Oct Nov Dec
1997: Jan Feb Mar Apr May Jun Jul Aug Sep Oct Nov Dec
1996: Jan Feb Mar Apr May Jun Jul Aug Sep Oct Nov Dec
1995: Jan Feb Mar Apr May Jun Jul Aug Sep Oct Nov Dec
1994: Jan Feb Mar Apr May Jun Jul Aug Sep Oct Nov Dec
1993: Jan Feb Mar Apr May Jun Jul Aug Sep Oct Nov Dec
1992: Jan Feb Mar Apr May Jun Jul Aug Sep Oct Nov Dec
1991: Jan Feb Mar Apr May Jun Jul Aug Sep Oct Nov Dec
1990: Jan Feb Mar Apr May Jun Jul Aug Sep Oct Nov Dec
1989: Jan Feb Mar Apr May Jun Jul Aug Sep Oct Nov Dec
1988: Jan Feb Mar Apr May Jun Jul Aug Sep Oct Nov Dec
1987: Jan Feb Mar Apr May Jun Jul Aug Sep Oct Nov Dec
1986: Jan Feb Mar Apr May Jun Jul Aug Sep Oct Nov Dec

Report for 1998 March
                  MONTHLY CLIMATOLOGICAL SUMMARY FOR 3/1998
                                        HEAT  COOL        
     MEAN                               DEG   DEG       WIND SPEED       DOM MEAN  MEAN
DAY  TEMP  HIGH   TIME     LOW   TIME   DAYS  DAYS RAIN AVG  HI  TIME    DIR BAROM HUM
---------------------------------------------------------------------------------------
1    25.8  39.2  2:45pm   14.0  6:45am  32.5  0.0  0.00  12  23  00:00     W  28.7 31.8
2    27.5  41.0 12:46pm   12.2  5:45am  30.7  0.0  0.00   7  14  00:00   ESE  28.7 52.4
3      37  53.6 12:45pm   23.0  5:45am  19.7  0.0  0.00   7  14  00:00   SSE  28.5 51.2
4    30.6  41.0  1:45pm   24.8  4:45am  29.2  0.0  0.00  13  25  00:00   SSW  28.6 64.5
5    31.5  44.6  1:45pm   21.2  6:49am  26.9  0.0  0.00  12  23  00:00    SE  28.7 54.0
6    29.4  51.8 10:45pm   19.4  3:46am  24.4  0.0  0.00   9  17  00:00    NW  28.4 67.2
7    15.3  24.8 12:00am    8.6 10:50pm  44.9  0.0  0.00  12  23  00:00   WNW  28.7 83.3
8    18.4  30.2 12:45pm   -0.4  6:45am  40.7  0.0  0.00   6  12  00:00    SE  28.6 52.2
9    20.6  28.4  2:45pm   14.0  5:45am  40.5  0.0  0.00   6  12  00:00   WSW  29.0 72.3
10   30.1  44.6 12:45pm   17.6 12:45am  27.6  0.0  0.00  15  29  00:00     S  29.0 61.6
11   20.7  37.4  3:45pm   10.4  3:45am  35.9  0.0  0.00   9  16  00:00    SE  29.0 71.8
12   37.3  53.6  1:45pm   21.2 12:45am  19.5  0.0  0.00   7  14  00:00   ESE  28.7 62.1
13   45.1  62.6 12:50pm   26.6  5:45am  11.1  0.0  0.00   7  14  00:00    SE  28.9 47.0
14     41  59.0  3:50pm   28.4  3:45am  15.0  0.0  0.00  88 175  00:00   SSE  28.9 53.5
15   43.6  59.0  1:45pm   30.2  4:45am  13.7  0.0  0.00   7  14  00:00   ESE  28.7 60.0
16   38.1  55.4  2:55pm   30.2  6:14am  18.2  0.0  0.00  11  21  00:00   SSE  28.8 78.7
17   41.7  53.6 12:45pm   33.8  2:45am  17.3  0.0  0.00  12  23  00:00     S  28.5 70.9
18   29.6  39.2 12:45am   24.8  8:45pm  30.6  0.0  0.00  10  20  00:00    SE  28.8 95.0
19   26.1  30.2 10:45am   23.0 10:50pm  36.8  0.0  0.00   6  12  00:00   SSE  29.0 81.7
20   29.8  42.8 12:45pm   15.8  4:45am  28.7  0.0  0.00  51 101  00:00    SE  28.8 61.2
21     36  50.0  1:45pm   23.0  3:45am  22.0  0.0  0.00   6  12  00:00    SE  28.8 52.9
22   50.3  62.6  3:50pm   32.0  5:45am   8.5  0.0  0.00  13  25  00:00   SSW  28.7 50.1
23   51.3  66.2  3:45pm   41.0  5:45am   6.2  0.0  0.00   7  14  00:00   SSW  28.8 55.1
24   59.8  73.4  1:45pm   48.2 11:45pm   0.0  1.6  0.00   9  17  00:00   ESE  28.4 50.9
25   58.2  73.4  1:50pm   44.6  1:45am   0.0  0.8  0.00  17  32  00:00   WSW  28.4 45.8
26   55.3  69.8 11:45am   48.2 10:46pm   2.4  0.0  0.00  20  39  00:00   WSW  28.4 43.1
27   49.2  60.8 12:45pm   41.0 11:45pm  10.0  0.0  0.00  12  23  00:00   SSW  28.4 58.2
28   48.3  62.6 12:55pm   39.2 12:45am   9.5  0.0  0.00  24  46  00:00   SSW  28.3 53.1
29     41  53.6  9:45am   30.2 11:45pm  17.7  0.0  0.00  24  46  00:00   SSE  28.4 68.7
30   28.2  37.4  1:59pm   24.8  7:48am  32.2  0.0  0.00   7  14  00:00   SSE  28.6 82.6
31   32.9  46.4  3:45pm   23.0  4:45am  25.3  0.0  0.00   9  17  00:00    SW  28.5 64.0