NOAA-Style Climate Reports

Select a Year or Month report
2018: Jan Feb Mar Apr May Jun Jul Aug Sep Oct Nov Dec
2017: Jan Feb Mar Apr May Jun Jul Aug Sep Oct Nov Dec
2016: Jan Feb Mar Apr May Jun Jul Aug Sep Oct Nov Dec
2015: Jan Feb Mar Apr May Jun Jul Aug Sep Oct Nov Dec
2014: Jan Feb Mar Apr May Jun Jul Aug Sep Oct Nov Dec
2013: Jan Feb Mar Apr May Jun Jul Aug Sep Oct Nov Dec
2012: Jan Feb Mar Apr May Jun Jul Aug Sep Oct Nov Dec
2011: Jan Feb Mar Apr May Jun Jul Aug Sep Oct Nov Dec
2010: Jan Feb Mar Apr May Jun Jul Aug Sep Oct Nov Dec
2009: Jan Feb Mar Apr May Jun Jul Aug Sep Oct Nov Dec
2008: Jan Feb Mar Apr May Jun Jul Aug Sep Oct Nov Dec
2007: Jan Feb Mar Apr May Jun Jul Aug Sep Oct Nov Dec
2006: Jan Feb Mar Apr May Jun Jul Aug Sep Oct Nov Dec
2005: Jan Feb Mar Apr May Jun Jul Aug Sep Oct Nov Dec
2004: Jan Feb Mar Apr May Jun Jul Aug Sep Oct Nov Dec
2003: Jan Feb Mar Apr May Jun Jul Aug Sep Oct Nov Dec
2002: Jan Feb Mar Apr May Jun Jul Aug Sep Oct Nov Dec
2001: Jan Feb Mar Apr May Jun Jul Aug Sep Oct Nov Dec
2000: Jan Feb Mar Apr May Jun Jul Aug Sep Oct Nov Dec
1999: Jan Feb Mar Apr May Jun Jul Aug Sep Oct Nov Dec
1998: Jan Feb Mar Apr May Jun Jul Aug Sep Oct Nov Dec
1997: Jan Feb Mar Apr May Jun Jul Aug Sep Oct Nov Dec
1996: Jan Feb Mar Apr May Jun Jul Aug Sep Oct Nov Dec
1995: Jan Feb Mar Apr May Jun Jul Aug Sep Oct Nov Dec
1994: Jan Feb Mar Apr May Jun Jul Aug Sep Oct Nov Dec
1993: Jan Feb Mar Apr May Jun Jul Aug Sep Oct Nov Dec
1992: Jan Feb Mar Apr May Jun Jul Aug Sep Oct Nov Dec
1991: Jan Feb Mar Apr May Jun Jul Aug Sep Oct Nov Dec
1990: Jan Feb Mar Apr May Jun Jul Aug Sep Oct Nov Dec
1989: Jan Feb Mar Apr May Jun Jul Aug Sep Oct Nov Dec
1988: Jan Feb Mar Apr May Jun Jul Aug Sep Oct Nov Dec
1987: Jan Feb Mar Apr May Jun Jul Aug Sep Oct Nov Dec
1986: Jan Feb Mar Apr May Jun Jul Aug Sep Oct Nov Dec

Report for 1998 April
                  MONTHLY CLIMATOLOGICAL SUMMARY FOR 4/1998
                                        HEAT  COOL        
     MEAN                               DEG   DEG       WIND SPEED       DOM MEAN  MEAN
DAY  TEMP  HIGH   TIME     LOW   TIME   DAYS  DAYS RAIN AVG  HI  TIME    DIR BAROM HUM
---------------------------------------------------------------------------------------
1    43.1  60.8  2:45pm   26.6  5:45am  13.0  0.0  0.00  19  37  00:00    SE  28.6 51.9
2    32.9  41.0 12:45am   32.0 10:45am  28.0  0.0  0.00  13  25  00:00    NW  28.8 86.4
3    35.9  44.6 12:55pm   32.0 12:11am  24.7  0.0  0.00  12  23  00:00     S  29.0 80.8
4    45.6  62.6  2:45pm   33.8  5:45am  10.9  0.0  0.00  11  21  00:00   SSE  28.6 59.9
5    46.5  60.8  4:45pm   33.8  6:45am  11.3  0.0  0.00   9  17  00:00    SE  28.6 47.2
6    38.5  48.2  1:51pm   33.8  5:45pm  21.6  0.0  0.00  12  23  00:00    SW  28.5 68.7
7    36.6  46.4 12:45pm   33.8  6:45am  23.5  0.0  0.00   9  17  00:00     S  28.6 79.6
8    37.9  48.2  3:45pm   33.8 12:45am  21.9  0.0  0.00  12  23  00:00    SW  28.7 75.0
9    40.6  51.8  1:45pm   26.6  4:45am  18.8  0.0  0.00   9  16  00:00   SSE  28.8 53.4
10   41.1  64.4  4:55pm   30.2  3:50am  12.2  0.0  0.00  10  20  00:00   SSE  28.5 66.5
11   49.3  64.4  7:50pm   44.6  1:45am   8.1  0.0  0.00  11  21  00:00   SSW  26.7 47.5
12   52.1  62.6 12:45am   42.8 10:45pm   7.6  0.0  0.00  21  40  00:00    SW  28.4 44.1
13   36.2  51.8  9:45am   30.2  6:45am  21.0  0.0  0.00  17  32  00:00   SSE  27.3 57.8
14   32.4  44.6 12:45pm   35.6  6:45pm  26.5  0.0  0.00   7  14  00:00    NW  23.8 58.0
15
16
17   23.7  37.4  7:45pm   33.8  8:45pm  34.4  0.0  0.00   7  14  00:00   NNE  20.0 58.0
18   27.2  42.8  2:45pm   32.0  8:50am  30.0  0.0  0.00   6  12  00:00     N  22.6 64.8
19
20   17.8  35.6  6:55am   35.6  6:55am  38.3  0.0  0.00   7  13  00:00     N  15.1 46.5
21   45.3  55.4  4:50pm   35.6  7:45am  14.6  0.0  0.00   7  14  00:00     W  28.7 46.2
22   48.6  66.2  4:45pm   33.8  1:59am   7.6  0.0  0.00   7  14  00:00   SSE  29.1 42.3
23   58.4  75.2  1:45pm   41.0  2:45am   0.0  1.8  0.00   9  17  00:00    SE  28.8 31.8
24   61.6  75.2 12:55pm   51.8 12:48am   0.0  3.4  0.00  12  23  00:00    SW  28.5 24.8
25   49.2  60.8 12:45pm   42.8  6:50am  10.0  0.0  0.00  15  29  00:00     S  28.7 58.6
26   40.5  51.8  5:45pm   33.8  6:50am  18.8  0.0  0.00  12  23  00:00    NW  28.9 73.8
27   43.4  55.4  3:45pm   37.4  4:45am  15.6  0.0  0.00  12  23  00:00   WSW  28.9 60.0
28   43.8  57.2  4:45pm   37.4  5:45am  14.5  0.0  0.00   9  17  00:00     W  28.9 58.1
29   47.5  64.4  4:45pm   30.2  2:50am   9.0  0.0  0.00   7  14  00:00     S  28.9 37.2
30   55.2  69.8  1:45pm   41.0 12:48am   2.5  0.0  0.00  15  29  00:00   WNW  28.9 34.4