NOAA-Style Climate Reports

Select a Year or Month report
2018: Jan Feb Mar Apr May Jun Jul Aug Sep Oct Nov Dec
2017: Jan Feb Mar Apr May Jun Jul Aug Sep Oct Nov Dec
2016: Jan Feb Mar Apr May Jun Jul Aug Sep Oct Nov Dec
2015: Jan Feb Mar Apr May Jun Jul Aug Sep Oct Nov Dec
2014: Jan Feb Mar Apr May Jun Jul Aug Sep Oct Nov Dec
2013: Jan Feb Mar Apr May Jun Jul Aug Sep Oct Nov Dec
2012: Jan Feb Mar Apr May Jun Jul Aug Sep Oct Nov Dec
2011: Jan Feb Mar Apr May Jun Jul Aug Sep Oct Nov Dec
2010: Jan Feb Mar Apr May Jun Jul Aug Sep Oct Nov Dec
2009: Jan Feb Mar Apr May Jun Jul Aug Sep Oct Nov Dec
2008: Jan Feb Mar Apr May Jun Jul Aug Sep Oct Nov Dec
2007: Jan Feb Mar Apr May Jun Jul Aug Sep Oct Nov Dec
2006: Jan Feb Mar Apr May Jun Jul Aug Sep Oct Nov Dec
2005: Jan Feb Mar Apr May Jun Jul Aug Sep Oct Nov Dec
2004: Jan Feb Mar Apr May Jun Jul Aug Sep Oct Nov Dec
2003: Jan Feb Mar Apr May Jun Jul Aug Sep Oct Nov Dec
2002: Jan Feb Mar Apr May Jun Jul Aug Sep Oct Nov Dec
2001: Jan Feb Mar Apr May Jun Jul Aug Sep Oct Nov Dec
2000: Jan Feb Mar Apr May Jun Jul Aug Sep Oct Nov Dec
1999: Jan Feb Mar Apr May Jun Jul Aug Sep Oct Nov Dec
1998: Jan Feb Mar Apr May Jun Jul Aug Sep Oct Nov Dec
1997: Jan Feb Mar Apr May Jun Jul Aug Sep Oct Nov Dec
1996: Jan Feb Mar Apr May Jun Jul Aug Sep Oct Nov Dec
1995: Jan Feb Mar Apr May Jun Jul Aug Sep Oct Nov Dec
1994: Jan Feb Mar Apr May Jun Jul Aug Sep Oct Nov Dec
1993: Jan Feb Mar Apr May Jun Jul Aug Sep Oct Nov Dec
1992: Jan Feb Mar Apr May Jun Jul Aug Sep Oct Nov Dec
1991: Jan Feb Mar Apr May Jun Jul Aug Sep Oct Nov Dec
1990: Jan Feb Mar Apr May Jun Jul Aug Sep Oct Nov Dec
1989: Jan Feb Mar Apr May Jun Jul Aug Sep Oct Nov Dec
1988: Jan Feb Mar Apr May Jun Jul Aug Sep Oct Nov Dec
1987: Jan Feb Mar Apr May Jun Jul Aug Sep Oct Nov Dec
1986: Jan Feb Mar Apr May Jun Jul Aug Sep Oct Nov Dec

Report for 1998 May
                  MONTHLY CLIMATOLOGICAL SUMMARY FOR 5/1998
                                        HEAT  COOL        
     MEAN                               DEG   DEG       WIND SPEED       DOM MEAN  MEAN
DAY  TEMP  HIGH   TIME     LOW   TIME   DAYS  DAYS RAIN AVG  HI  TIME    DIR BAROM HUM
---------------------------------------------------------------------------------------
1    55.1  64.4 11:45am   44.6  6:45am   5.2  0.0  0.00  15  29  00:00   NNW  28.1 35.8
2
3    38.5  77.0  3:45pm   77.0  3:45pm   7.2  0.0  0.00  14  28  00:00     N  14.9 11.0
4
5
6    49.4  62.6 11:45am   44.6 10:48pm   9.0  0.0  0.00  12  23  00:00   WNW  28.2 65.5
7    49.5  64.4  3:45pm   42.8  1:45am   8.0  0.0  0.00  18  35  00:00   SSW  28.8 67.5
8    46.5  60.8  9:45am   41.0  4:55am  11.3  0.0  0.00  18  35  00:00    SW  28.7 75.7
9    47.3  64.4  4:46pm   37.4  5:28am   9.1  0.0  0.00  13  25  00:00     S  28.9 69.8
10   57.2  73.4  2:45pm   44.6  5:45am   0.0  0.3  0.00  18  35  00:00   SSE  28.7 53.0
11   52.8  66.2  3:45pm   46.4  8:27pm   5.5  0.0  0.00  12  23  00:00   SSE  39.3 64.2
12   53.1  69.8  1:45pm   39.2  5:45am   3.5  0.0  0.00  18  35  00:00   SSE  28.5 59.3
13   62.2  82.4  4:45pm   48.2  3:45am   0.0  7.3  0.00  18  36  00:00   SSE  28.3 32.4
14   56.9  73.4  3:55pm   40.8 11:54pm   0.0  0.2  0.00  14  28  00:00    SE  28.7 43.7
15   53.5  68.0  3:45pm   41.0  5:45am   4.2  0.0  0.00   9  17  00:00   SSW  28.8 41.4
16   56.2  75.2  2:50pm   41.0  4:45am   0.0  0.7  0.00  21  40  00:00    SE  28.8 37.8
17   66.2  82.4  3:45pm   50.0  1:50am   0.0  9.3  0.00  15  29  00:00    SW  28.8 20.0
18   67.7  80.6  4:45pm   60.8 12:45am   0.0  9.2  0.00  20  40  00:00   WSW  28.9 22.6
19   64.3  82.4  5:45pm   46.4  4:45am   0.0  8.4  0.00   6  12  00:00   WSW  28.9 32.3
20   63.1  80.6  2:45pm   51.8  5:45am   0.0  6.9  0.00  15  29  00:00   SSW  28.8 41.8
21   66.4  80.6  5:47pm   57.2 11:32pm   0.0  8.5  0.00  12  23  00:00     S  28.7 36.0
22   54.7  66.2 10:48am   48.2 11:45pm   4.5  0.0  0.00  18  35  00:00   SSW  28.7 69.4
23   54.3  68.0  2:45pm   39.2  5:45am   3.8  0.0  0.00   7  14  00:00   SSE  28.8 53.2
24   53.7  68.0 11:50am   44.6  2:45am   4.1  0.0  0.00  15  29  00:00   SSE  28.9 63.2
25   54.6  69.8  1:45pm   39.2  5:45am   2.8  0.0  0.00  15  29  00:00   SSE  28.7 58.4
26   63.7  78.8 11:45am   48.2  4:55am   0.0  6.3  0.00  20  38  00:00   SSE  28.6 43.7
27   70.1  87.8  4:45pm   53.6  2:55am   0.0 14.0  0.00  17  32  00:00   WSW  28.6 29.4
28   65.4  82.4  1:45pm   45.5 11:54pm   0.0  8.9  0.00   7  13  00:00   SSE  28.8 33.1
29   68.4  86.0  3:45pm   50.0  5:45am   0.0 12.2  0.00  18  35  00:00     S  28.8 36.8
30   68.9  86.0  4:45pm   59.0  4:45am   0.0 12.5  0.00  12  23  00:00   SSE  28.8 30.5
31   62.5  78.8  1:55pm   50.0  5:45am   0.0  5.7  0.00  11  21  00:00   SSW  28.9 42.7