NOAA-Style Climate Reports

Select a Year or Month report
2018: Jan Feb Mar Apr May Jun Jul Aug Sep Oct Nov Dec
2017: Jan Feb Mar Apr May Jun Jul Aug Sep Oct Nov Dec
2016: Jan Feb Mar Apr May Jun Jul Aug Sep Oct Nov Dec
2015: Jan Feb Mar Apr May Jun Jul Aug Sep Oct Nov Dec
2014: Jan Feb Mar Apr May Jun Jul Aug Sep Oct Nov Dec
2013: Jan Feb Mar Apr May Jun Jul Aug Sep Oct Nov Dec
2012: Jan Feb Mar Apr May Jun Jul Aug Sep Oct Nov Dec
2011: Jan Feb Mar Apr May Jun Jul Aug Sep Oct Nov Dec
2010: Jan Feb Mar Apr May Jun Jul Aug Sep Oct Nov Dec
2009: Jan Feb Mar Apr May Jun Jul Aug Sep Oct Nov Dec
2008: Jan Feb Mar Apr May Jun Jul Aug Sep Oct Nov Dec
2007: Jan Feb Mar Apr May Jun Jul Aug Sep Oct Nov Dec
2006: Jan Feb Mar Apr May Jun Jul Aug Sep Oct Nov Dec
2005: Jan Feb Mar Apr May Jun Jul Aug Sep Oct Nov Dec
2004: Jan Feb Mar Apr May Jun Jul Aug Sep Oct Nov Dec
2003: Jan Feb Mar Apr May Jun Jul Aug Sep Oct Nov Dec
2002: Jan Feb Mar Apr May Jun Jul Aug Sep Oct Nov Dec
2001: Jan Feb Mar Apr May Jun Jul Aug Sep Oct Nov Dec
2000: Jan Feb Mar Apr May Jun Jul Aug Sep Oct Nov Dec
1999: Jan Feb Mar Apr May Jun Jul Aug Sep Oct Nov Dec
1998: Jan Feb Mar Apr May Jun Jul Aug Sep Oct Nov Dec
1997: Jan Feb Mar Apr May Jun Jul Aug Sep Oct Nov Dec
1996: Jan Feb Mar Apr May Jun Jul Aug Sep Oct Nov Dec
1995: Jan Feb Mar Apr May Jun Jul Aug Sep Oct Nov Dec
1994: Jan Feb Mar Apr May Jun Jul Aug Sep Oct Nov Dec
1993: Jan Feb Mar Apr May Jun Jul Aug Sep Oct Nov Dec
1992: Jan Feb Mar Apr May Jun Jul Aug Sep Oct Nov Dec
1991: Jan Feb Mar Apr May Jun Jul Aug Sep Oct Nov Dec
1990: Jan Feb Mar Apr May Jun Jul Aug Sep Oct Nov Dec
1989: Jan Feb Mar Apr May Jun Jul Aug Sep Oct Nov Dec
1988: Jan Feb Mar Apr May Jun Jul Aug Sep Oct Nov Dec
1987: Jan Feb Mar Apr May Jun Jul Aug Sep Oct Nov Dec
1986: Jan Feb Mar Apr May Jun Jul Aug Sep Oct Nov Dec

Report for 1998 June
                  MONTHLY CLIMATOLOGICAL SUMMARY FOR 6/1998
                                        HEAT  COOL        
     MEAN                               DEG   DEG       WIND SPEED       DOM MEAN  MEAN
DAY  TEMP  HIGH   TIME     LOW   TIME   DAYS  DAYS RAIN AVG  HI  TIME    DIR BAROM HUM
---------------------------------------------------------------------------------------
1      72  89.6  4:45pm   57.2  2:45am   0.0 15.8  0.00  14  27  00:00   WSW  28.7 21.6
2    69.1  87.8  3:51pm   51.8  4:45am   0.0 13.5  0.00  15  29  00:00   SSE  28.7 26.5
3    46.7  55.4 12:45am   42.8  7:50am  13.9  0.0  0.00  12  23  00:00   ENE  28.8 72.9
4    43.7  48.2  1:45pm   39.2 11:45pm  19.0  0.0  0.00   9  17  00:00   WNW  28.7 86.4
5    38.7  46.4  4:45pm   33.8  9:51am  22.4  0.0  0.00   6  12  00:00   SSW  28.9 71.6
6    51.7  68.0  1:45pm   37.4  1:45am   5.1  0.0  0.00   9  17  00:00   SSE  28.9 55.8
7    59.5  78.8  2:45pm   46.4  4:50am   0.0  4.2  0.00  11  21  00:00    SW  28.6 55.1
8    53.9  68.0  2:53pm   48.2  4:45am   4.0  0.0  0.00  15  29  00:00   NNW  28.8 69.3
9      58  73.4  1:45pm   44.6  5:45am   0.0  0.7  0.00  18  35  00:00    SW  28.8 59.5
10   54.7  77.0  1:45pm   42.8  4:56am   0.0  0.9  0.00   7  14  00:00     S  28.8 65.4
11   61.7  77.0  3:55pm   48.2  4:45am   0.0  4.4  0.00   7  13  00:00    SW  28.7 41.7
12   63.5  78.8  2:45pm   46.4  4:45am   0.0  6.2  0.00   7  14  00:00    SE  28.8 37.3
13   63.7  80.6 11:50am   51.8  5:52am   0.0  7.2  0.00  15  29  00:00     W  28.7 30.1
14   56.7  71.6 12:45pm   48.2  9:45pm   0.8  0.0  0.00  15  29  00:00   WNW  28.8 53.3
15   55.4  69.8  5:45pm   42.8  5:45am   2.4  0.0  0.00   9  17  00:00     S  28.8 55.3
16   61.2  77.0 11:47am   51.8  5:50am   0.0  4.1  0.00  12  23  00:00     W  28.4 47.3
17   50.7  64.4  3:45pm   46.4  4:45am   7.4  0.0  0.00   7  14  00:00    SW  28.6 69.6
18   58.9  75.2  3:45pm   44.6  4:45am   0.0  2.1  0.00   9  17  00:00   WSW  28.5 36.0
19   71.3  89.6  3:45pm   50.0  1:55am   0.0 15.5  0.00  12  23  00:00    SW  28.7 23.0
20   65.6  82.4  2:45pm   53.6  2:45am   0.0  9.0  0.00  15  29  00:00   ESE  28.9 36.5
21   63.5  80.6 11:55am   53.6  1:45am   0.0  7.1  0.00  13  25  00:00   SSW  29.1 55.5
22   66.5  84.2  1:45pm   53.6  4:45am   0.0 10.4  0.00  18  35  00:00   SSE  28.8 51.8
23   68.7  87.8  4:45pm   57.2  4:45am   0.0 13.3  0.00   7  13  00:00     S  28.8 42.3
24   70.1  87.8  4:45pm   53.6  3:45am   0.0 14.0  0.00  15  29  00:00    SW  28.7 24.1
25   72.6  93.2  5:45pm   51.8  5:45am   0.0 17.9  0.00  15  29  00:00     S  28.6 24.4
26     76  93.2  2:55pm   64.4  4:50am   0.0 19.6  0.00   7  14  00:00    SE  28.7 14.7
27   73.7  93.2  5:45pm   57.2  5:45am   0.0 18.5  0.00   7  14  00:00   ESE  28.3 27.5
28   73.1  93.2  3:50pm   53.6  5:45am   0.0 18.2  0.00   9  17  00:00   SSE  28.8 35.0
29   74.8  93.0  3:53pm   60.8  5:45am   0.0 18.9  0.00   7  14  00:00   ESE  28.9 39.0
30   68.4  84.0 12:53pm   59.0  3:53am   0.0 11.2  0.00  14  27  00:00   SSW  29.0 60.6