NOAA-Style Climate Reports

Select a Year or Month report
2018: Jan Feb Mar Apr May Jun Jul Aug Sep Oct Nov Dec
2017: Jan Feb Mar Apr May Jun Jul Aug Sep Oct Nov Dec
2016: Jan Feb Mar Apr May Jun Jul Aug Sep Oct Nov Dec
2015: Jan Feb Mar Apr May Jun Jul Aug Sep Oct Nov Dec
2014: Jan Feb Mar Apr May Jun Jul Aug Sep Oct Nov Dec
2013: Jan Feb Mar Apr May Jun Jul Aug Sep Oct Nov Dec
2012: Jan Feb Mar Apr May Jun Jul Aug Sep Oct Nov Dec
2011: Jan Feb Mar Apr May Jun Jul Aug Sep Oct Nov Dec
2010: Jan Feb Mar Apr May Jun Jul Aug Sep Oct Nov Dec
2009: Jan Feb Mar Apr May Jun Jul Aug Sep Oct Nov Dec
2008: Jan Feb Mar Apr May Jun Jul Aug Sep Oct Nov Dec
2007: Jan Feb Mar Apr May Jun Jul Aug Sep Oct Nov Dec
2006: Jan Feb Mar Apr May Jun Jul Aug Sep Oct Nov Dec
2005: Jan Feb Mar Apr May Jun Jul Aug Sep Oct Nov Dec
2004: Jan Feb Mar Apr May Jun Jul Aug Sep Oct Nov Dec
2003: Jan Feb Mar Apr May Jun Jul Aug Sep Oct Nov Dec
2002: Jan Feb Mar Apr May Jun Jul Aug Sep Oct Nov Dec
2001: Jan Feb Mar Apr May Jun Jul Aug Sep Oct Nov Dec
2000: Jan Feb Mar Apr May Jun Jul Aug Sep Oct Nov Dec
1999: Jan Feb Mar Apr May Jun Jul Aug Sep Oct Nov Dec
1998: Jan Feb Mar Apr May Jun Jul Aug Sep Oct Nov Dec
1997: Jan Feb Mar Apr May Jun Jul Aug Sep Oct Nov Dec
1996: Jan Feb Mar Apr May Jun Jul Aug Sep Oct Nov Dec
1995: Jan Feb Mar Apr May Jun Jul Aug Sep Oct Nov Dec
1994: Jan Feb Mar Apr May Jun Jul Aug Sep Oct Nov Dec
1993: Jan Feb Mar Apr May Jun Jul Aug Sep Oct Nov Dec
1992: Jan Feb Mar Apr May Jun Jul Aug Sep Oct Nov Dec
1991: Jan Feb Mar Apr May Jun Jul Aug Sep Oct Nov Dec
1990: Jan Feb Mar Apr May Jun Jul Aug Sep Oct Nov Dec
1989: Jan Feb Mar Apr May Jun Jul Aug Sep Oct Nov Dec
1988: Jan Feb Mar Apr May Jun Jul Aug Sep Oct Nov Dec
1987: Jan Feb Mar Apr May Jun Jul Aug Sep Oct Nov Dec
1986: Jan Feb Mar Apr May Jun Jul Aug Sep Oct Nov Dec

Report for 1998 July
                  MONTHLY CLIMATOLOGICAL SUMMARY FOR 7/1998
                                        HEAT  COOL        
     MEAN                               DEG   DEG       WIND SPEED       DOM MEAN  MEAN
DAY  TEMP  HIGH   TIME     LOW   TIME   DAYS  DAYS RAIN AVG  HI  TIME    DIR BAROM HUM
---------------------------------------------------------------------------------------
1    70.2  89.1  2:53pm   57.0  5:53am   0.0 14.7  0.00  12  23  00:00    SW  28.8 61.7
2    71.7  93.9  3:53pm   59.0 11:53pm   0.0 17.8  0.17  15  29  00:00     S  28.8 52.4
3    63.8  80.1  1:53pm   53.1  3:53am   0.0  7.0  0.00  10  18  00:00    SW  29.1 69.8
4      65  86.0  1:53pm   52.0  5:53am   0.0 10.5  0.04  13  25  00:00    SW  28.8 65.8
5    74.5  93.0  1:53pm   55.9  2:53am   0.0 18.8  0.00  10  18  00:00   SSW  28.8 46.1
6    67.5  80.1 12:53pm   60.1  4:53am   0.0  8.8  0.02   7  14  00:00   WSW  28.7 60.9
7    68.4  84.9  1:53pm   57.0  3:53am   0.0 11.7  0.00  12  22  00:00     S  28.8 58.4
8    64.9  79.0  2:53pm   59.0  3:53am   0.0  7.0  2.03  14  27  00:00    SW  29.1 76.8
9    64.6  79.0  1:53pm   57.0  5:53am   0.0  6.8  0.06   7  13  00:00   WSW  29.1 80.9
10   64.1  81.0  2:53pm   57.0  4:53am   0.0  7.6  0.03   6  10  00:00   SSW  29.1 80.6
11   71.6  91.0  3:53pm   55.9  3:53am   0.0 16.3  0.01  14  27  00:00   WSW  28.8 51.7
12   74.2  91.0  2:53pm   60.1  4:53am   0.0 17.6  0.00   6  10  00:00   WSW  28.7 40.9
13   76.3  93.0  1:53pm   59.0  5:53am   0.0 19.7  0.00  21  41  00:00   WSW  28.7 38.5
14   76.4  95.0  1:53pm   64.0  3:53am   0.0 20.7  0.00  13  24  00:00    SW  28.8 36.8
15   70.4  88.0  2:53pm   57.9 11:53pm   0.0 14.2  0.00  17  32  00:00   WSW  29.0 49.1
16   68.9  86.0  2:53pm   55.0  2:53am   0.0 12.5  0.00   9  16  00:00     W  28.9 58.4
17     73  91.9  3:53pm   55.9  5:53am   0.0 17.5  0.00  11  22  00:00    SE  28.8 45.3
18   77.3  99.0  3:53pm   61.0  4:53am   0.0 23.2  0.00   7  13  00:00     S  28.7 37.2
19   81.1  98.1  2:53pm   68.0  1:53am   0.0 24.6  0.00  24  47  00:00   WSW  29.0 32.2
20   80.8  99.0  1:53pm   68.0 11:53pm   0.0 24.9  0.00   9  16  00:00   SSW  28.6 30.6
21   71.9  91.0  1:53pm   63.0  5:53am   0.0 16.5  0.05  16  31  00:00   WNW  28.7 52.0
22   62.3  73.9  1:53pm   60.8  7:36pm   0.0  3.1  3.26  10  20  00:00   SSW  29.2 86.3
23   65.3  73.4  1:09pm   61.0  1:53am   0.0  4.4  0.05   7  13  00:00     W  29.3 83.0
24     65  78.1  2:53pm   61.0  2:53am   0.0  6.6  0.23  10  18  00:00   WSW  29.5 85.7
25   63.9  80.1  2:53pm   60.1  5:53am   0.0  7.0  2.99  17  33  00:00   WSW  29.5 89.2
26   64.4  77.0  3:53pm   61.0  4:53am   0.0  5.7  0.00  10  18  00:00     W  29.4 82.8
27     65  80.1  4:53pm   55.9  3:53am   0.0  7.6  0.00   6  12  00:00    SE  28.9 70.0
28   66.4  81.0  4:53pm   61.0 12:53am   0.0  8.7  0.00  16  31  00:00    SW  28.9 71.5
29   65.8  80.1 12:53pm   62.1 12:53am   0.0  8.0  0.00  19  37  00:00   WSW  28.7 71.6
30   60.6  72.0  1:53pm   57.2  6:22am   0.0  1.3  2.39  15  29  00:00     S  29.6 90.0
31   63.3  77.0  2:53pm   55.9  1:53am   0.0  5.2  0.07   7  13  00:00   WSW  28.6 74.4