NOAA-Style Climate Reports

Select a Year or Month report
2018: Jan Feb Mar Apr May Jun Jul Aug Sep Oct Nov Dec
2017: Jan Feb Mar Apr May Jun Jul Aug Sep Oct Nov Dec
2016: Jan Feb Mar Apr May Jun Jul Aug Sep Oct Nov Dec
2015: Jan Feb Mar Apr May Jun Jul Aug Sep Oct Nov Dec
2014: Jan Feb Mar Apr May Jun Jul Aug Sep Oct Nov Dec
2013: Jan Feb Mar Apr May Jun Jul Aug Sep Oct Nov Dec
2012: Jan Feb Mar Apr May Jun Jul Aug Sep Oct Nov Dec
2011: Jan Feb Mar Apr May Jun Jul Aug Sep Oct Nov Dec
2010: Jan Feb Mar Apr May Jun Jul Aug Sep Oct Nov Dec
2009: Jan Feb Mar Apr May Jun Jul Aug Sep Oct Nov Dec
2008: Jan Feb Mar Apr May Jun Jul Aug Sep Oct Nov Dec
2007: Jan Feb Mar Apr May Jun Jul Aug Sep Oct Nov Dec
2006: Jan Feb Mar Apr May Jun Jul Aug Sep Oct Nov Dec
2005: Jan Feb Mar Apr May Jun Jul Aug Sep Oct Nov Dec
2004: Jan Feb Mar Apr May Jun Jul Aug Sep Oct Nov Dec
2003: Jan Feb Mar Apr May Jun Jul Aug Sep Oct Nov Dec
2002: Jan Feb Mar Apr May Jun Jul Aug Sep Oct Nov Dec
2001: Jan Feb Mar Apr May Jun Jul Aug Sep Oct Nov Dec
2000: Jan Feb Mar Apr May Jun Jul Aug Sep Oct Nov Dec
1999: Jan Feb Mar Apr May Jun Jul Aug Sep Oct Nov Dec
1998: Jan Feb Mar Apr May Jun Jul Aug Sep Oct Nov Dec
1997: Jan Feb Mar Apr May Jun Jul Aug Sep Oct Nov Dec
1996: Jan Feb Mar Apr May Jun Jul Aug Sep Oct Nov Dec
1995: Jan Feb Mar Apr May Jun Jul Aug Sep Oct Nov Dec
1994: Jan Feb Mar Apr May Jun Jul Aug Sep Oct Nov Dec
1993: Jan Feb Mar Apr May Jun Jul Aug Sep Oct Nov Dec
1992: Jan Feb Mar Apr May Jun Jul Aug Sep Oct Nov Dec
1991: Jan Feb Mar Apr May Jun Jul Aug Sep Oct Nov Dec
1990: Jan Feb Mar Apr May Jun Jul Aug Sep Oct Nov Dec
1989: Jan Feb Mar Apr May Jun Jul Aug Sep Oct Nov Dec
1988: Jan Feb Mar Apr May Jun Jul Aug Sep Oct Nov Dec
1987: Jan Feb Mar Apr May Jun Jul Aug Sep Oct Nov Dec
1986: Jan Feb Mar Apr May Jun Jul Aug Sep Oct Nov Dec

Report for 1998 August
                  MONTHLY CLIMATOLOGICAL SUMMARY FOR 8/1998
                                        HEAT  COOL        
     MEAN                               DEG   DEG       WIND SPEED       DOM MEAN  MEAN
DAY  TEMP  HIGH   TIME     LOW   TIME   DAYS  DAYS RAIN AVG  HI  TIME    DIR BAROM HUM
---------------------------------------------------------------------------------------
1    62.5  79.0 11:53am   55.9 10:53pm   0.0  5.8  0.28  14  28  00:00   SSW  28.8 75.3
2    65.8  79.0 12:53pm   57.9  1:53am   0.0  7.4  0.00   9  17  00:00   SSW  28.8 54.8
3    60.7  73.4  2:03pm   55.0  4:53am   0.0  2.1  0.74  20  39  00:00     S  29.4 77.6
4    56.6  64.0 11:53am   55.9 12:53am   4.7  0.0  1.12  14  29  00:00   WSW  29.7 92.9
5    60.4  73.0  4:53pm   55.0  4:53am   0.0  1.7  0.05   6  12  00:00     S  29.1 76.7
6    64.1  80.1  3:53pm   54.0  4:53am   0.0  7.1  0.00  10  20  00:00   SSW  28.9 66.3
7    66.6  82.9  2:53pm   51.1  5:53am   0.0  9.8  0.00  13  24  00:00     S  28.7 59.7
8    71.3  89.1  2:53pm   55.0  5:53am   0.0 15.2  0.00  16  31  00:00     S  28.9 53.1
9    66.4  80.1 12:53pm   60.1 11:53pm   0.0  8.3  0.00  13  24  00:00    SW  28.9 67.0
10   63.4  77.0 12:53pm   55.9  4:53am   0.0  5.2  0.00  10  18  00:00   WSW  28.9 69.2
11     63  81.0  2:53pm   57.0 11:53pm   0.0  7.0  1.21  14  28  00:00   SSE  29.2 73.2
12   64.8  80.1  2:53pm   55.0 12:53am   0.0  7.5  0.00  11  21  00:00     S  29.0 60.2
13   64.8  81.0  2:53pm   53.1  6:53am   0.0  7.9  0.00   7  13  00:00   SSW  29.0 58.0
14   67.3  84.0  1:53pm   55.9  3:53am   0.0 10.7  0.00  12  23  00:00    SW  28.9 52.3
15   65.8  84.9  1:53pm   55.0  5:53am   0.0 10.4  0.05  16  31  00:00     S  28.9 58.8
16   67.5  84.0 12:53pm   57.0  2:53am   0.0 10.8  0.25  15  29  00:00   SSW  28.9 55.5
17   70.1  87.1  2:53pm   55.9  4:53am   0.0 13.6  0.00  16  31  00:00   SSW  28.8 52.0
18   67.3  87.1  2:53pm   60.8  5:41pm   0.0 12.2  1.21  26  52  00:00   WSW  29.0 64.8
19   65.4  80.1  2:53pm   57.0  5:53am   0.0  7.8  0.07  11  21  00:00   SSW  29.0 70.6
20   63.8  79.0  2:53pm   57.0  6:53am   0.0  6.4  0.04  10  20  00:00   SSW  29.1 72.1
21   65.5  82.9  2:53pm   57.0  6:53am   0.0  9.2  0.03  12  23  00:00   SSW  28.9 69.5
22   66.7  84.9  2:53pm   55.9  1:53am   0.0 10.8  0.00   6  10  00:00     S  28.8 61.6
23   70.2  88.0  1:53pm   57.9  1:53am   0.0 14.1  0.00   9  17  00:00   SSE  28.7 52.6
24     69  88.0 12:53pm   60.1 10:53pm   0.0 13.5  0.04  14  28  00:00     S  28.7 55.5
25   62.2  79.0  1:53pm   55.0  3:53am   0.0  5.6  0.02   8  15  00:00   SSW  28.8 74.7
26   66.9  84.0  3:53pm   55.9  5:53am   0.0 10.5  0.00   6  12  00:00   SSW  28.7 63.6
27   66.2  82.0  2:53pm   57.0 11:53pm   0.0  9.1  0.00   8  15  00:00    SW  28.7 56.0
28   63.8  82.0  3:53pm   48.0  4:53am   0.0  7.9  0.00   6  10  00:00   SSW  29.0 43.9
29   68.3  88.0  3:53pm   52.0  4:53am   0.0 13.2  0.00   9  16  00:00   SSE  28.8 43.4
30   71.7  90.0  2:53pm   60.1  3:53am   0.0 15.9  0.00   7  13  00:00   SSW  28.7 33.4
31   65.8  75.9 12:53pm   60.1 11:53pm   0.0  5.9  0.00  12  23  00:00   WSW  28.7 46.5