NOAA-Style Climate Reports

Select a Year or Month report
2018: Jan Feb Mar Apr May Jun Jul Aug Sep Oct Nov Dec
2017: Jan Feb Mar Apr May Jun Jul Aug Sep Oct Nov Dec
2016: Jan Feb Mar Apr May Jun Jul Aug Sep Oct Nov Dec
2015: Jan Feb Mar Apr May Jun Jul Aug Sep Oct Nov Dec
2014: Jan Feb Mar Apr May Jun Jul Aug Sep Oct Nov Dec
2013: Jan Feb Mar Apr May Jun Jul Aug Sep Oct Nov Dec
2012: Jan Feb Mar Apr May Jun Jul Aug Sep Oct Nov Dec
2011: Jan Feb Mar Apr May Jun Jul Aug Sep Oct Nov Dec
2010: Jan Feb Mar Apr May Jun Jul Aug Sep Oct Nov Dec
2009: Jan Feb Mar Apr May Jun Jul Aug Sep Oct Nov Dec
2008: Jan Feb Mar Apr May Jun Jul Aug Sep Oct Nov Dec
2007: Jan Feb Mar Apr May Jun Jul Aug Sep Oct Nov Dec
2006: Jan Feb Mar Apr May Jun Jul Aug Sep Oct Nov Dec
2005: Jan Feb Mar Apr May Jun Jul Aug Sep Oct Nov Dec
2004: Jan Feb Mar Apr May Jun Jul Aug Sep Oct Nov Dec
2003: Jan Feb Mar Apr May Jun Jul Aug Sep Oct Nov Dec
2002: Jan Feb Mar Apr May Jun Jul Aug Sep Oct Nov Dec
2001: Jan Feb Mar Apr May Jun Jul Aug Sep Oct Nov Dec
2000: Jan Feb Mar Apr May Jun Jul Aug Sep Oct Nov Dec
1999: Jan Feb Mar Apr May Jun Jul Aug Sep Oct Nov Dec
1998: Jan Feb Mar Apr May Jun Jul Aug Sep Oct Nov Dec
1997: Jan Feb Mar Apr May Jun Jul Aug Sep Oct Nov Dec
1996: Jan Feb Mar Apr May Jun Jul Aug Sep Oct Nov Dec
1995: Jan Feb Mar Apr May Jun Jul Aug Sep Oct Nov Dec
1994: Jan Feb Mar Apr May Jun Jul Aug Sep Oct Nov Dec
1993: Jan Feb Mar Apr May Jun Jul Aug Sep Oct Nov Dec
1992: Jan Feb Mar Apr May Jun Jul Aug Sep Oct Nov Dec
1991: Jan Feb Mar Apr May Jun Jul Aug Sep Oct Nov Dec
1990: Jan Feb Mar Apr May Jun Jul Aug Sep Oct Nov Dec
1989: Jan Feb Mar Apr May Jun Jul Aug Sep Oct Nov Dec
1988: Jan Feb Mar Apr May Jun Jul Aug Sep Oct Nov Dec
1987: Jan Feb Mar Apr May Jun Jul Aug Sep Oct Nov Dec
1986: Jan Feb Mar Apr May Jun Jul Aug Sep Oct Nov Dec

Report for 1998 September
                  MONTHLY CLIMATOLOGICAL SUMMARY FOR 9/1998
                                        HEAT  COOL        
     MEAN                               DEG   DEG       WIND SPEED       DOM MEAN  MEAN
DAY  TEMP  HIGH   TIME     LOW   TIME   DAYS  DAYS RAIN AVG  HI  TIME    DIR BAROM HUM
---------------------------------------------------------------------------------------
1    59.7  70.0  2:53pm   55.9  5:53am   0.1  0.0  0.11   7  14  00:00    SW  28.9 66.6
2    64.4  82.0  2:53pm   50.0  5:53am   0.0  8.2  0.00   6  12  00:00     S  28.7 50.6
3      72  89.1  3:53pm   60.1  3:53am   0.0 15.6  0.00   7  14  00:00   SSW  28.5 31.5
4    72.7  91.9  2:53pm   55.0  6:53am   0.0 17.3  0.00  14  28  00:00     S  28.7 28.5
5    73.1  91.0  3:53pm   57.0  6:53am   0.0 17.1  0.00   9  16  00:00     S  28.7 28.4
6      70  91.0  3:53pm   59.0  2:53am   0.0 15.5  0.00   7  13  00:00     S  28.7 30.3
7    66.1  84.9  2:53pm   54.0  5:53am   0.0 10.5  0.00   6  12  00:00   SSE  28.8 56.3
8    69.6  88.0  3:53pm   57.9  5:53am   0.0 13.8  0.00   9  17  00:00    SW  28.7 43.5
9    70.5  88.0  3:53pm   57.9  3:53am   0.0 14.3  0.00   9  16  00:00   SSW  28.6 30.7
10   70.6  89.1  2:53pm   59.0  4:53am   0.0 14.9  0.00   9  17  00:00     S  28.7 30.2
11   68.3  82.9  1:53pm   55.9  3:53am   0.0 10.6  0.00   9  17  00:00    SW  28.7 37.8
12     63  81.0  1:53pm   59.0  2:53am   0.0  7.0  0.60  14  28  00:00     S  28.9 65.0
13   58.8  75.0  1:53pm   51.1  5:53am   0.0  1.9  0.01  10  20  00:00     S  28.7 68.8
14   56.3  72.0  2:53pm   46.0  4:53am   0.8  0.0  0.00   7  14  00:00   SSW  28.8 66.7
15   60.2  78.1  4:53pm   46.9  6:53am   0.0  4.2  0.00   9  16  00:00   SSE  28.9 58.7
16   61.6  82.0  2:53pm   48.9  6:53am   0.0  6.8  0.00  13  25  00:00   SSW  28.7 49.6
17   65.7  82.9  2:53pm   54.0 12:53am   0.0  9.3  0.00   8  15  00:00    SW  28.7 35.3
18   67.7  87.1  3:53pm   51.1  3:53am   0.0 12.4  0.00  14  28  00:00   SSW  28.6 32.4
19   63.7  81.0  3:53pm   51.8 11:23pm   0.0  7.4  0.89  14  28  00:00    SE  28.7 36.0
20   59.6  75.9  1:53pm   48.0  6:53am   0.0  2.8  0.00  14  28  00:00     S  28.6 55.9
21   46.6  55.4 12:04am   44.6  6:10pm  14.0  0.0  0.01   7  14  00:00    SW  29.5 93.9
22   49.6  70.0  3:53pm   39.2  5:43am   5.2  0.0  0.00  11  21  00:00    SW  29.4 80.5
23   56.2  78.8  1:59pm   44.1  2:53am   0.0  2.5  0.00  10  20  00:00    SE  29.2 70.8
24   60.8  81.0  3:53pm   46.9  3:53am   0.0  5.9  0.00   6  12  00:00   ESE  28.7 49.6
25   67.7  88.0  1:53pm   50.0  3:53am   0.0 12.9  0.00  25  48  00:00    SW  28.4 28.0
26   61.7  80.1  2:53pm   46.0  5:53am   0.0  5.9  0.00  10  20  00:00   SSW  28.6 27.0
27   57.6  78.1  3:53pm   44.1  6:53am   0.0  2.9  0.00   6  12  00:00    SW  28.9 42.4
28   65.3  84.9  1:53pm   50.0  6:53am   0.0 10.1  0.00  11  21  00:00     S  28.8 30.9
29     62  82.0 12:53pm   52.0  6:53am   0.0  7.0  0.14  15  29  00:00   SSW  28.9 47.5
30   54.4  63.0 12:53pm   51.1  4:53am   6.3  0.0  0.00   7  13  00:00     S  28.9 63.0