NOAA-Style Climate Reports

Select a Year or Month report
2018: Jan Feb Mar Apr May Jun Jul Aug Sep Oct Nov Dec
2017: Jan Feb Mar Apr May Jun Jul Aug Sep Oct Nov Dec
2016: Jan Feb Mar Apr May Jun Jul Aug Sep Oct Nov Dec
2015: Jan Feb Mar Apr May Jun Jul Aug Sep Oct Nov Dec
2014: Jan Feb Mar Apr May Jun Jul Aug Sep Oct Nov Dec
2013: Jan Feb Mar Apr May Jun Jul Aug Sep Oct Nov Dec
2012: Jan Feb Mar Apr May Jun Jul Aug Sep Oct Nov Dec
2011: Jan Feb Mar Apr May Jun Jul Aug Sep Oct Nov Dec
2010: Jan Feb Mar Apr May Jun Jul Aug Sep Oct Nov Dec
2009: Jan Feb Mar Apr May Jun Jul Aug Sep Oct Nov Dec
2008: Jan Feb Mar Apr May Jun Jul Aug Sep Oct Nov Dec
2007: Jan Feb Mar Apr May Jun Jul Aug Sep Oct Nov Dec
2006: Jan Feb Mar Apr May Jun Jul Aug Sep Oct Nov Dec
2005: Jan Feb Mar Apr May Jun Jul Aug Sep Oct Nov Dec
2004: Jan Feb Mar Apr May Jun Jul Aug Sep Oct Nov Dec
2003: Jan Feb Mar Apr May Jun Jul Aug Sep Oct Nov Dec
2002: Jan Feb Mar Apr May Jun Jul Aug Sep Oct Nov Dec
2001: Jan Feb Mar Apr May Jun Jul Aug Sep Oct Nov Dec
2000: Jan Feb Mar Apr May Jun Jul Aug Sep Oct Nov Dec
1999: Jan Feb Mar Apr May Jun Jul Aug Sep Oct Nov Dec
1998: Jan Feb Mar Apr May Jun Jul Aug Sep Oct Nov Dec
1997: Jan Feb Mar Apr May Jun Jul Aug Sep Oct Nov Dec
1996: Jan Feb Mar Apr May Jun Jul Aug Sep Oct Nov Dec
1995: Jan Feb Mar Apr May Jun Jul Aug Sep Oct Nov Dec
1994: Jan Feb Mar Apr May Jun Jul Aug Sep Oct Nov Dec
1993: Jan Feb Mar Apr May Jun Jul Aug Sep Oct Nov Dec
1992: Jan Feb Mar Apr May Jun Jul Aug Sep Oct Nov Dec
1991: Jan Feb Mar Apr May Jun Jul Aug Sep Oct Nov Dec
1990: Jan Feb Mar Apr May Jun Jul Aug Sep Oct Nov Dec
1989: Jan Feb Mar Apr May Jun Jul Aug Sep Oct Nov Dec
1988: Jan Feb Mar Apr May Jun Jul Aug Sep Oct Nov Dec
1987: Jan Feb Mar Apr May Jun Jul Aug Sep Oct Nov Dec
1986: Jan Feb Mar Apr May Jun Jul Aug Sep Oct Nov Dec

Report for 1998 October
                  MONTHLY CLIMATOLOGICAL SUMMARY FOR 10/1998
                                        HEAT  COOL        
     MEAN                               DEG   DEG       WIND SPEED       DOM MEAN  MEAN
DAY  TEMP  HIGH   TIME     LOW   TIME   DAYS  DAYS RAIN AVG  HI  TIME    DIR BAROM HUM
---------------------------------------------------------------------------------------
1    50.5  64.0  2:53pm   46.0  9:53pm   7.7  0.0  1.67  31  62  00:00    SW  29.2 82.7
2    50.4  64.9  4:53pm   44.1  5:53am   7.3  0.0  0.09   7  13  00:00     S  28.7 71.7
3      46  57.9 12:53pm   37.4  5:15am  13.0  0.0  0.02   7  13  00:00   WNW  28.9 81.1
4    43.5  54.0 11:53am   32.0 10:53pm  16.2  0.0  0.25  14  27  00:00     W  28.9 77.4
5    39.9  51.8  3:26pm   30.9  1:53am  19.1  0.0  0.00  13  24  00:00     W  28.8 51.9
6    43.7  60.1  3:53pm   33.1  6:53am  13.1  0.0  0.00   6  12  00:00   SSW  29.0 38.6
7    50.1  73.0  4:53pm   32.0  4:53am   3.4  0.0  0.00   6  12  00:00     S  29.0 42.6
8    56.9  79.0  1:53pm   42.1  4:53am   0.0  3.0  0.00   6  10  00:00     S  28.8 36.3
9    55.5  75.0  2:53pm   41.0  1:53am   0.0  0.3  0.00  10  18  00:00    SE  28.8 31.0
10   53.3  75.0  1:53pm   39.9  6:53am   0.8  0.0  0.00  10  18  00:00     S  28.6 39.7
11   50.1  69.8  3:39pm   39.0  4:53am   5.0  0.0  0.00  13  25  00:00   SSE  28.9 31.9
12   48.3  69.1  3:53pm   37.9  5:53am   6.3  0.0  0.00   6  12  00:00     S  29.0 44.4
13   54.4  77.0  2:53pm   36.0  5:53am   0.0  0.7  0.00  11  21  00:00     S  28.8 35.6
14   57.6  78.1  1:53pm   44.1  1:53am   0.0  2.9  0.00  15  29  00:00     S  28.6 39.2
15   51.2  73.9  2:53pm   37.9  7:53am   2.4  0.0  0.00  18  36  00:00     W  28.4 57.3
16   45.8  59.0  1:53pm   37.9  9:53pm  12.6  0.0  0.05  14  28  00:00   WSW  29.0 85.9
17   36.2  46.9  4:53pm   28.9 10:53pm  23.4  0.0  0.01   9  17  00:00   SSW  28.8 71.8
18     41  62.1  2:53pm   26.1  6:53am  13.4  0.0  0.00   7  14  00:00    SE  29.0 45.2
19   42.9  61.0  3:53pm   28.9  2:53am  13.0  0.0  0.00  11  21  00:00    SW  29.1 51.2
20     39  45.0  4:53pm   36.0  2:53am  23.0  0.0  0.00   5   9  00:00    NW  29.3 75.0
21   44.3  61.0  3:53pm   30.0  4:53am  12.3  0.0  0.00  10  20  00:00   SSW  29.3 61.3
22     52  70.0  1:53pm   39.0  7:53am   4.0  0.0  0.00  12  22  00:00     S  29.0 47.7
23   48.1  64.9  2:53pm   37.0  5:53am   8.5  0.0  0.01   6  13  00:00   WSW  29.0 58.2
24   47.7  64.9  3:53pm   36.0  6:53am   8.7  0.0  0.00   7  13  00:00   SSE  28.9 49.3
25   49.5  64.0  2:53pm   37.0  4:53am   8.2  0.0  0.00   6  12  00:00   SSW  28.8 47.1
26   48.9  62.1  2:53pm   42.1  5:53am   9.5  0.0  0.00   5   9  00:00     W  28.8 56.8
27   46.7  54.0 11:53am   41.0  2:53am  14.6  0.0  0.10   6  10  00:00   ESE  29.1 85.5
28   45.5  59.0  1:53pm   41.0 10:53pm  12.7  0.0  0.26  14  28  00:00     W  28.6 60.0
29   45.5  62.1  2:53pm   34.0  5:53am  11.2  0.0  0.00  10  18  00:00     S  28.7 45.0
30   39.3  44.1 12:53pm   36.0  3:53am  23.3  0.0  0.02   7  13  00:00    SW  29.4 87.9
31   35.3  39.2 12:04am   33.8  7:05pm  27.7  0.0  0.16   6  10  00:00    SE  29.4 92.0