NOAA-Style Climate Reports

Select a Year or Month report
2018: Jan Feb Mar Apr May Jun Jul Aug Sep Oct Nov Dec
2017: Jan Feb Mar Apr May Jun Jul Aug Sep Oct Nov Dec
2016: Jan Feb Mar Apr May Jun Jul Aug Sep Oct Nov Dec
2015: Jan Feb Mar Apr May Jun Jul Aug Sep Oct Nov Dec
2014: Jan Feb Mar Apr May Jun Jul Aug Sep Oct Nov Dec
2013: Jan Feb Mar Apr May Jun Jul Aug Sep Oct Nov Dec
2012: Jan Feb Mar Apr May Jun Jul Aug Sep Oct Nov Dec
2011: Jan Feb Mar Apr May Jun Jul Aug Sep Oct Nov Dec
2010: Jan Feb Mar Apr May Jun Jul Aug Sep Oct Nov Dec
2009: Jan Feb Mar Apr May Jun Jul Aug Sep Oct Nov Dec
2008: Jan Feb Mar Apr May Jun Jul Aug Sep Oct Nov Dec
2007: Jan Feb Mar Apr May Jun Jul Aug Sep Oct Nov Dec
2006: Jan Feb Mar Apr May Jun Jul Aug Sep Oct Nov Dec
2005: Jan Feb Mar Apr May Jun Jul Aug Sep Oct Nov Dec
2004: Jan Feb Mar Apr May Jun Jul Aug Sep Oct Nov Dec
2003: Jan Feb Mar Apr May Jun Jul Aug Sep Oct Nov Dec
2002: Jan Feb Mar Apr May Jun Jul Aug Sep Oct Nov Dec
2001: Jan Feb Mar Apr May Jun Jul Aug Sep Oct Nov Dec
2000: Jan Feb Mar Apr May Jun Jul Aug Sep Oct Nov Dec
1999: Jan Feb Mar Apr May Jun Jul Aug Sep Oct Nov Dec
1998: Jan Feb Mar Apr May Jun Jul Aug Sep Oct Nov Dec
1997: Jan Feb Mar Apr May Jun Jul Aug Sep Oct Nov Dec
1996: Jan Feb Mar Apr May Jun Jul Aug Sep Oct Nov Dec
1995: Jan Feb Mar Apr May Jun Jul Aug Sep Oct Nov Dec
1994: Jan Feb Mar Apr May Jun Jul Aug Sep Oct Nov Dec
1993: Jan Feb Mar Apr May Jun Jul Aug Sep Oct Nov Dec
1992: Jan Feb Mar Apr May Jun Jul Aug Sep Oct Nov Dec
1991: Jan Feb Mar Apr May Jun Jul Aug Sep Oct Nov Dec
1990: Jan Feb Mar Apr May Jun Jul Aug Sep Oct Nov Dec
1989: Jan Feb Mar Apr May Jun Jul Aug Sep Oct Nov Dec
1988: Jan Feb Mar Apr May Jun Jul Aug Sep Oct Nov Dec
1987: Jan Feb Mar Apr May Jun Jul Aug Sep Oct Nov Dec
1986: Jan Feb Mar Apr May Jun Jul Aug Sep Oct Nov Dec

Report for 1998 November
                  MONTHLY CLIMATOLOGICAL SUMMARY FOR 11/1998
                                        HEAT  COOL        
     MEAN                               DEG   DEG       WIND SPEED       DOM MEAN  MEAN
DAY  TEMP  HIGH   TIME     LOW   TIME   DAYS  DAYS RAIN AVG  HI  TIME    DIR BAROM HUM
---------------------------------------------------------------------------------------
1    34.3  39.9  3:53pm   32.0  1:53am  27.9  0.0  0.22   3   6  00:00   SSE  29.4 92.6
2    34.5  39.0 12:53am   33.1  5:53pm  28.2  0.0  0.04   5   9  00:00   ENE  29.1 91.8
3    32.8  37.0  3:53pm   32.0  7:53pm  30.1  0.0  0.22   5   8  00:00     E  29.3 92.6
4    31.6  41.0  2:53pm   28.0  9:53pm  28.7  0.0  0.00   5   9  00:00     S  29.3 84.6
5    32.6  46.0 12:53pm   23.0  5:53am  25.7  0.0  0.00   9  16  00:00     W  29.1 82.6
6      36  51.1  1:53pm   28.4  6:46am  21.4  0.0  0.00   7  13  00:00     S  29.0 77.8
7    31.1  36.0 12:53am   27.0  6:53pm  31.4  0.0  0.46   9  17  00:00     S  29.3 87.7
8      34  46.9 11:53am   27.0  4:53am  24.5  0.0  0.00   9  17  00:00    NW  28.7 76.2
9    26.2  30.9 12:53am   16.0  9:53pm  36.4  0.0  0.20  17  32  00:00    SW  29.2 90.5
10   27.1  36.0  1:53pm   19.9 12:53am  33.4  0.0  0.00  17  32  00:00     W  28.8 37.5
11   28.8  42.1  1:53pm   19.9  1:53am  29.5  0.0  0.00   5   9  00:00    SW  28.9 48.9
12   33.8  52.0  2:53pm   24.1  4:53am  22.1  0.0  0.00   6  10  00:00     S  29.0 59.2
13   43.2  63.0  1:53pm   25.0  5:53am  11.9  0.0  0.00   7  14  00:00    SW  28.9 39.1
14   47.7  63.0  1:53pm   37.9  4:53am   9.6  0.0  0.00   9  16  00:00   SSW  28.8 40.2
15   54.5  72.0 11:53am   46.0  7:53pm   1.7  0.0  0.00  14  28  00:00    SW  28.6 26.5
16   44.5  62.1 12:53pm   33.1 11:53pm  11.7  0.0  0.00   9  16  00:00   SSE  28.7 42.4
17   43.8  57.9  1:53pm   33.1  1:53am  14.1  0.0  0.00  12  22  00:00    SW  28.6 42.4
18   40.9  52.0 12:53pm   34.0  2:53am  18.5  0.0  0.00  14  28  00:00     W  28.6 37.3
19   30.8  42.1  1:53pm   24.1  8:53pm  28.5  0.0  0.00   5  10  00:00    SE  29.4 79.7
20   33.6  52.0  1:53pm   19.9  1:53am  22.2  0.0  0.00   7  13  00:00     S  29.0 36.0
21   47.2  64.9  1:53pm   33.1  1:53am   8.9  0.0  0.00   9  16  00:00   SSE  28.7 25.6
22   56.3  73.0 12:53pm   45.0  9:53pm   0.3  0.0  0.00  17  32  00:00   WSW  28.6 21.9
23   44.8  55.9  1:53pm   37.0  2:53am  14.6  0.0  0.00  17  32  00:00     S  28.9 30.8
24   51.2  68.0  1:53pm   35.1 10:53pm   5.4  0.0  0.00  18  35  00:00   WSW  28.7 19.4
25   41.6  59.0 12:53pm   33.1  1:53am  14.7  0.0  0.00   7  14  00:00     S  28.9 37.7
26   47.8  69.1  1:53pm   35.1 12:53am   6.5  0.0  0.00   7  14  00:00   SSW  28.9 36.3
27   50.5  72.0  2:53pm   37.9  5:53am   3.7  0.0  0.00   8  15  00:00    SW  28.8 31.3
28   54.3  71.1  1:53pm   46.0 11:53pm   2.3  0.0  0.00  13  27  00:00    SW  28.5 19.1
29     46  57.9  1:53pm   33.1 10:53pm  13.0  0.0  0.00  10  20  00:00     S  28.5 41.3
30   45.7  66.0  2:53pm   30.9 12:53am   9.1  0.0  0.00  12  23  00:00     S  28.9 36.8