NOAA-Style Climate Reports

Select a Year or Month report
2018: Jan Feb Mar Apr May Jun Jul Aug Sep Oct Nov Dec
2017: Jan Feb Mar Apr May Jun Jul Aug Sep Oct Nov Dec
2016: Jan Feb Mar Apr May Jun Jul Aug Sep Oct Nov Dec
2015: Jan Feb Mar Apr May Jun Jul Aug Sep Oct Nov Dec
2014: Jan Feb Mar Apr May Jun Jul Aug Sep Oct Nov Dec
2013: Jan Feb Mar Apr May Jun Jul Aug Sep Oct Nov Dec
2012: Jan Feb Mar Apr May Jun Jul Aug Sep Oct Nov Dec
2011: Jan Feb Mar Apr May Jun Jul Aug Sep Oct Nov Dec
2010: Jan Feb Mar Apr May Jun Jul Aug Sep Oct Nov Dec
2009: Jan Feb Mar Apr May Jun Jul Aug Sep Oct Nov Dec
2008: Jan Feb Mar Apr May Jun Jul Aug Sep Oct Nov Dec
2007: Jan Feb Mar Apr May Jun Jul Aug Sep Oct Nov Dec
2006: Jan Feb Mar Apr May Jun Jul Aug Sep Oct Nov Dec
2005: Jan Feb Mar Apr May Jun Jul Aug Sep Oct Nov Dec
2004: Jan Feb Mar Apr May Jun Jul Aug Sep Oct Nov Dec
2003: Jan Feb Mar Apr May Jun Jul Aug Sep Oct Nov Dec
2002: Jan Feb Mar Apr May Jun Jul Aug Sep Oct Nov Dec
2001: Jan Feb Mar Apr May Jun Jul Aug Sep Oct Nov Dec
2000: Jan Feb Mar Apr May Jun Jul Aug Sep Oct Nov Dec
1999: Jan Feb Mar Apr May Jun Jul Aug Sep Oct Nov Dec
1998: Jan Feb Mar Apr May Jun Jul Aug Sep Oct Nov Dec
1997: Jan Feb Mar Apr May Jun Jul Aug Sep Oct Nov Dec
1996: Jan Feb Mar Apr May Jun Jul Aug Sep Oct Nov Dec
1995: Jan Feb Mar Apr May Jun Jul Aug Sep Oct Nov Dec
1994: Jan Feb Mar Apr May Jun Jul Aug Sep Oct Nov Dec
1993: Jan Feb Mar Apr May Jun Jul Aug Sep Oct Nov Dec
1992: Jan Feb Mar Apr May Jun Jul Aug Sep Oct Nov Dec
1991: Jan Feb Mar Apr May Jun Jul Aug Sep Oct Nov Dec
1990: Jan Feb Mar Apr May Jun Jul Aug Sep Oct Nov Dec
1989: Jan Feb Mar Apr May Jun Jul Aug Sep Oct Nov Dec
1988: Jan Feb Mar Apr May Jun Jul Aug Sep Oct Nov Dec
1987: Jan Feb Mar Apr May Jun Jul Aug Sep Oct Nov Dec
1986: Jan Feb Mar Apr May Jun Jul Aug Sep Oct Nov Dec

Report for 1998 December
                  MONTHLY CLIMATOLOGICAL SUMMARY FOR 12/1998
                                        HEAT  COOL        
     MEAN                               DEG   DEG       WIND SPEED       DOM MEAN  MEAN
DAY  TEMP  HIGH   TIME     LOW   TIME   DAYS  DAYS RAIN AVG  HI  TIME    DIR BAROM HUM
---------------------------------------------------------------------------------------
1    52.5  71.1  1:53pm   39.9 10:53pm   3.2  0.0  0.00  16  31  00:00   WSW  28.7 23.2
2    46.8  69.1  1:53pm   36.0  2:53am   7.0  0.0  0.00  14  27  00:00   SSW  28.6 32.7
3    43.9  64.0  1:53pm   28.0  5:53am  11.0  0.0  0.00   9  17  00:00   SSE  28.6 37.6
4      47  66.9  1:53pm   30.9  3:53am   8.0  0.0  0.00  14  28  00:00   SSW  28.5 30.1
5    29.6  41.0 12:53am   18.0 11:53pm  29.7  0.0  0.03  13  25  00:00     S  28.9 63.1
6    24.2  30.2 12:16pm   15.8  1:16am  37.8  0.0  0.00   5   9  00:00    SW  29.0 75.9
7    21.2  32.0  2:53pm   14.0  6:53am  38.4  0.0  0.00   6  12  00:00    SW  28.9 57.0
8    27.2  46.0 12:53pm   12.0  6:53am  28.4  0.0  0.00   6  12  00:00   SSE  29.0 38.2
9      24  27.0  9:53am   21.0 12:53am  39.5  0.0  0.25  11  21  00:00    SW  29.7 79.4
10   18.1  30.9  1:53pm    7.0  5:53am  40.5  0.0  0.00   6  12  00:00     S  29.5 68.9
11   23.2  45.0  1:53pm   14.0 12:53am  30.9  0.0  0.00   5   9  00:00    SE  29.1 53.0
12   33.8  46.9 10:53am   23.0  3:53am  24.6  0.0  0.00  13  24  00:00    SW  29.1 47.9
13   37.3  59.0  1:53pm   21.9  5:53am  16.8  0.0  0.00   7  14  00:00     S  29.1 36.2
14     41  63.0  2:53pm   30.0 10:53pm  13.0  0.0  0.00   7  13  00:00    SW  29.0 32.8
15   33.7  53.1  1:53pm   25.0  3:53am  21.6  0.0  0.00   6  12  00:00    SW  29.1 48.5
16   32.6  50.0  2:53pm   23.0  5:53am  23.7  0.0  0.00   7  13  00:00   SSE  29.2 55.4
17   43.8  64.0  1:53pm   28.0  2:53am  11.1  0.0  0.00   8  15  00:00   SSW  28.7 30.1
18   24.2  45.0 12:53am    6.1 10:53pm  30.4  0.0  0.00  14  27  00:00     E  29.0 63.2
19    3.1   7.0 11:53am   -2.0 11:53pm  59.9  0.0  0.00   8  15  00:00     E  29.4 77.0
20   -1.5   1.4 11:26am   -2.9  1:53am  65.1  0.0  0.14   5   9  00:00     S  29.5 75.2
21   -2.6   3.0  2:53pm   -9.9  7:53pm  64.8  0.0  0.11   7  14  00:00    SW  29.3 74.1
22   -2.3   7.0  1:53pm  -11.0  3:53am  62.6  0.0  0.00   4   8  00:00     W  29.2 71.0
23   -0.7  12.9  1:53pm   -9.9  6:53am  58.9  0.0  0.00   5   8  00:00     W  29.3 67.8
24   11.4  28.9  2:53pm   -9.0  1:53am  44.8  0.0  0.00   6  10  00:00     S  29.2 56.6
25   28.5  42.1 11:53am   16.0  1:53am  29.7  0.0  0.00   9  17  00:00   SSW  29.0 46.8
26   39.2  51.1 12:53pm   30.0  3:53am  19.8  0.0  0.00  12  22  00:00   SSW  28.7 38.1
27   32.1  41.0 11:53am   24.1  4:53am  28.4  0.0  0.00  10  18  00:00     W  28.8 41.6
28   39.8  50.0  1:53pm   30.0 10:53pm  20.1  0.0  0.00  16  31  00:00   WNW  28.7 38.0
29   38.3  52.0 12:53pm   28.9  6:53am  19.8  0.0  0.00   9  17  00:00   SSW  28.8 49.6
30   42.5  55.4 11:24am   30.2  8:53pm  16.0  0.0  0.00 376 752  00:00     S  28.7 48.8
31   29.5  36.0  3:53pm   25.0  6:53am  32.2  0.0  0.00   6  12  00:00   WSW  28.4 75.3