NOAA-Style Climate Reports

Select a Year or Month report
2018: Jan Feb Mar Apr May Jun Jul Aug Sep Oct Nov Dec
2017: Jan Feb Mar Apr May Jun Jul Aug Sep Oct Nov Dec
2016: Jan Feb Mar Apr May Jun Jul Aug Sep Oct Nov Dec
2015: Jan Feb Mar Apr May Jun Jul Aug Sep Oct Nov Dec
2014: Jan Feb Mar Apr May Jun Jul Aug Sep Oct Nov Dec
2013: Jan Feb Mar Apr May Jun Jul Aug Sep Oct Nov Dec
2012: Jan Feb Mar Apr May Jun Jul Aug Sep Oct Nov Dec
2011: Jan Feb Mar Apr May Jun Jul Aug Sep Oct Nov Dec
2010: Jan Feb Mar Apr May Jun Jul Aug Sep Oct Nov Dec
2009: Jan Feb Mar Apr May Jun Jul Aug Sep Oct Nov Dec
2008: Jan Feb Mar Apr May Jun Jul Aug Sep Oct Nov Dec
2007: Jan Feb Mar Apr May Jun Jul Aug Sep Oct Nov Dec
2006: Jan Feb Mar Apr May Jun Jul Aug Sep Oct Nov Dec
2005: Jan Feb Mar Apr May Jun Jul Aug Sep Oct Nov Dec
2004: Jan Feb Mar Apr May Jun Jul Aug Sep Oct Nov Dec
2003: Jan Feb Mar Apr May Jun Jul Aug Sep Oct Nov Dec
2002: Jan Feb Mar Apr May Jun Jul Aug Sep Oct Nov Dec
2001: Jan Feb Mar Apr May Jun Jul Aug Sep Oct Nov Dec
2000: Jan Feb Mar Apr May Jun Jul Aug Sep Oct Nov Dec
1999: Jan Feb Mar Apr May Jun Jul Aug Sep Oct Nov Dec
1998: Jan Feb Mar Apr May Jun Jul Aug Sep Oct Nov Dec
1997: Jan Feb Mar Apr May Jun Jul Aug Sep Oct Nov Dec
1996: Jan Feb Mar Apr May Jun Jul Aug Sep Oct Nov Dec
1995: Jan Feb Mar Apr May Jun Jul Aug Sep Oct Nov Dec
1994: Jan Feb Mar Apr May Jun Jul Aug Sep Oct Nov Dec
1993: Jan Feb Mar Apr May Jun Jul Aug Sep Oct Nov Dec
1992: Jan Feb Mar Apr May Jun Jul Aug Sep Oct Nov Dec
1991: Jan Feb Mar Apr May Jun Jul Aug Sep Oct Nov Dec
1990: Jan Feb Mar Apr May Jun Jul Aug Sep Oct Nov Dec
1989: Jan Feb Mar Apr May Jun Jul Aug Sep Oct Nov Dec
1988: Jan Feb Mar Apr May Jun Jul Aug Sep Oct Nov Dec
1987: Jan Feb Mar Apr May Jun Jul Aug Sep Oct Nov Dec
1986: Jan Feb Mar Apr May Jun Jul Aug Sep Oct Nov Dec

Report for 1999 January
                  MONTHLY CLIMATOLOGICAL SUMMARY FOR 1/1999
                                        HEAT  COOL        
     MEAN                               DEG   DEG       WIND SPEED       DOM MEAN  MEAN
DAY  TEMP  HIGH   TIME     LOW   TIME   DAYS  DAYS RAIN AVG  HI  TIME    DIR BAROM HUM
---------------------------------------------------------------------------------------
1    27.8  37.0 12:53pm   17.1 11:53pm  32.6  0.0  0.03  12  22  00:00    SE  28.8 81.8
2    14.4  23.0 11:53am    5.0  5:53am  46.3  0.0  0.00   6  10  00:00     E  29.1 79.8
3      12  19.4  1:53pm    1.0  7:53am  49.3  0.0  0.00   6  10  00:00    SE  29.0 65.8
4    27.1  39.0  2:53pm   12.9  6:53am  31.9  0.0  0.00   6  10  00:00     W  28.9 50.5
5    38.1  46.9  1:53pm   30.9  9:53pm  22.5  0.0  0.00  15  29  00:00   WNW  28.9 42.0
6    35.6  54.0  1:53pm   24.1 11:53pm  20.2  0.0  0.00   9  16  00:00     W  29.0 58.3
7    33.1  55.9  1:53pm   21.2  1:41am  20.5  0.0  0.00   7  13  00:00   SSE  28.9 61.4
8    26.8  33.1  1:53pm   21.0  7:53pm  35.0  0.0  0.00   7  13  00:00     E  29.2 76.3
9    33.3  48.0  2:53pm   21.0 12:53am  24.3  0.0  0.00   8  15  00:00   SSW  29.0 42.9
10   37.6  50.0  1:53pm   30.0  7:53am  21.2  0.0  0.00  11  22  00:00   WNW  28.9 37.4
11     45  62.1  2:53pm   32.0  5:53am  11.4  0.0  0.00   6  10  00:00     S  28.6 33.4
12   34.4  45.0 10:53am   27.0  7:53pm  25.3  0.0  0.00   8  15  00:00     E  28.6 47.9
13   29.1  39.9 11:53am   19.9 10:53pm  30.5  0.0  0.00  10  20  00:00   ESE  29.0 69.3
14   37.6  55.0  2:53pm   21.9  3:53am  18.7  0.0  0.00   9  16  00:00   WSW  28.9 28.4
15   43.6  59.0 11:53am   34.0  5:53am  13.7  0.0  0.00  22  43  00:00    SW  28.6 21.6
16   37.1  51.1  1:53pm   26.1  9:53pm  20.9  0.0  0.00  16  30  00:00   WSW  28.5 35.4
17   30.7  37.9  2:53pm   25.0 11:53pm  30.7  0.0  0.00  22  44  00:00   WSW  28.7 36.6
18   42.7  61.0 11:53am   27.0  2:53am  13.1  0.0  0.00  17  32  00:00    SW  28.7 36.9
19   40.7  55.9  1:53pm   33.1  2:53am  16.7  0.0  0.00   9  16  00:00     S  28.6 45.5
20   40.4  54.0 12:53pm   28.0  2:53am  17.8  0.0  0.00  10  20  00:00     S  28.5 41.8
21   31.1  39.9 11:53am   26.1  3:53am  29.5  0.0  0.08  14  28  00:00    NW  28.6 71.4
22   25.6  35.1 12:53pm   19.0  9:53pm  34.6  0.0  0.00  10  18  00:00   WSW  28.9 68.8
23   37.8  54.0  1:53pm   19.9 12:53am  19.1  0.0  0.00  10  18  00:00   SSW  28.6 39.4
24   29.8  42.1  1:53am   23.0 10:53pm  29.0  0.0  0.00   8  15  00:00    SE  29.0 71.3
25   27.4  36.0  1:53pm   19.0  3:53am  33.3  0.0  0.00   6  12  00:00   WSW  29.0 71.7
26   40.6  53.1 11:53am   30.9  6:53am  18.1  0.0  0.00  20  39  00:00    SW  28.6 30.1
27   30.7  41.0 11:53am   26.6 10:12pm  29.1  0.0  0.00   8  16  00:00   SSE  29.1 54.6
28   24.5  41.0  1:53pm   17.6  6:58am  32.2  0.0  0.00   5  10  00:00   SSW  29.1 79.4
29   28.5  44.1  2:53pm   14.0  3:53am  28.7  0.0  0.00   6  10  00:00   SSE  29.1 48.6
30   31.9  41.0  3:53pm   24.1  4:53am  28.5  0.0  0.00   4   8  00:00     S  29.2 48.8
31   30.7  48.0  1:53pm   21.0  4:53am  25.6  0.0  0.00   6  10  00:00   WSW  28.8 64.8