NOAA-Style Climate Reports

Select a Year or Month report
2018: Jan Feb Mar Apr May Jun Jul Aug Sep Oct Nov Dec
2017: Jan Feb Mar Apr May Jun Jul Aug Sep Oct Nov Dec
2016: Jan Feb Mar Apr May Jun Jul Aug Sep Oct Nov Dec
2015: Jan Feb Mar Apr May Jun Jul Aug Sep Oct Nov Dec
2014: Jan Feb Mar Apr May Jun Jul Aug Sep Oct Nov Dec
2013: Jan Feb Mar Apr May Jun Jul Aug Sep Oct Nov Dec
2012: Jan Feb Mar Apr May Jun Jul Aug Sep Oct Nov Dec
2011: Jan Feb Mar Apr May Jun Jul Aug Sep Oct Nov Dec
2010: Jan Feb Mar Apr May Jun Jul Aug Sep Oct Nov Dec
2009: Jan Feb Mar Apr May Jun Jul Aug Sep Oct Nov Dec
2008: Jan Feb Mar Apr May Jun Jul Aug Sep Oct Nov Dec
2007: Jan Feb Mar Apr May Jun Jul Aug Sep Oct Nov Dec
2006: Jan Feb Mar Apr May Jun Jul Aug Sep Oct Nov Dec
2005: Jan Feb Mar Apr May Jun Jul Aug Sep Oct Nov Dec
2004: Jan Feb Mar Apr May Jun Jul Aug Sep Oct Nov Dec
2003: Jan Feb Mar Apr May Jun Jul Aug Sep Oct Nov Dec
2002: Jan Feb Mar Apr May Jun Jul Aug Sep Oct Nov Dec
2001: Jan Feb Mar Apr May Jun Jul Aug Sep Oct Nov Dec
2000: Jan Feb Mar Apr May Jun Jul Aug Sep Oct Nov Dec
1999: Jan Feb Mar Apr May Jun Jul Aug Sep Oct Nov Dec
1998: Jan Feb Mar Apr May Jun Jul Aug Sep Oct Nov Dec
1997: Jan Feb Mar Apr May Jun Jul Aug Sep Oct Nov Dec
1996: Jan Feb Mar Apr May Jun Jul Aug Sep Oct Nov Dec
1995: Jan Feb Mar Apr May Jun Jul Aug Sep Oct Nov Dec
1994: Jan Feb Mar Apr May Jun Jul Aug Sep Oct Nov Dec
1993: Jan Feb Mar Apr May Jun Jul Aug Sep Oct Nov Dec
1992: Jan Feb Mar Apr May Jun Jul Aug Sep Oct Nov Dec
1991: Jan Feb Mar Apr May Jun Jul Aug Sep Oct Nov Dec
1990: Jan Feb Mar Apr May Jun Jul Aug Sep Oct Nov Dec
1989: Jan Feb Mar Apr May Jun Jul Aug Sep Oct Nov Dec
1988: Jan Feb Mar Apr May Jun Jul Aug Sep Oct Nov Dec
1987: Jan Feb Mar Apr May Jun Jul Aug Sep Oct Nov Dec
1986: Jan Feb Mar Apr May Jun Jul Aug Sep Oct Nov Dec

Report for 1999 February
                  MONTHLY CLIMATOLOGICAL SUMMARY FOR 2/1999
                                        HEAT  COOL        
     MEAN                               DEG   DEG       WIND SPEED       DOM MEAN  MEAN
DAY  TEMP  HIGH   TIME     LOW   TIME   DAYS  DAYS RAIN AVG  HI  TIME    DIR BAROM HUM
---------------------------------------------------------------------------------------
1    32.1  42.1  1:53pm   21.0 11:53pm  27.9  0.0  0.00  10  18  00:00     S  28.8 52.0
2    37.5  53.1  2:53pm   25.0  1:53am  19.7  0.0  0.00  17  32  00:00    SW  28.6 28.1
3    40.5  52.0  1:53pm   30.0  8:53pm  18.7  0.0  0.00  21  40  00:00   WSW  28.7 27.4
4    44.6  66.0  1:53pm   21.9  5:53am   9.7  0.0  0.00  16  31  00:00    SW  28.6 29.1
5    41.5  53.1 11:53am   28.0  9:53pm  17.7  0.0  0.00  13  25  00:00     S  28.6 44.5
6      35  50.0  1:53pm   27.0  4:53am  22.5  0.0  0.00   6  12  00:00   WSW  28.7 52.0
7    45.2  64.0  2:53pm   33.1  1:53am  10.4  0.0  0.00  12  22  00:00   SSE  28.4 34.3
8    44.4  63.0  1:53pm   28.0  8:53pm  11.3  0.0  0.00  16  31  00:00     S  28.6 34.5
9    47.6  66.9  2:53pm   26.1 12:53am   7.7  0.0  0.00  16  30  00:00   SSW  28.7 28.9
10   39.7  64.0 11:53am   18.0 10:53pm  13.1  0.0  0.19  25  48  00:00     E  28.6 48.2
11   17.7  25.0  3:53pm   12.0  6:53am  43.6  0.0  0.00  15  29  00:00   WNW  29.1 46.1
12   31.1  48.9  1:53pm   17.1 12:53am  25.0  0.0  0.00   7  14  00:00   SSE  29.2 36.8
13   40.8  64.0  2:53pm   26.1  6:53am  12.6  0.0  0.00   7  13  00:00   SSE  29.1 33.3
14   46.4  64.9 12:53pm   34.0 11:53pm   9.3  0.0  0.00  14  27  00:00    SW  28.7 20.7
15   29.3  39.9  4:53am   14.0 10:53pm  30.4  0.0  0.09  10  18  00:00   SSE  29.2 71.8
16   29.9  46.0  2:53pm   16.0  2:53am  27.0  0.0  0.00   6  10  00:00     S  28.8 50.9
17   35.4  50.0 12:53pm   23.0  3:53am  22.3  0.0  0.00  20  38  00:00    SW  28.6 40.7
18   31.9  43.0  3:53pm   24.1  5:53am  27.5  0.0  0.00   9  17  00:00    SW  28.8 32.4
19   35.6  50.0 10:53am   24.1  1:53am  22.2  0.0  0.00  20  39  00:00     W  28.6 36.9
20   27.1  41.0  2:53pm   17.1  5:53am  30.9  0.0  0.00   9  17  00:00    SE  29.1 47.3
21   31.5  48.0  2:53pm   18.0  2:53am  25.2  0.0  0.00  13  25  00:00     S  28.9 51.8
22   30.6  37.9 12:53am   28.0  6:53am  30.7  0.0  0.08  23  45  00:00   WNW  28.9 48.7
23   38.6  55.0  3:53pm   28.0  5:53am  18.2  0.0  0.00  12  22  00:00    SW  28.7 26.7
24   42.9  61.0  1:53pm   25.0 12:53am  13.0  0.0  0.00  10  18  00:00    SW  28.8 31.5
25   44.5  64.0  3:53pm   28.9  5:53am  10.7  0.0  0.00  14  28  00:00   WSW  28.6 26.2
26   41.1  57.9  1:53pm   28.9  6:53am  15.5  0.0  0.00  12  23  00:00    SW  28.6 24.2
27   35.9  52.0  2:53pm   25.0  6:53am  21.0  0.0  0.00  16  31  00:00   WNW  28.9 22.8
28   44.6  62.1 12:53pm   28.0 12:53am  11.6  0.0  0.00  14  27  00:00   WSW  28.8 26.3