NOAA-Style Climate Reports

Select a Year or Month report
2018: Jan Feb Mar Apr May Jun Jul Aug Sep Oct Nov Dec
2017: Jan Feb Mar Apr May Jun Jul Aug Sep Oct Nov Dec
2016: Jan Feb Mar Apr May Jun Jul Aug Sep Oct Nov Dec
2015: Jan Feb Mar Apr May Jun Jul Aug Sep Oct Nov Dec
2014: Jan Feb Mar Apr May Jun Jul Aug Sep Oct Nov Dec
2013: Jan Feb Mar Apr May Jun Jul Aug Sep Oct Nov Dec
2012: Jan Feb Mar Apr May Jun Jul Aug Sep Oct Nov Dec
2011: Jan Feb Mar Apr May Jun Jul Aug Sep Oct Nov Dec
2010: Jan Feb Mar Apr May Jun Jul Aug Sep Oct Nov Dec
2009: Jan Feb Mar Apr May Jun Jul Aug Sep Oct Nov Dec
2008: Jan Feb Mar Apr May Jun Jul Aug Sep Oct Nov Dec
2007: Jan Feb Mar Apr May Jun Jul Aug Sep Oct Nov Dec
2006: Jan Feb Mar Apr May Jun Jul Aug Sep Oct Nov Dec
2005: Jan Feb Mar Apr May Jun Jul Aug Sep Oct Nov Dec
2004: Jan Feb Mar Apr May Jun Jul Aug Sep Oct Nov Dec
2003: Jan Feb Mar Apr May Jun Jul Aug Sep Oct Nov Dec
2002: Jan Feb Mar Apr May Jun Jul Aug Sep Oct Nov Dec
2001: Jan Feb Mar Apr May Jun Jul Aug Sep Oct Nov Dec
2000: Jan Feb Mar Apr May Jun Jul Aug Sep Oct Nov Dec
1999: Jan Feb Mar Apr May Jun Jul Aug Sep Oct Nov Dec
1998: Jan Feb Mar Apr May Jun Jul Aug Sep Oct Nov Dec
1997: Jan Feb Mar Apr May Jun Jul Aug Sep Oct Nov Dec
1996: Jan Feb Mar Apr May Jun Jul Aug Sep Oct Nov Dec
1995: Jan Feb Mar Apr May Jun Jul Aug Sep Oct Nov Dec
1994: Jan Feb Mar Apr May Jun Jul Aug Sep Oct Nov Dec
1993: Jan Feb Mar Apr May Jun Jul Aug Sep Oct Nov Dec
1992: Jan Feb Mar Apr May Jun Jul Aug Sep Oct Nov Dec
1991: Jan Feb Mar Apr May Jun Jul Aug Sep Oct Nov Dec
1990: Jan Feb Mar Apr May Jun Jul Aug Sep Oct Nov Dec
1989: Jan Feb Mar Apr May Jun Jul Aug Sep Oct Nov Dec
1988: Jan Feb Mar Apr May Jun Jul Aug Sep Oct Nov Dec
1987: Jan Feb Mar Apr May Jun Jul Aug Sep Oct Nov Dec
1986: Jan Feb Mar Apr May Jun Jul Aug Sep Oct Nov Dec

Report for 1999 March
                  MONTHLY CLIMATOLOGICAL SUMMARY FOR 3/1999
                                        HEAT  COOL        
     MEAN                               DEG   DEG       WIND SPEED       DOM MEAN  MEAN
DAY  TEMP  HIGH   TIME     LOW   TIME   DAYS  DAYS RAIN AVG  HI  TIME    DIR BAROM HUM
---------------------------------------------------------------------------------------
1    47.7  64.0  2:53pm   34.0  5:53am   9.1  0.0  0.00  17  33  00:00   WSW  28.6 26.8
2    28.8  42.1 12:53am   23.0  4:29am  29.5  0.0  0.00  12  23  00:00    SE  29.3 62.5
3    41.8  63.0  1:53pm   21.0  3:53am  12.6  0.0  0.00  10  18  00:00     S  28.6 29.3
4    36.6  48.0 12:53pm   27.0 11:53pm  22.7  0.0  0.02  12  23  00:00   ESE  28.6 55.0
5    27.2  37.9  1:53pm   19.9  4:53am  32.4  0.0  0.00   7  13  00:00    SE  29.0 69.6
6    27.4  39.9  1:53pm   19.0  4:53am  31.3  0.0  0.00  11  21  00:00    SE  29.0 58.0
7    36.6  55.9  1:53pm   19.0  4:53am  18.7  0.0  0.00  17  32  00:00   SSW  28.6 53.3
8      35  48.0  1:53pm   23.0 10:53pm  23.5  0.0  0.00  16  31  00:00   WSW  28.8 53.7
9    38.4  57.0 12:53pm   21.9  5:53am  17.3  0.0  0.00   7  14  00:00   WSW  28.6 41.6
10   37.7  54.0  1:53pm   25.0  4:53am  19.1  0.0  0.00   9  17  00:00     S  28.7 41.9
11   34.2  48.0 12:53pm   28.0  4:53am  23.9  0.0  0.00  16  30  00:00   WSW  28.8 57.2
12   25.7  28.4 12:14pm   24.8  7:40am  37.9  0.0  0.13  10  20  00:00   NNW  29.5 89.1
13   29.7  48.0  3:53pm   16.0  5:53am  26.1  0.0  0.00   5   8  00:00     S  29.2 62.5
14   45.4  64.9  1:53pm   30.0  1:53am   9.8  0.0  0.00   7  13  00:00     S  28.8 35.4
15   52.7  68.0  3:53pm   43.0 12:53am   4.6  0.0  0.00   9  17  00:00    SW  28.6 18.1
16   52.8  69.1  1:53pm   39.9 10:53pm   4.0  0.0  0.00  12  23  00:00   WSW  28.5 17.9
17   34.3  46.9  2:53pm   24.1  5:53am  24.4  0.0  0.00  11  21  00:00   ESE  28.9 44.9
18   36.6  50.0  1:53pm   30.0  1:53am  21.7  0.0  0.00  11  21  00:00     S  29.0 48.2
19     39  55.0  1:53pm   33.1  4:53am  18.0  0.0  0.00   8  15  00:00   SSW  28.8 60.2
20   46.1  63.0  1:53pm   28.9  4:53am  10.4  0.0  0.00  15  29  00:00   WSW  28.9 39.8
21   53.1  73.0  2:53pm   36.0 11:53pm   1.9  0.0  0.00  16  31  00:00   WSW  28.7 32.1
22     41  57.9  1:53pm   28.9  4:53am  15.5  0.0  0.00  13  25  00:00   SSE  28.8 55.5
23   44.5  61.0  2:53pm   33.1  1:53am  12.2  0.0  0.00   7  13  00:00     S  28.7 46.0
24   44.7  59.0  1:53pm   35.1  4:53am  13.1  0.0  0.00  12  22  00:00   SSW  28.8 54.6
25     46  64.9  1:53pm   34.0  5:53am   9.5  0.0  0.00  18  36  00:00   SSE  28.8 54.2
26   52.8  70.0 12:53pm   34.0  4:53am   3.6  0.0  0.00  13  24  00:00    SW  28.5 36.1
27   45.8  60.1 12:53pm   30.0 11:53pm  12.0  0.0  0.01  17  33  00:00     S  28.5 49.5
28   39.4  55.4  4:32pm   25.0  5:53am  17.6  0.0  0.00  10  20  00:00   SSE  28.9 47.1
29   44.6  66.0  1:53pm   19.9  5:53am   9.7  0.0  0.00  18  35  00:00   SSE  28.9 36.5
30   56.1  73.4 12:14pm   39.0  1:53am   0.2  0.0  0.00  20  38  00:00   SSW  28.5 17.1
31   54.4  70.0 12:53pm   37.9  5:53am   2.8  0.0  0.00  18  35  00:00    SW  28.2 15.8