NOAA-Style Climate Reports

Select a Year or Month report
2018: Jan Feb Mar Apr May Jun Jul Aug Sep Oct Nov Dec
2017: Jan Feb Mar Apr May Jun Jul Aug Sep Oct Nov Dec
2016: Jan Feb Mar Apr May Jun Jul Aug Sep Oct Nov Dec
2015: Jan Feb Mar Apr May Jun Jul Aug Sep Oct Nov Dec
2014: Jan Feb Mar Apr May Jun Jul Aug Sep Oct Nov Dec
2013: Jan Feb Mar Apr May Jun Jul Aug Sep Oct Nov Dec
2012: Jan Feb Mar Apr May Jun Jul Aug Sep Oct Nov Dec
2011: Jan Feb Mar Apr May Jun Jul Aug Sep Oct Nov Dec
2010: Jan Feb Mar Apr May Jun Jul Aug Sep Oct Nov Dec
2009: Jan Feb Mar Apr May Jun Jul Aug Sep Oct Nov Dec
2008: Jan Feb Mar Apr May Jun Jul Aug Sep Oct Nov Dec
2007: Jan Feb Mar Apr May Jun Jul Aug Sep Oct Nov Dec
2006: Jan Feb Mar Apr May Jun Jul Aug Sep Oct Nov Dec
2005: Jan Feb Mar Apr May Jun Jul Aug Sep Oct Nov Dec
2004: Jan Feb Mar Apr May Jun Jul Aug Sep Oct Nov Dec
2003: Jan Feb Mar Apr May Jun Jul Aug Sep Oct Nov Dec
2002: Jan Feb Mar Apr May Jun Jul Aug Sep Oct Nov Dec
2001: Jan Feb Mar Apr May Jun Jul Aug Sep Oct Nov Dec
2000: Jan Feb Mar Apr May Jun Jul Aug Sep Oct Nov Dec
1999: Jan Feb Mar Apr May Jun Jul Aug Sep Oct Nov Dec
1998: Jan Feb Mar Apr May Jun Jul Aug Sep Oct Nov Dec
1997: Jan Feb Mar Apr May Jun Jul Aug Sep Oct Nov Dec
1996: Jan Feb Mar Apr May Jun Jul Aug Sep Oct Nov Dec
1995: Jan Feb Mar Apr May Jun Jul Aug Sep Oct Nov Dec
1994: Jan Feb Mar Apr May Jun Jul Aug Sep Oct Nov Dec
1993: Jan Feb Mar Apr May Jun Jul Aug Sep Oct Nov Dec
1992: Jan Feb Mar Apr May Jun Jul Aug Sep Oct Nov Dec
1991: Jan Feb Mar Apr May Jun Jul Aug Sep Oct Nov Dec
1990: Jan Feb Mar Apr May Jun Jul Aug Sep Oct Nov Dec
1989: Jan Feb Mar Apr May Jun Jul Aug Sep Oct Nov Dec
1988: Jan Feb Mar Apr May Jun Jul Aug Sep Oct Nov Dec
1987: Jan Feb Mar Apr May Jun Jul Aug Sep Oct Nov Dec
1986: Jan Feb Mar Apr May Jun Jul Aug Sep Oct Nov Dec

Report for 1999 April
                  MONTHLY CLIMATOLOGICAL SUMMARY FOR 4/1999
                                        HEAT  COOL        
     MEAN                               DEG   DEG       WIND SPEED       DOM MEAN  MEAN
DAY  TEMP  HIGH   TIME     LOW   TIME   DAYS  DAYS RAIN AVG  HI  TIME    DIR BAROM HUM
---------------------------------------------------------------------------------------
1    32.1  44.6 12:01am   24.1 11:53pm  26.6  0.0  0.34   9  17  00:00   WSW  29.0 84.6
2      22  25.0 12:53pm   19.9  8:53pm  41.5  0.0  0.34   6  12  00:00   SSE  29.3 88.2
3    24.3  37.0  4:53pm   12.9  3:53am  34.3  0.0  0.00   6  12  00:00   WSW  28.7 73.7
4    32.7  44.1  1:53pm   24.1  1:53am  26.6  0.0  0.00  17  32  00:00     S  28.6 60.5
5    35.8  50.0  4:53pm   30.2  4:29am  22.1  0.0  0.07  10  20  00:00     W  28.8 71.2
6    45.1  66.0  3:53pm   32.0  6:53am   9.4  0.0  0.00  17  33  00:00    SW  28.6 38.1
7    52.1  69.1  2:53pm   39.0  1:53am   4.4  0.0  0.00  18  35  00:00   SSE  28.6 30.2
8    48.6  60.1  2:53pm   37.9 11:53pm  10.6  0.0  0.00  22  44  00:00     W  28.4 31.0
9    43.8  60.1  3:53pm   32.0  3:53am  13.0  0.0  0.00  20  39  00:00   SSW  28.4 40.2
10   39.7  51.1  3:53pm   30.9  9:53pm  19.6  0.0  0.00  18  36  00:00   WNW  28.6 24.2
11   39.8  57.0  1:53pm   19.9  3:53am  16.6  0.0  0.00  14  27  00:00   SSE  28.9 37.4
12   49.1  68.0  1:53pm   33.1  2:53am   6.4  0.0  0.00  12  23  00:00    SW  28.8 32.6
13   46.9  63.0 12:53pm   37.0  5:53am  10.0  0.0  0.80  13  24  00:00     W  28.9 61.7
14   33.2  44.6  3:34am   28.0 11:53pm  26.1  0.0  0.36  19  37  00:00     N  29.5 88.6
15   25.2  32.0  2:53pm   19.4  6:27am  36.4  0.0  0.20  15  29  00:00   SSW  29.6 74.9
16   25.3  32.0  2:53pm   19.9  5:53am  36.3  0.0  0.36  13  25  00:00     W  29.6 76.3
17   29.6  46.9  5:53pm   12.9  4:53am  26.7  0.0  0.00   7  13  00:00   SSW  29.1 52.8
18   49.7  64.9  2:53pm   37.0 12:53am   7.7  0.0  0.00  13  25  00:00    SW  29.0 35.9
19   54.7  70.0  2:53pm   45.0  5:53am   2.6  0.0  0.00  10  20  00:00   WSW  28.8 33.0
20   53.4  69.1  1:53pm   37.0  5:53am   3.7  0.0  0.00   7  13  00:00     S  28.6 36.7
21     45  59.0  1:53pm   39.0  5:53am  13.0  0.0  0.03  12  23  00:00   SSE  28.5 62.6
22   32.9  37.9 12:53am   30.2  6:33am  29.6  0.0  2.56   6  10  00:00   WNW  29.2 94.7
23   29.7  32.0  3:53pm   28.4 11:12am  34.1  0.0  0.20   5   8  00:00    SE  29.5 90.2
24   32.6  39.9  1:53pm   24.1  1:53am  28.7  0.0  0.00   7  13  00:00   SSW  29.4 84.1
25   37.6  46.9  2:53pm   33.1 11:53pm  22.7  0.0  0.37   9  17  00:00   SSW  29.1 87.1
26   42.2  55.9  6:53pm   30.9  2:53am  15.9  0.0  0.00   9  17  00:00   SSW  28.6 65.1
27   51.5  69.1  3:53pm   39.0 12:53am   4.7  0.0  0.00   6  12  00:00     S  28.7 52.0
28   46.2  57.9  2:53pm   39.9  1:53am  12.9  0.0  0.08  15  29  00:00   SSW  28.7 76.7
29   44.5  53.6  3:24pm   41.0  3:53am  15.9  0.0  0.54  16  31  00:00   SSE  29.2 84.9
30   40.1  45.0 10:53am   37.0 11:53pm  22.4  0.0  2.30   9  16  00:00     S  29.5 94.3