NOAA-Style Climate Reports

Select a Year or Month report
2018: Jan Feb Mar Apr May Jun Jul Aug Sep Oct Nov Dec
2017: Jan Feb Mar Apr May Jun Jul Aug Sep Oct Nov Dec
2016: Jan Feb Mar Apr May Jun Jul Aug Sep Oct Nov Dec
2015: Jan Feb Mar Apr May Jun Jul Aug Sep Oct Nov Dec
2014: Jan Feb Mar Apr May Jun Jul Aug Sep Oct Nov Dec
2013: Jan Feb Mar Apr May Jun Jul Aug Sep Oct Nov Dec
2012: Jan Feb Mar Apr May Jun Jul Aug Sep Oct Nov Dec
2011: Jan Feb Mar Apr May Jun Jul Aug Sep Oct Nov Dec
2010: Jan Feb Mar Apr May Jun Jul Aug Sep Oct Nov Dec
2009: Jan Feb Mar Apr May Jun Jul Aug Sep Oct Nov Dec
2008: Jan Feb Mar Apr May Jun Jul Aug Sep Oct Nov Dec
2007: Jan Feb Mar Apr May Jun Jul Aug Sep Oct Nov Dec
2006: Jan Feb Mar Apr May Jun Jul Aug Sep Oct Nov Dec
2005: Jan Feb Mar Apr May Jun Jul Aug Sep Oct Nov Dec
2004: Jan Feb Mar Apr May Jun Jul Aug Sep Oct Nov Dec
2003: Jan Feb Mar Apr May Jun Jul Aug Sep Oct Nov Dec
2002: Jan Feb Mar Apr May Jun Jul Aug Sep Oct Nov Dec
2001: Jan Feb Mar Apr May Jun Jul Aug Sep Oct Nov Dec
2000: Jan Feb Mar Apr May Jun Jul Aug Sep Oct Nov Dec
1999: Jan Feb Mar Apr May Jun Jul Aug Sep Oct Nov Dec
1998: Jan Feb Mar Apr May Jun Jul Aug Sep Oct Nov Dec
1997: Jan Feb Mar Apr May Jun Jul Aug Sep Oct Nov Dec
1996: Jan Feb Mar Apr May Jun Jul Aug Sep Oct Nov Dec
1995: Jan Feb Mar Apr May Jun Jul Aug Sep Oct Nov Dec
1994: Jan Feb Mar Apr May Jun Jul Aug Sep Oct Nov Dec
1993: Jan Feb Mar Apr May Jun Jul Aug Sep Oct Nov Dec
1992: Jan Feb Mar Apr May Jun Jul Aug Sep Oct Nov Dec
1991: Jan Feb Mar Apr May Jun Jul Aug Sep Oct Nov Dec
1990: Jan Feb Mar Apr May Jun Jul Aug Sep Oct Nov Dec
1989: Jan Feb Mar Apr May Jun Jul Aug Sep Oct Nov Dec
1988: Jan Feb Mar Apr May Jun Jul Aug Sep Oct Nov Dec
1987: Jan Feb Mar Apr May Jun Jul Aug Sep Oct Nov Dec
1986: Jan Feb Mar Apr May Jun Jul Aug Sep Oct Nov Dec

Report for 1999 May
                  MONTHLY CLIMATOLOGICAL SUMMARY FOR 5/1999
                                        HEAT  COOL        
     MEAN                               DEG   DEG       WIND SPEED       DOM MEAN  MEAN
DAY  TEMP  HIGH   TIME     LOW   TIME   DAYS  DAYS RAIN AVG  HI  TIME    DIR BAROM HUM
---------------------------------------------------------------------------------------
1    39.4  48.9 10:53am   35.6  3:57pm  20.8  0.0  0.38   8  15  00:00   SSE  29.1 88.5
2    43.2  60.1  2:53pm   35.1  5:53am  13.3  0.0  0.01  13  24  00:00   WSW  28.8 69.9
3    51.9  63.0  1:53pm   45.0  2:53am   7.5  0.0  0.00  17  33  00:00    SW  28.2 38.4
4    44.5  55.9  2:53pm   32.0  4:53am  14.8  0.0  0.00  16  30  00:00   WNW  28.3 38.2
5      40  51.1  1:53pm   34.0  4:53am  19.4  0.0  0.00  14  27  00:00   WNW  28.8 40.0
6    38.7  54.0  4:53pm   25.0  5:53am  18.6  0.0  0.00   7  13  00:00     S  28.8 37.7
7    50.5  70.0  4:53pm   28.9  4:53am   4.7  0.0  0.00   9  17  00:00   WSW  28.7 35.3
8    57.9  75.0  2:53pm   39.9  4:53am   0.0  1.5  0.00  16  31  00:00   SSW  28.4 30.1
9      61  77.0  4:29pm   46.0  3:53am   0.0  4.0  0.00  13  24  00:00   SSW  28.3 29.5
10   38.4  48.0 12:53am   33.8 10:17am  21.8  0.0  0.09   9  17  00:00     E  29.0 72.2
11   36.5  46.0  2:53pm   26.1  4:53am  23.7  0.0  0.00  10  18  00:00   SSE  28.8 58.0
12     48  64.9  3:53pm   28.0  5:53am   8.5  0.0  0.00  13  24  00:00   SSE  28.8 44.7
13   58.5  79.0 12:53pm   45.0 10:53pm   0.0  3.8  0.00  16  30  00:00   SSE  28.5 41.0
14   52.9  70.0  1:53pm   39.0  3:53am   3.5  0.0  0.00  15  29  00:00    SE  28.6 55.3
15   54.1  72.0  3:53pm   39.9  2:53am   1.9  0.0  0.00  14  27  00:00   SSW  28.6 51.7
16   44.9  53.1 12:53am   37.4 11:20pm  16.0  0.0  0.63  15  29  00:00    SE  29.2 83.1
17   43.2  57.9  3:53pm   33.1  5:53am  14.4  0.0  0.00   8  15  00:00     S  29.2 68.1
18   56.8  73.9  3:53pm   41.0  2:53am   0.0  0.4  0.00   9  17  00:00   SSE  28.8 40.3
19   63.1  77.0  3:53pm   45.0  3:53am   0.0  5.1  0.00  14  28  00:00     S  28.7 35.0
20   53.8  64.9  2:53pm   48.9  4:53am   5.6  0.0  0.00  17  32  00:00   SSW  29.1 67.8
21   60.6  77.0  2:53pm   48.9  4:53am   0.0  3.8  0.00  15  29  00:00     S  28.8 52.6
22   60.3  78.1 12:53pm   46.9  4:53am   0.0  4.2  0.03  18  36  00:00   SSE  28.9 57.9
23   55.4  66.0 12:53pm   51.8  5:02am   4.3  0.0  0.00   7  13  00:00   ESE  29.5 81.2
24   54.8  66.0 11:53am   48.9  5:53am   4.6  0.0  0.00  13  25  00:00    SW  29.0 72.3
25   48.1  54.0  5:53pm   45.0  8:53am  13.9  0.0  1.14  14  27  00:00     S  29.3 87.2
26   53.9  69.1  3:53pm   41.0  5:53am   3.5  0.0  0.00   6  12  00:00     S  28.8 64.6
27   51.6  62.1  1:53pm   48.2  7:02am   8.1  0.0  0.09   9  16  00:00    SW  29.3 79.3
28   55.7  72.0  3:53pm   41.0  5:53am   1.1  0.0  0.01   7  14  00:00   SSE  28.8 59.1
29   57.8  77.0 12:53pm   50.0  4:53am   0.0  2.4  0.05  10  20  00:00   SSW  28.7 60.6
30   59.7  75.0 11:53am   50.0 12:53am   0.0  2.4  0.02   6  12  00:00     S  28.7 52.2
31   53.2  71.1  1:53pm   44.1 10:53pm   2.8  0.0  0.02  14  28  00:00   WSW  29.0 73.8