NOAA-Style Climate Reports

Select a Year or Month report
2018: Jan Feb Mar Apr May Jun Jul Aug Sep Oct Nov Dec
2017: Jan Feb Mar Apr May Jun Jul Aug Sep Oct Nov Dec
2016: Jan Feb Mar Apr May Jun Jul Aug Sep Oct Nov Dec
2015: Jan Feb Mar Apr May Jun Jul Aug Sep Oct Nov Dec
2014: Jan Feb Mar Apr May Jun Jul Aug Sep Oct Nov Dec
2013: Jan Feb Mar Apr May Jun Jul Aug Sep Oct Nov Dec
2012: Jan Feb Mar Apr May Jun Jul Aug Sep Oct Nov Dec
2011: Jan Feb Mar Apr May Jun Jul Aug Sep Oct Nov Dec
2010: Jan Feb Mar Apr May Jun Jul Aug Sep Oct Nov Dec
2009: Jan Feb Mar Apr May Jun Jul Aug Sep Oct Nov Dec
2008: Jan Feb Mar Apr May Jun Jul Aug Sep Oct Nov Dec
2007: Jan Feb Mar Apr May Jun Jul Aug Sep Oct Nov Dec
2006: Jan Feb Mar Apr May Jun Jul Aug Sep Oct Nov Dec
2005: Jan Feb Mar Apr May Jun Jul Aug Sep Oct Nov Dec
2004: Jan Feb Mar Apr May Jun Jul Aug Sep Oct Nov Dec
2003: Jan Feb Mar Apr May Jun Jul Aug Sep Oct Nov Dec
2002: Jan Feb Mar Apr May Jun Jul Aug Sep Oct Nov Dec
2001: Jan Feb Mar Apr May Jun Jul Aug Sep Oct Nov Dec
2000: Jan Feb Mar Apr May Jun Jul Aug Sep Oct Nov Dec
1999: Jan Feb Mar Apr May Jun Jul Aug Sep Oct Nov Dec
1998: Jan Feb Mar Apr May Jun Jul Aug Sep Oct Nov Dec
1997: Jan Feb Mar Apr May Jun Jul Aug Sep Oct Nov Dec
1996: Jan Feb Mar Apr May Jun Jul Aug Sep Oct Nov Dec
1995: Jan Feb Mar Apr May Jun Jul Aug Sep Oct Nov Dec
1994: Jan Feb Mar Apr May Jun Jul Aug Sep Oct Nov Dec
1993: Jan Feb Mar Apr May Jun Jul Aug Sep Oct Nov Dec
1992: Jan Feb Mar Apr May Jun Jul Aug Sep Oct Nov Dec
1991: Jan Feb Mar Apr May Jun Jul Aug Sep Oct Nov Dec
1990: Jan Feb Mar Apr May Jun Jul Aug Sep Oct Nov Dec
1989: Jan Feb Mar Apr May Jun Jul Aug Sep Oct Nov Dec
1988: Jan Feb Mar Apr May Jun Jul Aug Sep Oct Nov Dec
1987: Jan Feb Mar Apr May Jun Jul Aug Sep Oct Nov Dec
1986: Jan Feb Mar Apr May Jun Jul Aug Sep Oct Nov Dec

Report for 1999 June
                  MONTHLY CLIMATOLOGICAL SUMMARY FOR 6/1999
                                        HEAT  COOL        
     MEAN                               DEG   DEG       WIND SPEED       DOM MEAN  MEAN
DAY  TEMP  HIGH   TIME     LOW   TIME   DAYS  DAYS RAIN AVG  HI  TIME    DIR BAROM HUM
---------------------------------------------------------------------------------------
1    55.7  73.0  4:53pm   39.9  5:53am   0.6  0.0  0.00   7  14  00:00    SE  28.7 51.8
2    61.1  80.1  1:53pm   45.0  3:53am   0.0  5.6  0.00  25  48  00:00     S  28.6 47.3
3    64.6  80.1  2:53pm   48.0  5:53am   0.0  7.4  0.00  14  28  00:00     W  28.6 27.8
4    62.7  82.0  1:53pm   48.0  4:53am   0.0  7.4  0.00  18  35  00:00   SSW  28.4 25.4
5    50.5  70.0 12:53pm   43.0 11:53pm   4.7  0.0  0.00  10  20  00:00   SSW  28.2 57.2
6    57.8  73.9  1:53pm   42.1  3:53am   0.0  0.9  0.00   9  17  00:00   SSW  28.7 35.1
7    65.2  84.9  3:53pm   45.0  4:53am   0.0 10.1  0.00  15  29  00:00     S  28.6 30.8
8    68.1  86.0  1:53pm   48.0  4:53am   0.0 12.1  0.00  15  29  00:00    SW  28.5 20.2
9    56.4  72.0  2:53pm   48.0  3:53am   0.8  0.0  0.58  12  22  00:00   SSE  28.8 55.8
10   53.6  68.0  1:53pm   50.0  3:53am   4.2  0.0  0.11  11  22  00:00   SSW  29.3 86.3
11   53.2  66.9 11:53am   44.1  5:53am   4.9  0.0  1.03  13  24  00:00    SE  29.3 82.9
12   52.4  66.9 12:53pm   46.0  5:53am   5.3  0.0  0.17  10  18  00:00   SSE  29.0 76.9
13   50.2  62.1  4:53pm   44.6  5:16am   8.8  0.0  0.00   6  12  00:00   SSE  29.5 85.1
14   58.1  69.1 10:53am   50.0  2:53am   1.4  0.0  0.21  13  25  00:00    SW  29.1 67.4
15   51.7  57.9  3:53pm   50.0  3:53am  10.2  0.0  0.37   5   9  00:00   SSE  29.3 84.7
16   50.2  57.0  3:53pm   48.9 10:53pm  11.4  0.0  0.03   7  13  00:00    SE  29.2 84.6
17   56.2  70.0 12:53pm   46.0  3:53am   1.9  0.0  0.01  10  20  00:00   SSW  28.8 70.7
18   61.1  75.9  2:53pm   48.0  1:53am   0.0  3.5  0.00   6  10  00:00   SSE  28.8 56.3
19   66.9  82.9  1:53pm   55.9  2:53am   0.0  9.9  0.00   9  16  00:00    SW  28.8 41.7
20   65.5  82.9  1:53pm   50.0  4:53am   0.0  9.2  0.00  13  24  00:00   SSW  28.7 48.2
21   64.3  82.0  1:53pm   54.0  1:53am   0.0  8.2  0.00  12  22  00:00   SSW  28.8 50.4
22   66.4  82.0  3:53pm   55.0 12:53am   0.0  9.2  0.00  10  18  00:00     S  28.5 41.9
23   66.3  84.2  3:53pm   51.1  4:53am   0.0 10.3  0.90  27  53  00:00   SSW  28.8 52.6
24   67.2  84.0  3:53pm   57.0  4:53am   0.0 10.6  0.00  18  36  00:00   SSE  28.6 44.7
25   70.1  86.0 11:53am   61.0  5:53am   0.0 13.1  0.00  13  25  00:00   SSE  28.5 39.4
26   68.8  82.0  2:53pm   60.1  5:53am   0.0 10.4  0.00  12  22  00:00   SSE  28.6 39.7
27   66.1  84.9  3:53pm   57.0  1:53am   0.0 10.5  0.00   9  16  00:00    SW  28.8 67.6
28   60.3  75.9  3:53pm   45.0  4:53am   0.0  3.1  0.00  16  30  00:00    SE  28.8 50.6
29   66.7  84.9  2:53pm   48.9  5:53am   0.0 10.8  0.00  11  21  00:00     S  28.6 40.4
30   65.6  82.9  3:53pm   51.1  4:53am   0.0  9.3  0.00   6  10  00:00   SSW  28.5 49.2